METEO Meyenheim

 Latitude N 47° 54' 42"    Longitude E 07° 21' 22"    Altitude 210 m

Rapports de type NOAA
Selectionner un rapport Annuel ou mensuel
V/Λ2019 > Janvier Février Mars Avril Mai Juin Juillet Août Septembre Octobre Novembre Décembre
V/Λ2018 > Janvier Février Mars Avril Mai Juin Juillet Août Septembre Octobre Novembre Décembre
V/Λ2017 > Janvier Février Mars Avril Mai Juin Juillet Août Septembre Octobre Novembre Décembre
V/Λ2016 > Janvier Février Mars Avril Mai Juin Juillet Août Septembre Octobre Novembre Décembre
V/Λ2015 > Janvier Février Mars Avril Mai Juin Juillet Août Septembre Octobre Novembre Décembre
V/Λ2014 > Janvier Février Mars Avril Mai Juin Juillet Août Septembre Octobre Novembre Décembre
V/Λ2013 > Janvier Février Mars Avril Mai Juin Juillet Août Septembre Octobre Novembre Décembre
V/Λ2012 > Janvier Février Mars Avril Mai Juin Juillet Août Septembre Octobre Novembre Décembre
V/Λ2011 > Janvier Février Mars Avril Mai Juin Juillet Août Septembre Octobre Novembre Décembre
V/Λ2010 > Janvier Février Mars Avril Mai Juin Juillet Août Septembre Octobre Novembre Décembre
V/Λ2009 > Janvier Février Mars Avril Mai Juin Juillet Août Septembre Octobre Novembre Décembre
V/Λ2008 > Janvier Février Mars Avril Mai Juin Juillet Août Septembre Octobre Novembre Décembre
V/Λ2007 > Janvier Février Mars Avril Mai Juin Juillet Août Septembre Octobre Novembre Décembre
V/Λ2006 > Janvier Février Mars Avril Mai Juin Juillet Août Septembre Octobre Novembre Décembre
V/Λ2005 > Janvier Février Mars Avril Mai Juin Juillet Août Septembre Octobre Novembre Décembre
V/Λ2004 > Janvier Février Mars Avril Mai Juin Juillet Août Septembre Octobre Novembre Décembre
V/Λ2003 > Janvier Février Mars Avril Mai Juin Juillet Août Septembre Octobre Novembre Décembre
V/Λ2002 > Janvier Février Mars Avril Mai Juin Juillet Août Septembre Octobre Novembre Décembre

Rapport pour Juin 2014
                   Monthly Climatological Summary for juin 2014

Name: IALSACEM4   City: Meyenheim   State: 
Elevation: 210 m  Lat: N 47° 54' 42"   Lon: E 007° 21' 22"

                  Temperature (°C), Rain (mm), Wind Speed (km/h)

                                      Heat  Cool        Avg
    Mean                              Deg   Deg         Wind                 Dom
Day Temp  High   Time   Low    Time   Days  Days  Rain  Speed High   Time    Dir
----------------------------------------------------------------------------------
 1  16.6  22.3   14:39  10.1   06:01   2.6   0.9   0.0   2.7  25.7   16:29   ONO
 2  16.5  22.7   13:23  10.4   03:33   2.5   0.8   0.0   2.1  28.5   14:55   NNO
 3  17.2  22.3   17:22  11.6   06:24   2.1   1.0   0.0   2.5  36.5   12:06     O
 4  14.9  19.2   12:32  11.1   04:48   3.5   0.1   2.0   6.6  46.8   17:27   SSO
 5  16.4  22.2   17:32  10.3   05:48   3.0   1.1   0.0   8.6  32.3   13:09   SSO
 6  19.3  28.9   16:24   9.0   05:23   2.8   3.8   0.0   1.9  17.3   16:03   SSE
 7  23.9  32.4   15:33  14.2   05:40   0.8   6.4   0.0   3.6  22.9   14:25   SSO
 8  25.6  33.5   16:18  16.4   05:49   0.2   7.5   0.0   5.5  40.2   13:40   SSO
 9  27.7  36.5   17:17  17.3   05:19   0.1   9.5   0.0   4.2  24.8   23:07   SSO
10  27.2  34.8   16:34  21.8   06:20   0.0   8.9   0.0   5.4  49.6   22:56    SO
11  25.6  32.4   16:36  18.2   06:19   0.0   7.3   0.0   6.6  35.6   01:05    NE
12  24.2  29.9   14:19  19.4   06:22   0.0   5.9   0.0   9.2  25.7   01:06   NNE
13  23.4  28.7   17:12  19.1   06:21   0.0   5.1   0.0   9.2  29.5   19:32   NNE
14  19.8  23.6   13:22  16.3   23:38   0.3   1.8   0.0  12.9  36.5   16:08     N
15  18.9  24.2   15:43  13.2   05:56   1.4   2.0   0.0  14.8  46.8   17:04   NNE
16  19.9  25.0   16:13  14.2   05:54   1.0   2.6   0.0  13.5  34.2   11:46   NNE
17  18.7  23.7   15:52  14.6   05:57   1.0   1.4   0.0  13.5  40.2   11:46   NNE
18  20.6  26.4   16:26  14.9   06:06   0.8   3.0   0.0  11.8  40.2   12:29     N
19  21.5  27.7   15:38  15.8   05:37   0.4   3.5   0.0   6.9  27.6   08:09   NNE
20  18.8  24.4   17:23  13.1   05:48   1.2   1.7   0.0   6.3  29.5   17:55   NNE
21  19.2  25.2   17:00  13.3   05:15   1.6   2.4   0.0   6.7  25.7   11:20   NNE
22  20.6  28.0   15:15  11.7   05:48   1.4   3.7   0.0   4.5  22.9   15:26   NNE
23  20.5  26.4   17:15  14.9   06:13   0.7   2.9   7.0   7.2  26.7   18:59   NNE
24  19.4  25.4   18:05  14.5   05:14   1.3   2.4   3.0   3.6  21.1   01:25   NNE
25  18.6  23.4   13:16  13.3   05:26   1.4   1.7   0.0   7.0  30.4   15:15   NNE
26  18.6  24.9   16:30  10.3   05:53   2.0   2.3   0.0   4.6  17.3   01:25   NNE
27  20.5  27.4   15:49  12.2   04:15   1.6   3.8   0.0   5.0  26.7   18:21   SSO
28  19.2  25.0   17:10  16.1   07:20   0.4   1.4  10.2   3.6  36.5   23:40     S
29  17.5  21.6   15:46  14.6   22:30   1.3   0.6   3.3  11.6  46.8   18:24   SSO
30  16.1  20.8   18:36  13.0   05:56   2.6   0.4   6.9   3.5  20.1   13:07   SSE
----------------------------------------------------------------------------------
    20.2  36.5     9     9.0     6    38.0  95.9  32.4   6.8  49.6    10       N

Max >=  30.0:  5
Max <=   0.0:  0
Min <= -10.0:  0
Min <= -18.0:  0
Max Rain: 10.2 on day 28
Days of Rain: 6 (>= 0.2 mm)  6 (>= 2.0 mm)  0 (>= 20.0 mm)
Heat Base: 18.3  Cool Base: 18.3  Method: Integration


Mise à jour : 18/10/2019 07:15:07
powered by Cumulus v3.0.0 (3043)