METEO Meyenheim

 Latitude N 47° 54' 42"    Longitude E 07° 21' 22"    Altitude 210 m

Rapports de type NOAA
Selectionner un rapport Annuel ou mensuel
V/Λ2019 > Janvier Février Mars Avril Mai Juin Juillet Août Septembre Octobre Novembre Décembre
V/Λ2018 > Janvier Février Mars Avril Mai Juin Juillet Août Septembre Octobre Novembre Décembre
V/Λ2017 > Janvier Février Mars Avril Mai Juin Juillet Août Septembre Octobre Novembre Décembre
V/Λ2016 > Janvier Février Mars Avril Mai Juin Juillet Août Septembre Octobre Novembre Décembre
V/Λ2015 > Janvier Février Mars Avril Mai Juin Juillet Août Septembre Octobre Novembre Décembre
V/Λ2014 > Janvier Février Mars Avril Mai Juin Juillet Août Septembre Octobre Novembre Décembre
V/Λ2013 > Janvier Février Mars Avril Mai Juin Juillet Août Septembre Octobre Novembre Décembre
V/Λ2012 > Janvier Février Mars Avril Mai Juin Juillet Août Septembre Octobre Novembre Décembre
V/Λ2011 > Janvier Février Mars Avril Mai Juin Juillet Août Septembre Octobre Novembre Décembre
V/Λ2010 > Janvier Février Mars Avril Mai Juin Juillet Août Septembre Octobre Novembre Décembre
V/Λ2009 > Janvier Février Mars Avril Mai Juin Juillet Août Septembre Octobre Novembre Décembre
V/Λ2008 > Janvier Février Mars Avril Mai Juin Juillet Août Septembre Octobre Novembre Décembre
V/Λ2007 > Janvier Février Mars Avril Mai Juin Juillet Août Septembre Octobre Novembre Décembre
V/Λ2006 > Janvier Février Mars Avril Mai Juin Juillet Août Septembre Octobre Novembre Décembre
V/Λ2005 > Janvier Février Mars Avril Mai Juin Juillet Août Septembre Octobre Novembre Décembre
V/Λ2004 > Janvier Février Mars Avril Mai Juin Juillet Août Septembre Octobre Novembre Décembre
V/Λ2003 > Janvier Février Mars Avril Mai Juin Juillet Août Septembre Octobre Novembre Décembre
V/Λ2002 > Janvier Février Mars Avril Mai Juin Juillet Août Septembre Octobre Novembre Décembre

Rapport pour Juillet 2014
                   Monthly Climatological Summary for juil. 2014

Name: IALSACEM4   City: Meyenheim   State: 
Elevation: 210 m  Lat: N 47° 54' 42"   Lon: E 007° 21' 22"

                  Temperature (°C), Rain (mm), Wind Speed (km/h)

                                      Heat  Cool        Avg
    Mean                              Deg   Deg         Wind                 Dom
Day Temp  High   Time   Low    Time   Days  Days  Rain  Speed High   Time    Dir
----------------------------------------------------------------------------------
 1  18.6  24.6   16:08  11.6   05:48   1.8   2.1   0.0   3.0  17.3   12:45   NNE
 2  19.2  23.6   17:38  15.9   07:00   0.5   1.4   0.0   6.8  23.9   16:44   SSE
 3  21.5  29.4   17:23  13.3   05:58   1.2   4.4   0.0   4.8  25.7   09:39     S
 4  20.9  28.3   14:00  14.0   05:16   1.1   3.7   2.9   5.0  37.4   22:05     N
 5  20.0  24.0   18:30  16.6   02:07   0.4   2.1   0.6  12.9  41.2   10:19   SSO
 6  22.2  29.6   18:21  17.3   06:04   0.1   4.0  21.9   6.7  58.5   19:44   SSO
 7  19.6  24.8   16:00  17.0   02:16   0.4   1.7   0.0   6.8  26.7   11:43   NNE
 8  16.2  18.8   00:00  14.6   22:34   2.1   0.0   4.2   8.9  32.3   03:33    SO
 9  14.4  16.5   12:40  12.1   22:03   3.9   0.0   1.9   5.7  32.3   23:34    SO
10  15.5  19.3   17:39  12.1   01:32   2.9   0.1   0.8   7.6  32.3   02:12   SSO
11  18.1  22.1   12:45  15.3   03:43   1.1   0.9  22.3   3.8  23.9   14:21   SSO
12  18.9  23.5   17:25  15.7   04:35   0.9   1.5   0.0   3.2  24.8   14:03    SO
13  18.9  24.1   15:28  14.6   05:28   1.0   1.6   0.8   9.1  41.2   20:01   SSO
14  19.2  24.6   15:02  15.3   23:59   0.9   1.7   7.5   8.4  34.2   13:53   SSO
15  19.4  26.0   17:30  11.8   05:44   1.9   3.0   0.0   2.4  18.3   17:26   ENE
16  21.6  28.4   16:35  14.0   05:27   1.1   4.4   0.0   2.3  16.8   13:16   NNE
17  23.2  30.4   17:25  15.2   06:16   0.6   5.5   0.0   2.5  16.8   13:39   NNE
18  24.8  33.2   15:48  15.9   06:20   0.3   6.8   0.0   2.2  19.2   13:26     S
19  24.8  33.7   16:41  15.6   05:59   0.4   6.9   0.0   2.0  22.9   16:36   SSO
20  21.1  24.4   16:14  17.0   23:43   0.0   2.8  26.9   5.1  25.7   10:25     S
21  18.5  22.9   17:15  16.2   06:51   0.7   0.8   6.1   5.0  26.7   17:42   SSO
22  19.5  22.5   19:18  18.0   09:00   0.0   1.2  31.8   2.0  16.8   10:23     O
23  22.2  27.0   17:44  17.4   06:06   0.1   4.0   0.0   8.5  32.3   12:40   NNE
24  22.1  28.1   14:36  17.1   06:40   0.1   3.9   0.0   5.8  27.6   09:12   NNE
25  19.9  26.6   14:44  14.8   06:17   1.0   2.6   3.3   2.2  31.4   19:22     O
26  18.1  20.8   14:14  15.5   04:55   1.0   0.7   1.9   0.6  13.1   13:43   SSE
27  21.0  27.0   14:51  16.0   06:18   0.5   3.2   0.0   3.0  22.9   15:30    SO
28  21.0  26.2   13:29  17.4   23:59   0.0   2.8   2.3   3.7  35.1   16:42    SO
29  17.3  18.9   18:58  16.2   05:53   1.0   0.1  10.7   2.2  15.9   17:19   SSO
30  18.6  21.3   14:47  15.9   03:30   0.6   0.9  36.1   2.7  21.1   00:25   SSO
31  20.4  25.5   17:45  14.8   05:41   0.7   2.7   0.0   3.2  18.3   12:41   NNE
----------------------------------------------------------------------------------
    19.9  33.7    19    11.6     1    28.3  77.5 182.0   4.8  58.5     6     SSO

Max >=  30.0:  3
Max <=   0.0:  0
Min <= -10.0:  0
Min <= -18.0:  0
Max Rain: 36.1 on day 30
Days of Rain: 17 (>= 0.2 mm)  12 (>= 2.0 mm)  5 (>= 20.0 mm)
Heat Base: 18.3  Cool Base: 18.3  Method: Integration


Mise à jour : 14/12/2019 18:48:29
powered by Cumulus v3.0.0 (3043)