METEO Meyenheim

 Latitude N 47° 54' 42"    Longitude E 07° 21' 22"    Altitude 210 m

Rapports de type NOAA
Selectionner un rapport Annuel ou mensuel
V/Λ2019 > Janvier Février Mars Avril Mai Juin Juillet Août Septembre Octobre Novembre Décembre
V/Λ2018 > Janvier Février Mars Avril Mai Juin Juillet Août Septembre Octobre Novembre Décembre
V/Λ2017 > Janvier Février Mars Avril Mai Juin Juillet Août Septembre Octobre Novembre Décembre
V/Λ2016 > Janvier Février Mars Avril Mai Juin Juillet Août Septembre Octobre Novembre Décembre
V/Λ2015 > Janvier Février Mars Avril Mai Juin Juillet Août Septembre Octobre Novembre Décembre
V/Λ2014 > Janvier Février Mars Avril Mai Juin Juillet Août Septembre Octobre Novembre Décembre
V/Λ2013 > Janvier Février Mars Avril Mai Juin Juillet Août Septembre Octobre Novembre Décembre
V/Λ2012 > Janvier Février Mars Avril Mai Juin Juillet Août Septembre Octobre Novembre Décembre
V/Λ2011 > Janvier Février Mars Avril Mai Juin Juillet Août Septembre Octobre Novembre Décembre
V/Λ2010 > Janvier Février Mars Avril Mai Juin Juillet Août Septembre Octobre Novembre Décembre
V/Λ2009 > Janvier Février Mars Avril Mai Juin Juillet Août Septembre Octobre Novembre Décembre
V/Λ2008 > Janvier Février Mars Avril Mai Juin Juillet Août Septembre Octobre Novembre Décembre
V/Λ2007 > Janvier Février Mars Avril Mai Juin Juillet Août Septembre Octobre Novembre Décembre
V/Λ2006 > Janvier Février Mars Avril Mai Juin Juillet Août Septembre Octobre Novembre Décembre
V/Λ2005 > Janvier Février Mars Avril Mai Juin Juillet Août Septembre Octobre Novembre Décembre
V/Λ2004 > Janvier Février Mars Avril Mai Juin Juillet Août Septembre Octobre Novembre Décembre
V/Λ2003 > Janvier Février Mars Avril Mai Juin Juillet Août Septembre Octobre Novembre Décembre
V/Λ2002 > Janvier Février Mars Avril Mai Juin Juillet Août Septembre Octobre Novembre Décembre

Rapport pour Août 2014
                   Monthly Climatological Summary for août 2014

Name: IALSACEM4   City: Meyenheim   State: 
Elevation: 210 m  Lat: N 47° 54' 42"   Lon: E 007° 21' 22"

                  Temperature (°C), Rain (mm), Wind Speed (km/h)

                                      Heat  Cool        Avg
    Mean                              Deg   Deg         Wind                 Dom
Day Temp  High   Time   Low    Time   Days  Days  Rain  Speed High   Time    Dir
----------------------------------------------------------------------------------
 1  21.2  27.3   16:57  15.1   06:13   0.7   3.6   0.0   1.3  15.9   15:26   ENE
 2  21.4  27.1   15:38  17.7   02:33   0.0   3.1   0.0   6.1  27.6   16:13   SSO
 3  20.0  23.8   12:34  17.0   23:54   0.1   1.9   0.2   4.7  25.7   21:46   SSO
 4  19.7  26.5   13:47  14.6   06:04   1.0   2.3   0.0   4.4  22.9   15:06   OSO
 5  19.3  23.5   13:53  15.3   05:31   0.8   1.8   0.0   2.1  22.0   15:44   NNE
 6  18.7  24.4   14:13  12.9   06:29   1.5   2.0   0.2   0.5  13.1   13:26     S
 7  19.5  25.1   13:53  17.1   03:00   0.3   1.5  14.0   3.1  26.7   16:00   SSO
 8  21.5  28.4   16:48  15.4   06:17   0.7   3.9   0.0   3.6  22.0   14:02     S
 9  21.9  26.5   17:27  18.5   04:07   0.0   3.6   4.4   8.9  35.6   03:06   SSO
10  22.2  28.3   17:39  17.6   06:13   0.1   3.6  14.9   8.7  55.7   19:35   SSO
11  19.0  22.3   15:00  17.0   09:17   0.4   1.0   0.0   9.4  35.6   14:19   SSO
12  18.9  23.6   17:17  14.8   06:33   1.1   1.7   0.0   7.2  31.4   12:30   SSO
13  15.5  19.8   14:24  13.8   23:38   2.8   0.0  10.9   9.3  58.5   16:58   SSO
14  16.1  20.3   14:32  12.7   06:12   2.4   0.2   0.9  10.9  36.5   15:25   SSO
15  15.7  19.3   12:22  13.6   05:56   2.6   0.0   2.6  10.7  31.4   09:32   SSO
16  16.6  22.0   17:32  12.9   06:49   2.4   0.7   0.0   3.9  21.1   03:30    SO
17  16.9  22.0   16:40  10.9   05:51   2.6   1.2   0.0  10.4  37.4   13:20   SSO
18  17.4  21.6   14:23  14.5   04:30   1.5   0.6   0.0  11.5  51.5   13:43    SO
19  17.6  22.9   16:21  13.3   23:50   1.9   1.2   0.0   6.3  35.6   14:45   OSO
20  15.4  19.9   12:53  12.3   03:02   3.1   0.1   0.0   3.2  21.1   17:33   NNE
21  15.6  21.4   16:41   9.3   07:03   3.2   0.5   0.0   1.9  19.2   16:02     N
22  16.2  22.5   14:40  10.6   05:37   3.2   1.2   0.0   6.0  32.3   14:39    SO
23  15.5  19.6   14:16  12.4   01:39   2.9   0.1   0.2   7.3  31.4   16:36    SO
24  14.9  21.0   16:21   9.1   07:18   3.7   0.4   1.3   6.0  28.5   11:49    SO
25  14.5  19.3   13:46   9.4   01:38   3.9   0.1   0.0   5.5  26.7   14:41     S
26  17.6  23.4   15:12  13.7   01:35   1.6   0.9   5.7  15.4  50.5   06:16   SSO
27  17.9  21.4   14:35  15.2   06:42   1.2   0.8   0.6   6.2  22.9   12:59   SSO
28  19.3  25.7   15:53  13.5   07:02   1.5   2.5   0.0   4.1  22.0   17:49   SSO
29  18.8  21.5   14:50  17.0   07:21   0.4   0.9   5.2   2.7  19.2   19:55   SSO
30  19.0  24.5   16:09  13.8   07:08   1.1   1.8   0.0   1.3  16.8   11:07   SSO
31  15.6  17.2   10:32  13.8   23:53   2.7   0.0   3.1   2.0  18.3   10:15   SSO
----------------------------------------------------------------------------------
    18.0  28.4     8     9.1    24    51.4  43.2  64.2   5.9  58.5    13     SSO

Max >=  30.0:  0
Max <=   0.0:  0
Min <= -10.0:  0
Min <= -18.0:  0
Max Rain: 14.9 on day 10
Days of Rain: 14 (>= 0.2 mm)  8 (>= 2.0 mm)  0 (>= 20.0 mm)
Heat Base: 18.3  Cool Base: 18.3  Method: Integration


Mise à jour : 21/08/2019 06:37:18
powered by Cumulus v3.0.0 (3043)