METEO Meyenheim

 Latitude N 47° 54' 42"    Longitude E 07° 21' 22"    Altitude 210 m

Rapports de type NOAA
Selectionner un rapport Annuel ou mensuel
V/Λ2019 > Janvier Février Mars Avril Mai Juin Juillet Août Septembre Octobre Novembre Décembre
V/Λ2018 > Janvier Février Mars Avril Mai Juin Juillet Août Septembre Octobre Novembre Décembre
V/Λ2017 > Janvier Février Mars Avril Mai Juin Juillet Août Septembre Octobre Novembre Décembre
V/Λ2016 > Janvier Février Mars Avril Mai Juin Juillet Août Septembre Octobre Novembre Décembre
V/Λ2015 > Janvier Février Mars Avril Mai Juin Juillet Août Septembre Octobre Novembre Décembre
V/Λ2014 > Janvier Février Mars Avril Mai Juin Juillet Août Septembre Octobre Novembre Décembre
V/Λ2013 > Janvier Février Mars Avril Mai Juin Juillet Août Septembre Octobre Novembre Décembre
V/Λ2012 > Janvier Février Mars Avril Mai Juin Juillet Août Septembre Octobre Novembre Décembre
V/Λ2011 > Janvier Février Mars Avril Mai Juin Juillet Août Septembre Octobre Novembre Décembre
V/Λ2010 > Janvier Février Mars Avril Mai Juin Juillet Août Septembre Octobre Novembre Décembre
V/Λ2009 > Janvier Février Mars Avril Mai Juin Juillet Août Septembre Octobre Novembre Décembre
V/Λ2008 > Janvier Février Mars Avril Mai Juin Juillet Août Septembre Octobre Novembre Décembre
V/Λ2007 > Janvier Février Mars Avril Mai Juin Juillet Août Septembre Octobre Novembre Décembre
V/Λ2006 > Janvier Février Mars Avril Mai Juin Juillet Août Septembre Octobre Novembre Décembre
V/Λ2005 > Janvier Février Mars Avril Mai Juin Juillet Août Septembre Octobre Novembre Décembre
V/Λ2004 > Janvier Février Mars Avril Mai Juin Juillet Août Septembre Octobre Novembre Décembre
V/Λ2003 > Janvier Février Mars Avril Mai Juin Juillet Août Septembre Octobre Novembre Décembre
V/Λ2002 > Janvier Février Mars Avril Mai Juin Juillet Août Septembre Octobre Novembre Décembre

Rapport pour Septembre 2014
                   Monthly Climatological Summary for sept. 2014

Name: IALSACEM4   City: Meyenheim   State: 
Elevation: 210 m  Lat: N 47° 54' 42"   Lon: E 007° 21' 22"

                  Temperature (°C), Rain (mm), Wind Speed (km/h)

                                      Heat  Cool        Avg
    Mean                              Deg   Deg         Wind                 Dom
Day Temp  High   Time   Low    Time   Days  Days  Rain  Speed High   Time    Dir
----------------------------------------------------------------------------------
 1  15.4  19.7   13:56  11.9   23:56   3.1   0.2   0.6   3.9  22.0   13:43   NNE
 2  15.8  22.1   16:02  10.0   07:07   3.3   0.8   0.0   4.8  27.6   13:19   NNE
 3  16.0  19.3   12:30  13.2   06:26   2.4   0.1   0.0  11.9  35.6   12:22     N
 4  18.3  23.0   16:25  15.4   06:30   1.3   1.3   0.0   4.1  17.3   00:23   NNE
 5  18.7  26.3   15:56  12.5   07:26   1.9   2.4   0.0   2.3  17.3   13:36    SE
 6  19.9  27.7   15:31  13.6   06:47   1.4   3.0   0.0   2.1  19.2   19:04     O
 7  20.4  26.3   16:57  15.4   07:24   0.6   2.8   0.0   1.9  15.9   11:29   NNE
 8  20.1  26.5   16:15  14.1   06:52   1.1   2.9   0.0   1.9  15.0   11:07   NNE
 9  19.9  24.8   14:48  15.2   06:43   0.5   2.1   0.0   4.1  18.3   13:42   NNE
10  17.7  22.6   15:37  13.9   08:16   1.5   0.9   0.0   9.0  26.7   15:45   NNE
11  15.4  20.7   15:27  11.2   07:08   3.3   0.4   0.4   8.0  30.4   15:22   NNE
12  13.3  15.8   13:25  11.0   06:56   5.0   0.0   2.2   4.1  22.0   08:11   NNE
13  16.5  21.0   15:15  13.3   00:03   2.2   0.5   2.6   6.9  28.5   14:56     N
14  17.7  22.4   15:52  15.0   06:17   1.5   0.9   0.0   9.7  26.7   10:07     N
15  17.5  23.4   15:48  13.0   04:53   1.9   1.2   0.0   2.3  15.0   13:01   NNE
16  18.3  25.2   15:22  12.5   06:56   2.0   2.0   0.0   1.7  18.3   18:38   ENE
17  18.5  25.0   15:35  12.4   07:12   1.8   2.0   0.0   1.5  15.0   16:27   NNE
18  19.3  23.6   16:58  16.6   08:00   0.5   1.5   0.2   0.2  11.2   10:47    SO
19  19.1  24.1   13:23  15.9   07:00   0.7   1.6   2.8   6.1  32.3   14:57   SSO
20  19.7  26.4   15:44  16.0   08:00   0.7   2.2   2.2   5.2  26.7   17:41     S
21  17.4  22.2   12:47  14.4   23:50   1.3   0.4  12.0   4.4  27.6   11:59   SSO
22  13.6  18.0   15:19   9.6   23:45   4.7   0.0   0.6   3.4  32.3   19:58     N
23  11.4  18.0   16:09   5.5   07:25   6.9   0.0   0.2   5.4  30.4   14:45     N
24  12.2  19.8   15:18   6.1   07:10   6.2   0.1   0.6   3.3  22.9   13:21   SSO
25  13.9  18.4   14:24   9.6   23:57   4.4   0.0   0.2   3.6  24.8   03:59     S
26  12.8  19.8   15:20   6.5   07:14   5.7   0.2   0.0   1.2  15.0   15:25   ESE
27  14.5  21.9   16:42   7.8   07:42   4.6   0.8   0.0   1.6  17.3   15:55   NNE
28  16.5  24.6   16:26   9.8   07:06   3.3   1.5   0.0   1.5  17.3   09:55     S
29  18.0  25.3   14:35  12.4   07:25   2.1   1.7   0.0   3.4  18.3   13:25   SSO
30  17.6  21.2   15:01  15.6   07:51   1.1   0.4   0.4   0.4  12.2   00:51   OSO
----------------------------------------------------------------------------------
    16.8  27.7     6     5.5    23    77.0  33.9  25.0   4.0  35.6     3     NNE

Max >=  30.0:  0
Max <=   0.0:  0
Min <= -10.0:  0
Min <= -18.0:  0
Max Rain: 12.0 on day 21
Days of Rain: 13 (>= 0.2 mm)  5 (>= 2.0 mm)  0 (>= 20.0 mm)
Heat Base: 18.3  Cool Base: 18.3  Method: Integration


Mise à jour : 08/12/2019 19:06:48
powered by Cumulus v3.0.0 (3043)