METEO Meyenheim

 Latitude N 47° 54' 42"    Longitude E 07° 21' 22"    Altitude 210 m

Rapports de type NOAA
Selectionner un rapport Annuel ou mensuel
V/Λ2019 > Janvier Février Mars Avril Mai Juin Juillet Août Septembre Octobre Novembre Décembre
V/Λ2018 > Janvier Février Mars Avril Mai Juin Juillet Août Septembre Octobre Novembre Décembre
V/Λ2017 > Janvier Février Mars Avril Mai Juin Juillet Août Septembre Octobre Novembre Décembre
V/Λ2016 > Janvier Février Mars Avril Mai Juin Juillet Août Septembre Octobre Novembre Décembre
V/Λ2015 > Janvier Février Mars Avril Mai Juin Juillet Août Septembre Octobre Novembre Décembre
V/Λ2014 > Janvier Février Mars Avril Mai Juin Juillet Août Septembre Octobre Novembre Décembre
V/Λ2013 > Janvier Février Mars Avril Mai Juin Juillet Août Septembre Octobre Novembre Décembre
V/Λ2012 > Janvier Février Mars Avril Mai Juin Juillet Août Septembre Octobre Novembre Décembre
V/Λ2011 > Janvier Février Mars Avril Mai Juin Juillet Août Septembre Octobre Novembre Décembre
V/Λ2010 > Janvier Février Mars Avril Mai Juin Juillet Août Septembre Octobre Novembre Décembre
V/Λ2009 > Janvier Février Mars Avril Mai Juin Juillet Août Septembre Octobre Novembre Décembre
V/Λ2008 > Janvier Février Mars Avril Mai Juin Juillet Août Septembre Octobre Novembre Décembre
V/Λ2007 > Janvier Février Mars Avril Mai Juin Juillet Août Septembre Octobre Novembre Décembre
V/Λ2006 > Janvier Février Mars Avril Mai Juin Juillet Août Septembre Octobre Novembre Décembre
V/Λ2005 > Janvier Février Mars Avril Mai Juin Juillet Août Septembre Octobre Novembre Décembre
V/Λ2004 > Janvier Février Mars Avril Mai Juin Juillet Août Septembre Octobre Novembre Décembre
V/Λ2003 > Janvier Février Mars Avril Mai Juin Juillet Août Septembre Octobre Novembre Décembre
V/Λ2002 > Janvier Février Mars Avril Mai Juin Juillet Août Septembre Octobre Novembre Décembre

Rapport pour Novembre 2014
                   Monthly Climatological Summary for nov. 2014

Name: IALSACEM4   City: Meyenheim   State: 
Elevation: 210 m  Lat: N 47° 54' 42"   Lon: E 007° 21' 22"

                  Temperature (°C), Rain (mm), Wind Speed (km/h)

                                      Heat  Cool        Avg
    Mean                              Deg   Deg         Wind                 Dom
Day Temp  High   Time   Low    Time   Days  Days  Rain  Speed High   Time    Dir
----------------------------------------------------------------------------------
 1  11.5  19.5   14:58   6.1   07:09   6.9   0.1   0.0   2.0  18.3   11:15   SSO
 2  12.4  19.5   14:05   6.3   07:51   6.0   0.1   0.2   5.8  25.7   15:30   SSE
 3  12.0  15.2   12:05   9.3   06:28   6.3   0.0   0.6   6.8  27.6   04:02   SSE
 4  11.0  13.5   14:07   9.3   07:50   7.3   0.0  10.5   0.9  17.3   17:45   NNO
 5   7.6   9.7   00:00   6.4   20:12  10.7   0.0  19.9   4.0  21.1   16:12   SSE
 6   6.5   9.4   15:27   3.4   22:28  11.8   0.0   0.0   4.5  25.7   13:04   SSO
 7   6.7  12.1   13:53   0.1   07:51  11.6   0.0   0.4   7.6  33.2   15:33   SSO
 8   9.0  15.5   13:14   5.1   07:21   9.3   0.0   0.0   3.7  22.0   04:32   SSE
 9   7.6  11.8   14:52   3.7   04:47  10.7   0.0   1.3   1.1  15.0   03:22     S
10   8.8  10.7   15:28   6.6   23:19   9.5   0.0   1.7   2.2  17.3   10:36   SSE
11   7.6   8.4   17:10   6.7   03:13  10.7   0.0   0.4   0.5  15.0   16:24   NNE
12   8.5   9.7   12:54   7.3   04:09   9.8   0.0   7.9   0.2  12.2   00:54    SO
13   9.4  11.4   14:02   7.3   05:08   8.9   0.0   0.6   1.0  15.9   15:39   NNE
14   9.5  14.0   14:39   6.7   07:45   8.8   0.0   0.0   0.5  12.2   12:10    SE
15  10.0  13.2   13:18   7.8   02:49   8.3   0.0  14.4   3.8  26.7   07:24   SSE
16   9.2  12.2   12:26   7.3   22:55   9.1   0.0   5.5   3.9  21.1   07:57   SSE
17   8.9  11.2   13:40   7.3   00:00   9.4   0.0   4.4   0.3  12.2   02:05     S
18   8.2  11.6   13:51   5.6   07:43  10.1   0.0   0.0   1.3  18.3   14:28    SO
19   7.6  13.0   14:02   2.6   23:43  10.7   0.0   0.0   0.2  13.1   07:17     S
20   4.4   5.7   22:30   1.8   02:04  13.9   0.0   0.2   0.9  13.1   16:39   NNE
21   6.8   9.3   14:26   5.0   23:58  11.5   0.0   0.2   0.1  11.2   10:55   ESE
22   6.1  11.0   13:44   2.9   08:31  12.2   0.0   0.4   0.3  10.3   14:27   NNE
23   5.9  11.5   14:46   2.1   07:50  12.4   0.0   0.0   0.1  11.2   12:04    NE
24   9.6  15.1   13:58   6.4   00:00   8.7   0.0   0.0   4.6  25.7   14:54   NNE
25   8.3   9.5   13:50   7.7   23:34  10.0   0.0   0.0   4.7  21.1   01:20   NNE
26   8.2  11.1   13:00   6.6   06:53  10.1   0.0   0.4   1.0  13.1   15:35   NNE
27   7.4   9.1   14:13   6.3   03:51  10.9   0.0   0.0   0.8  14.0   00:20   NNE
28   6.2   7.8   00:00   4.1   23:16  12.1   0.0   0.2   5.7  22.9   13:29   NNE
29   3.8   4.1   00:00   3.4   06:05  14.5   0.0   0.0   5.1  22.0   11:52   NNE
30   3.3   4.1   14:11   2.7   23:09  15.0   0.0   0.0   2.1  15.9   19:00     N
----------------------------------------------------------------------------------
     8.1  19.5     1     0.1     7   307.2   0.2  69.2   2.5  33.2     7     SSE

Max >=  30.0:  0
Max <=   0.0:  0
Min <= -10.0:  0
Min <= -18.0:  0
Max Rain: 19.9 on day 5
Days of Rain: 18 (>= 0.2 mm)  6 (>= 2.0 mm)  0 (>= 20.0 mm)
Heat Base: 18.3  Cool Base: 18.3  Method: Integration


Mise à jour : 18/10/2019 05:31:06
powered by Cumulus v3.0.0 (3043)