METEO Meyenheim

 Latitude N 47° 54' 42"    Longitude E 07° 21' 22"    Altitude 210 m

Rapports de type NOAA
Selectionner un rapport Annuel ou mensuel
V/Λ2019 > Janvier Février Mars Avril Mai Juin Juillet Août Septembre Octobre Novembre Décembre
V/Λ2018 > Janvier Février Mars Avril Mai Juin Juillet Août Septembre Octobre Novembre Décembre
V/Λ2017 > Janvier Février Mars Avril Mai Juin Juillet Août Septembre Octobre Novembre Décembre
V/Λ2016 > Janvier Février Mars Avril Mai Juin Juillet Août Septembre Octobre Novembre Décembre
V/Λ2015 > Janvier Février Mars Avril Mai Juin Juillet Août Septembre Octobre Novembre Décembre
V/Λ2014 > Janvier Février Mars Avril Mai Juin Juillet Août Septembre Octobre Novembre Décembre
V/Λ2013 > Janvier Février Mars Avril Mai Juin Juillet Août Septembre Octobre Novembre Décembre
V/Λ2012 > Janvier Février Mars Avril Mai Juin Juillet Août Septembre Octobre Novembre Décembre
V/Λ2011 > Janvier Février Mars Avril Mai Juin Juillet Août Septembre Octobre Novembre Décembre
V/Λ2010 > Janvier Février Mars Avril Mai Juin Juillet Août Septembre Octobre Novembre Décembre
V/Λ2009 > Janvier Février Mars Avril Mai Juin Juillet Août Septembre Octobre Novembre Décembre
V/Λ2008 > Janvier Février Mars Avril Mai Juin Juillet Août Septembre Octobre Novembre Décembre
V/Λ2007 > Janvier Février Mars Avril Mai Juin Juillet Août Septembre Octobre Novembre Décembre
V/Λ2006 > Janvier Février Mars Avril Mai Juin Juillet Août Septembre Octobre Novembre Décembre
V/Λ2005 > Janvier Février Mars Avril Mai Juin Juillet Août Septembre Octobre Novembre Décembre
V/Λ2004 > Janvier Février Mars Avril Mai Juin Juillet Août Septembre Octobre Novembre Décembre
V/Λ2003 > Janvier Février Mars Avril Mai Juin Juillet Août Septembre Octobre Novembre Décembre
V/Λ2002 > Janvier Février Mars Avril Mai Juin Juillet Août Septembre Octobre Novembre Décembre

Rapport pour Décembre 2014
                   Monthly Climatological Summary for déc. 2014

Name: IALSACEM4   City: Meyenheim   State: 
Elevation: 210 m  Lat: N 47° 54' 42"   Lon: E 007° 21' 22"

                  Temperature (°C), Rain (mm), Wind Speed (km/h)

                                      Heat  Cool        Avg
    Mean                              Deg   Deg         Wind                 Dom
Day Temp  High   Time   Low    Time   Days  Days  Rain  Speed High   Time    Dir
----------------------------------------------------------------------------------
 1   3.5   4.3   13:45   2.5   01:28  14.8   0.0   0.9   7.8  30.4   10:59     N
 2   3.2   3.8   00:00   2.5   21:00  15.1   0.0   0.7   4.2  20.1   22:49     N
 3   2.4   3.0   12:57   2.0   06:51  15.9   0.0   0.2   8.3  26.7   13:15   NNE
 4   3.9   5.6   13:11   2.4   00:00  14.4   0.0   0.0   1.8  13.1   01:47     N
 5   4.5   4.9   11:33   4.2   06:11  13.8   0.0   0.6   0.6  13.1   23:39   NNE
 6   4.0   4.4   00:00   3.1   09:14  14.3   0.0   1.1   8.0  26.7   13:50     N
 7   4.1   5.1   12:53   2.4   19:48  14.2   0.0   0.0   4.4  30.4   23:59     N
 8   3.7   5.8   14:03   1.1   21:02  14.6   0.0   0.4   6.4  30.4   01:30   SSO
 9   2.2   4.2   14:15  -1.0   22:48  16.1   0.0   0.7   0.4  12.2   10:21   OSO
10   2.2   5.2   23:08  -1.8   03:51  16.1   0.0   0.2  13.1  46.8   14:02     S
11   6.3   7.9   12:54   4.9   02:41  12.0   0.0   1.7  16.9  52.4   15:49   SSO
12   8.2  10.3   13:57   6.1   03:29  10.1   0.0   0.2  20.2  56.6   12:35   SSO
13   8.8  11.3   12:53   5.5   08:29   9.5   0.0   0.4  11.1  27.6   06:09   SSE
14   9.8  12.7   13:22   8.4   22:30   8.4   0.0   0.2   6.1  26.7   07:13     S
15   8.7  11.0   12:11   3.6   23:52   9.6   0.0   0.7   6.8  26.7   00:33     S
16   5.6   8.8   12:31   2.0   01:07  12.7   0.0   0.6   0.4  15.9   07:38    SO
17   5.6   8.1   23:59   3.2   06:39  12.7   0.0   0.2  11.3  47.7   13:24     S
18  10.8  13.4   14:22   8.0   00:23   7.5   0.0   0.2  13.8  38.4   15:01     S
19  11.0  11.8   07:26  10.0   23:56   7.3   0.0   0.2  20.0  68.8   13:34   SSO
20   6.5  10.0   00:00   2.0   08:23  11.8   0.0   0.2   8.8  42.1   20:19    SO
21   5.6   9.8   12:57   3.0   05:29  12.7   0.0   0.0   6.6  25.7   05:52   SSO
22   6.3   9.1   13:07   3.7   03:48  12.0   0.0   0.0  14.3  48.7   13:50   SSO
23   4.7  12.4   14:40   0.6   08:28  13.6   0.0   0.0   4.0  26.7   01:46   SSE
24   6.2  10.6   14:42   2.0   06:24  12.1   0.0   0.0  13.7  49.6   23:53     S
25   6.3   8.9   13:33   2.2   23:38  12.0   0.0   1.3   5.5  45.9   00:31   SSO
26   2.8   7.9   13:31  -0.6   22:55  15.5   0.0   0.2   0.9  17.3   00:14    SO
27   1.7   4.0   13:15  -0.3   00:00  16.6   0.0  17.3  13.9  41.2   14:05     S
28  -1.9   1.3   00:46  -5.5   23:45  20.2   0.0   0.2  14.7  51.5   09:42     N
29  -5.1  -2.5   14:34  -9.5   07:18  23.4   0.0   0.0   4.9  25.7   10:44   SSE
30  -1.2   1.0   14:28  -3.1   05:54  19.5   0.0   0.0   1.0  16.8   13:40   SSE
31   0.0   2.2   13:58  -1.5   23:55  17.8   0.0   1.1   0.1  10.3   14:47   ENE
----------------------------------------------------------------------------------
     4.5  13.4    18    -9.5    29   426.3   0.0  29.5   8.1  68.8    19     SSO

Max >=  30.0:  0
Max <=   0.0:  1
Min <= -10.0:  0
Min <= -18.0:  0
Max Rain: 17.3 on day 27
Days of Rain: 23 (>= 0.2 mm)  1 (>= 2.0 mm)  0 (>= 20.0 mm)
Heat Base: 18.3  Cool Base: 18.3  Method: Integration


Mise à jour : 18/10/2019 05:32:06
powered by Cumulus v3.0.0 (3043)