METEO Meyenheim

 Latitude N 47° 54' 42"    Longitude E 07° 21' 22"    Altitude 210 m

Rapports de type NOAA
Selectionner un rapport Annuel ou mensuel
V/Λ2019 > Janvier Février Mars Avril Mai Juin Juillet Août Septembre Octobre Novembre Décembre
V/Λ2018 > Janvier Février Mars Avril Mai Juin Juillet Août Septembre Octobre Novembre Décembre
V/Λ2017 > Janvier Février Mars Avril Mai Juin Juillet Août Septembre Octobre Novembre Décembre
V/Λ2016 > Janvier Février Mars Avril Mai Juin Juillet Août Septembre Octobre Novembre Décembre
V/Λ2015 > Janvier Février Mars Avril Mai Juin Juillet Août Septembre Octobre Novembre Décembre
V/Λ2014 > Janvier Février Mars Avril Mai Juin Juillet Août Septembre Octobre Novembre Décembre
V/Λ2013 > Janvier Février Mars Avril Mai Juin Juillet Août Septembre Octobre Novembre Décembre
V/Λ2012 > Janvier Février Mars Avril Mai Juin Juillet Août Septembre Octobre Novembre Décembre
V/Λ2011 > Janvier Février Mars Avril Mai Juin Juillet Août Septembre Octobre Novembre Décembre
V/Λ2010 > Janvier Février Mars Avril Mai Juin Juillet Août Septembre Octobre Novembre Décembre
V/Λ2009 > Janvier Février Mars Avril Mai Juin Juillet Août Septembre Octobre Novembre Décembre
V/Λ2008 > Janvier Février Mars Avril Mai Juin Juillet Août Septembre Octobre Novembre Décembre
V/Λ2007 > Janvier Février Mars Avril Mai Juin Juillet Août Septembre Octobre Novembre Décembre
V/Λ2006 > Janvier Février Mars Avril Mai Juin Juillet Août Septembre Octobre Novembre Décembre
V/Λ2005 > Janvier Février Mars Avril Mai Juin Juillet Août Septembre Octobre Novembre Décembre
V/Λ2004 > Janvier Février Mars Avril Mai Juin Juillet Août Septembre Octobre Novembre Décembre
V/Λ2003 > Janvier Février Mars Avril Mai Juin Juillet Août Septembre Octobre Novembre Décembre
V/Λ2002 > Janvier Février Mars Avril Mai Juin Juillet Août Septembre Octobre Novembre Décembre

Rapport pour Janvier 2015
                   Monthly Climatological Summary for janv. 2015

Name: IALSACEM4   City: Meyenheim   State: 
Elevation: 210 m  Lat: N 47° 54' 42"   Lon: E 007° 21' 22"

                  Temperature (°C), Rain (mm), Wind Speed (km/h)

                                      Heat  Cool        Avg
    Mean                              Deg   Deg         Wind                 Dom
Day Temp  High   Time   Low    Time   Days  Days  Rain  Speed High   Time    Dir
----------------------------------------------------------------------------------
 1  -2.1   0.4   14:58  -4.2   21:10  20.4   0.0   0.2   0.6  22.0   23:54     S
 2   1.0   5.1   14:36  -2.5   04:26  17.3   0.0   1.3   7.7  41.2   11:34   SSE
 3   4.7  12.2   21:11  -0.6   01:15  13.6   0.0   2.8  10.0  56.6   20:45     S
 4   3.7  10.4   01:13  -2.2   23:57  14.6   0.0   0.0   3.6  30.4   05:34   NNE
 5  -0.8   6.8   14:49  -4.6   08:17  19.0   0.0   0.2   0.4  11.2   11:38    SE
 6  -0.5   6.0   14:49  -3.9   03:18  18.8   0.0   0.2   0.7  15.9   13:21   SSE
 7   2.2   6.7   12:50  -1.1   00:09  16.1   0.0   0.2   0.8  17.3   23:31   SSE
 8   7.9  10.6   13:40   3.4   00:00  10.4   0.0   0.7  16.8  58.5   16:53     S
 9   9.0  12.3   23:48   4.8   02:21   9.3   0.0   0.7  20.7  62.2   23:09   SSO
10  12.6  15.1   12:39  11.0   23:50   5.7   0.0   0.0  24.6  62.2   12:32   SSO
11   5.7  11.2   01:44   3.5   08:51  12.6   0.0   5.5  12.7  42.1   00:14    SO
12   6.2  11.2   15:15   3.0   22:19  12.1   0.0   0.0  15.3  39.3   01:34   SSO
13   9.6  16.5   13:38   2.8   05:06   8.7   0.0   0.0  14.1  42.1   15:08     S
14   7.5  11.2   00:00   5.1   20:20  10.8   0.0   6.3  15.9  51.5   00:38   SSO
15   7.1  10.4   14:37   3.1   03:39  11.2   0.0   0.0  12.7  41.2   06:16   SSE
16   5.2   6.7   03:58   4.4   11:10  13.1   0.0  21.9   5.9  32.3   22:08   SSE
17   4.4   5.9   14:14   1.3   23:56  13.9   0.0   4.0   0.6  17.3   01:15     S
18   0.9   5.8   15:08  -1.7   07:17  17.3   0.0   0.4   2.9  18.3   17:38   SSO
19   1.5   3.4   13:02  -0.5   04:13  16.8   0.0   0.6   3.0  18.3   12:52   SSO
20   1.4   2.0   00:00   0.7   21:08  16.9   0.0   1.5   3.3  19.2   13:28     N
21   1.6   2.8   13:50   0.6   02:17  16.7   0.0   0.0   2.2  17.3   15:10     N
22   1.7   2.4   13:36   1.2   23:38  16.6   0.0   0.0   0.7  13.1   03:50     N
23   1.6   2.1   13:34   1.0   03:15  16.7   0.0   0.0   4.9  20.1   12:22   NNE
24   1.6   4.5   11:05   0.4   22:47  16.7   0.0   0.2   3.5  35.1   11:30   SSO
25   1.6   4.4   13:10   0.0   05:50  16.7   0.0   2.0   0.0   8.4   13:01   SSE
26   1.4   3.1   22:19   0.6   01:04  16.9   0.0   2.0   9.8  37.4   15:00   SSE
27   2.7   6.2   14:13   0.4   06:59  15.6   0.0   0.0   1.1  13.1   05:14   SSO
28   3.0   5.8   23:59  -0.9   02:46  15.3   0.0   0.4  13.1  57.6   20:49     S
29   3.6   5.9   00:35   1.1   07:06  14.7   0.0   7.7  14.6  44.0   14:15   SSO
30   2.2   4.1   00:00   0.5   07:23  16.1   0.0   2.2  15.3  50.5   13:11   SSO
31   2.1   4.8   12:26   0.0   20:24  16.2   0.0   0.0  10.0  34.2   14:46     S
----------------------------------------------------------------------------------
     3.6  16.5    13    -4.6     5   456.8   0.0  61.0   8.0  62.2     9     SSO

Max >=  30.0:  0
Max <=   0.0:  0
Min <= -10.0:  0
Min <= -18.0:  0
Max Rain: 21.9 on day 16
Days of Rain: 21 (>= 0.2 mm)  9 (>= 2.0 mm)  1 (>= 20.0 mm)
Heat Base: 18.3  Cool Base: 18.3  Method: Integration


Mise à jour : 21/08/2019 07:31:18
powered by Cumulus v3.0.0 (3043)