METEO Meyenheim

 Latitude N 47° 54' 42"    Longitude E 07° 21' 22"    Altitude 210 m

Rapports de type NOAA
Selectionner un rapport Annuel ou mensuel
V/Λ2019 > Janvier Février Mars Avril Mai Juin Juillet Août Septembre Octobre Novembre Décembre
V/Λ2018 > Janvier Février Mars Avril Mai Juin Juillet Août Septembre Octobre Novembre Décembre
V/Λ2017 > Janvier Février Mars Avril Mai Juin Juillet Août Septembre Octobre Novembre Décembre
V/Λ2016 > Janvier Février Mars Avril Mai Juin Juillet Août Septembre Octobre Novembre Décembre
V/Λ2015 > Janvier Février Mars Avril Mai Juin Juillet Août Septembre Octobre Novembre Décembre
V/Λ2014 > Janvier Février Mars Avril Mai Juin Juillet Août Septembre Octobre Novembre Décembre
V/Λ2013 > Janvier Février Mars Avril Mai Juin Juillet Août Septembre Octobre Novembre Décembre
V/Λ2012 > Janvier Février Mars Avril Mai Juin Juillet Août Septembre Octobre Novembre Décembre
V/Λ2011 > Janvier Février Mars Avril Mai Juin Juillet Août Septembre Octobre Novembre Décembre
V/Λ2010 > Janvier Février Mars Avril Mai Juin Juillet Août Septembre Octobre Novembre Décembre
V/Λ2009 > Janvier Février Mars Avril Mai Juin Juillet Août Septembre Octobre Novembre Décembre
V/Λ2008 > Janvier Février Mars Avril Mai Juin Juillet Août Septembre Octobre Novembre Décembre
V/Λ2007 > Janvier Février Mars Avril Mai Juin Juillet Août Septembre Octobre Novembre Décembre
V/Λ2006 > Janvier Février Mars Avril Mai Juin Juillet Août Septembre Octobre Novembre Décembre
V/Λ2005 > Janvier Février Mars Avril Mai Juin Juillet Août Septembre Octobre Novembre Décembre
V/Λ2004 > Janvier Février Mars Avril Mai Juin Juillet Août Septembre Octobre Novembre Décembre
V/Λ2003 > Janvier Février Mars Avril Mai Juin Juillet Août Septembre Octobre Novembre Décembre
V/Λ2002 > Janvier Février Mars Avril Mai Juin Juillet Août Septembre Octobre Novembre Décembre

Rapport pour Mars 2015
                   Monthly Climatological Summary for mars 2015

Name: IALSACEM4   City: Meyenheim   State: 
Elevation: 210 m  Lat: N 47° 54' 42"   Lon: E 007° 21' 22"

                  Temperature (°C), Rain (mm), Wind Speed (km/h)

                                      Heat  Cool        Avg
    Mean                              Deg   Deg         Wind                 Dom
Day Temp  High   Time   Low    Time   Days  Days  Rain  Speed High   Time    Dir
----------------------------------------------------------------------------------
 1   8.2  13.9   13:57   2.1   00:40  10.1   0.0   0.6  16.9  39.3   10:27     S
 2   8.9  12.1   14:55   3.0   21:46   9.4   0.0   2.2  15.9  73.9   19:05   OSO
 3   7.6  13.4   13:37   1.6   07:37  10.7   0.0   0.0  12.6  45.9   14:51    SO
 4   6.0  10.4   14:22   2.3   07:10  12.3   0.0   0.0   3.0  26.7   16:24   ONO
 5   4.2   9.6   14:42  -0.2   23:57  14.1   0.0   0.0   4.6  32.3   10:48   NNE
 6   3.9  11.9   15:21  -2.5   06:10  14.4   0.0   0.0   0.5  13.1   12:15   NNO
 7   4.4  12.8   14:17  -2.5   05:29  13.9   0.0   0.0   0.6  15.9   09:34     S
 8   5.9  15.5   15:26  -2.2   06:56  12.4   0.0   0.0   1.1  20.1   14:39   NNE
 9   7.7  16.6   15:26  -0.4   07:07  10.6   0.0   0.0   1.9  22.9   11:18   NNE
10   8.0  15.8   15:56  -0.4   06:38  10.3   0.0   0.0   2.6  22.9   18:48     N
11   8.9  13.3   14:49   4.6   23:58   9.4   0.0   0.2   9.7  34.2   07:42     N
12   6.4  13.7   14:39  -1.2   07:15  11.9   0.0   0.0   7.1  31.4   17:34   NNE
13   5.9  12.7   14:35   0.4   05:55  12.4   0.0   0.0   5.3  22.0   08:20     N
14   5.5  11.4   14:35   0.7   04:54  12.8   0.0   0.0   8.6  34.2   16:48     N
15   5.9  12.0   15:31  -1.3   06:25  12.4   0.0   0.0   7.6  26.7   17:57     N
16   7.2  14.6   14:51   2.9   06:40  11.1   0.0   0.0   2.0  22.0   00:03   NNE
17   8.5  18.3   15:34  -0.3   06:14   9.8   0.0   0.0   1.2  16.8   11:12   NNE
18  10.7  19.5   15:38   3.2   07:03   7.7   0.1   0.0   1.3  18.3   14:05   NNE
19  10.5  16.9   14:40   2.8   06:48   7.8   0.0   0.0   5.9  27.6   10:26   NNE
20   9.4  17.0   15:42   2.8   06:37   8.9   0.0   0.0   3.2  21.1   09:04   NNE
21   8.2  15.1   13:56   2.0   01:42  10.1   0.0   0.0   4.2  36.5   15:46   NNE
22   7.7  11.8   13:41   5.0   00:00  10.6   0.0   0.0  11.7  46.8   13:43   NNE
23   9.9  16.3   14:34   5.1   00:00   8.4   0.0   0.0   1.4  16.8   08:10     N
24   9.7  19.7   14:28   0.9   05:34   8.7   0.1   0.0   1.5  22.9   15:30   SSO
25   8.3  15.3   11:06   4.7   02:23  10.0   0.0   2.9   2.0  26.7   13:07     S
26   7.1  10.9   14:43   5.2   06:25  11.2   0.0   0.4   5.1  32.3   22:02   SSO
27   8.7  14.9   14:21   3.0   23:51   9.6   0.0   0.2   7.3  35.1   12:52     O
28   8.2  14.6   12:26   0.7   05:24  10.1   0.0   0.0   9.2  36.5   18:56     S
29  11.0  12.5   15:48   9.0   00:00   7.0   0.0   3.3  20.8  54.8   16:34   SSO
30  11.8  15.3   13:50   9.6   23:13   6.5   0.0   3.3  16.2  67.9   11:51   OSO
31  12.3  15.8   15:15   9.4   23:56   6.0   0.0   0.4  26.7  78.6   16:08   OSO
----------------------------------------------------------------------------------
     8.0  19.7    24    -2.5     6   320.6   0.2  13.5   7.0  78.6    31       O

Max >=  30.0:  0
Max <=   0.0:  0
Min <= -10.0:  0
Min <= -18.0:  0
Max Rain: 3.3 on day 29
Days of Rain: 9 (>= 0.2 mm)  4 (>= 2.0 mm)  0 (>= 20.0 mm)
Heat Base: 18.3  Cool Base: 18.3  Method: Integration


Mise à jour : 08/12/2019 20:33:49
powered by Cumulus v3.0.0 (3043)