METEO Meyenheim

 Latitude N 47° 54' 42"    Longitude E 07° 21' 22"    Altitude 210 m

Rapports de type NOAA
Selectionner un rapport Annuel ou mensuel
V/Λ2019 > Janvier Février Mars Avril Mai Juin Juillet Août Septembre Octobre Novembre Décembre
V/Λ2018 > Janvier Février Mars Avril Mai Juin Juillet Août Septembre Octobre Novembre Décembre
V/Λ2017 > Janvier Février Mars Avril Mai Juin Juillet Août Septembre Octobre Novembre Décembre
V/Λ2016 > Janvier Février Mars Avril Mai Juin Juillet Août Septembre Octobre Novembre Décembre
V/Λ2015 > Janvier Février Mars Avril Mai Juin Juillet Août Septembre Octobre Novembre Décembre
V/Λ2014 > Janvier Février Mars Avril Mai Juin Juillet Août Septembre Octobre Novembre Décembre
V/Λ2013 > Janvier Février Mars Avril Mai Juin Juillet Août Septembre Octobre Novembre Décembre
V/Λ2012 > Janvier Février Mars Avril Mai Juin Juillet Août Septembre Octobre Novembre Décembre
V/Λ2011 > Janvier Février Mars Avril Mai Juin Juillet Août Septembre Octobre Novembre Décembre
V/Λ2010 > Janvier Février Mars Avril Mai Juin Juillet Août Septembre Octobre Novembre Décembre
V/Λ2009 > Janvier Février Mars Avril Mai Juin Juillet Août Septembre Octobre Novembre Décembre
V/Λ2008 > Janvier Février Mars Avril Mai Juin Juillet Août Septembre Octobre Novembre Décembre
V/Λ2007 > Janvier Février Mars Avril Mai Juin Juillet Août Septembre Octobre Novembre Décembre
V/Λ2006 > Janvier Février Mars Avril Mai Juin Juillet Août Septembre Octobre Novembre Décembre
V/Λ2005 > Janvier Février Mars Avril Mai Juin Juillet Août Septembre Octobre Novembre Décembre
V/Λ2004 > Janvier Février Mars Avril Mai Juin Juillet Août Septembre Octobre Novembre Décembre
V/Λ2003 > Janvier Février Mars Avril Mai Juin Juillet Août Septembre Octobre Novembre Décembre
V/Λ2002 > Janvier Février Mars Avril Mai Juin Juillet Août Septembre Octobre Novembre Décembre

Rapport pour Avril 2015
                   Monthly Climatological Summary for avr. 2015

Name: IALSACEM4   City: Meyenheim   State: 
Elevation: 210 m  Lat: N 47° 54' 42"   Lon: E 007° 21' 22"

                  Temperature (°C), Rain (mm), Wind Speed (km/h)

                                      Heat  Cool        Avg
    Mean                              Deg   Deg         Wind                 Dom
Day Temp  High   Time   Low    Time   Days  Days  Rain  Speed High   Time    Dir
----------------------------------------------------------------------------------
 1   8.0  10.7   15:29   5.1   10:58  10.3   0.0   2.0  12.6  52.4   00:37   OSO
 2   6.9  10.2   14:06   2.9   23:36  11.4   0.0   4.6  15.8  69.7   08:34    SO
 3   5.9  13.0   14:06  -0.6   07:40  12.4   0.0   2.6   2.2  19.2   13:56   SSE
 4   6.1   8.7   12:21   4.6   21:42  12.2   0.0   7.7   6.2  34.2   15:49     N
 5   6.2  11.9   15:08   2.4   08:04  12.1   0.0   0.0  12.3  36.5   13:48   NNE
 6   5.8  11.9   12:53  -1.6   08:08  12.4   0.0   0.0   5.4  33.2   13:53   NNE
 7   6.9  14.4   17:03  -1.1   06:59  11.4   0.0   0.0   5.6  26.7   12:53     N
 8   8.6  18.4   16:29  -1.3   06:59   9.7   0.0   0.0   2.5  22.9   16:41   NNE
 9  12.5  22.3   17:19   1.7   07:23   6.6   0.8   0.0   1.5  17.3   14:42    SE
10  15.1  24.8   15:40   5.1   03:11   4.8   1.6   0.0   5.5  30.4   14:20     S
11  14.4  17.4   00:01  12.1   05:20   3.9   0.0   0.0  10.3  36.5   15:25   SSO
12  14.5  22.4   17:21   5.6   06:49   4.7   0.9   0.0   3.2  22.9   19:09     S
13  14.3  23.1   16:07   5.1   07:08   5.1   1.1   0.0   2.5  25.7   15:52   NNO
14  15.3  23.8   15:47   5.0   07:20   4.5   1.5   0.0   1.7  20.1   11:01     S
15  16.8  27.1   15:39   6.0   05:43   4.2   2.7   0.0   4.8  27.6   15:37     S
16  17.4  24.8   13:02  11.3   00:46   2.4   1.5   0.0   9.5  53.4   18:18     S
17  13.4  16.5   15:30   8.5   21:46   4.9   0.0  14.9   6.0  26.7   19:29   SSO
18  10.7  15.7   14:58   6.0   07:11   7.6   0.0   0.2  11.3  35.6   11:31   NNE
19  11.7  19.5   17:27   4.0   06:39   6.7   0.1   0.0  10.9  32.3   10:33     N
20  13.6  20.4   16:51   5.0   07:05   5.0   0.4   0.0   8.9  35.1   18:37     N
21  15.8  23.0   16:13   8.4   06:56   3.7   1.2   0.0   8.1  32.3   12:34   NNE
22  15.6  23.0   16:54   6.8   06:57   3.8   1.1   0.0   6.5  28.5   23:32   NNE
23  13.3  19.9   16:30   6.5   06:39   5.2   0.2   0.0   6.3  26.7   00:06   NNE
24  14.3  23.1   17:10   4.2   06:57   5.2   1.2   0.0   2.4  18.3   17:54     S
25  14.1  18.8   12:12   9.7   02:23   4.2   0.0   0.4   9.4  43.1   18:33   SSO
26  15.7  22.0   14:45  10.7   06:54   3.1   0.5   3.5   6.3  27.6   09:43     S
27  15.2  20.3   15:42  11.8   23:46   3.3   0.2   1.8   7.1  32.3   17:39   NNE
28  10.8  14.3   17:51   7.0   23:56   7.5   0.0   4.0   2.9  26.7   00:12   NNE
29  11.0  17.7   17:31   3.7   06:30   7.3   0.0   0.0   2.3  18.3   12:37    SO
30  12.5  17.8   13:33   9.1   04:49   5.8   0.0   1.8  10.4  50.5   16:48    SO
----------------------------------------------------------------------------------
    12.1  27.1    15    -1.6     6   201.4  15.0  43.5   6.7  69.7     2     ONO

Max >=  30.0:  0
Max <=   0.0:  0
Min <= -10.0:  0
Min <= -18.0:  0
Max Rain: 14.9 on day 17
Days of Rain: 11 (>= 0.2 mm)  7 (>= 2.0 mm)  0 (>= 20.0 mm)
Heat Base: 18.3  Cool Base: 18.3  Method: Integration


Mise à jour : 19/11/2019 18:25:01
powered by Cumulus v3.0.0 (3043)