METEO Meyenheim

 Latitude N 47° 54' 42"    Longitude E 07° 21' 22"    Altitude 210 m

Rapports de type NOAA
Selectionner un rapport Annuel ou mensuel
V/Λ2019 > Janvier Février Mars Avril Mai Juin Juillet Août Septembre Octobre Novembre Décembre
V/Λ2018 > Janvier Février Mars Avril Mai Juin Juillet Août Septembre Octobre Novembre Décembre
V/Λ2017 > Janvier Février Mars Avril Mai Juin Juillet Août Septembre Octobre Novembre Décembre
V/Λ2016 > Janvier Février Mars Avril Mai Juin Juillet Août Septembre Octobre Novembre Décembre
V/Λ2015 > Janvier Février Mars Avril Mai Juin Juillet Août Septembre Octobre Novembre Décembre
V/Λ2014 > Janvier Février Mars Avril Mai Juin Juillet Août Septembre Octobre Novembre Décembre
V/Λ2013 > Janvier Février Mars Avril Mai Juin Juillet Août Septembre Octobre Novembre Décembre
V/Λ2012 > Janvier Février Mars Avril Mai Juin Juillet Août Septembre Octobre Novembre Décembre
V/Λ2011 > Janvier Février Mars Avril Mai Juin Juillet Août Septembre Octobre Novembre Décembre
V/Λ2010 > Janvier Février Mars Avril Mai Juin Juillet Août Septembre Octobre Novembre Décembre
V/Λ2009 > Janvier Février Mars Avril Mai Juin Juillet Août Septembre Octobre Novembre Décembre
V/Λ2008 > Janvier Février Mars Avril Mai Juin Juillet Août Septembre Octobre Novembre Décembre
V/Λ2007 > Janvier Février Mars Avril Mai Juin Juillet Août Septembre Octobre Novembre Décembre
V/Λ2006 > Janvier Février Mars Avril Mai Juin Juillet Août Septembre Octobre Novembre Décembre
V/Λ2005 > Janvier Février Mars Avril Mai Juin Juillet Août Septembre Octobre Novembre Décembre
V/Λ2004 > Janvier Février Mars Avril Mai Juin Juillet Août Septembre Octobre Novembre Décembre
V/Λ2003 > Janvier Février Mars Avril Mai Juin Juillet Août Septembre Octobre Novembre Décembre
V/Λ2002 > Janvier Février Mars Avril Mai Juin Juillet Août Septembre Octobre Novembre Décembre

Rapport pour Mai 2015
                   Monthly Climatological Summary for mai 2015

Name: IALSACEM4   City: Meyenheim   State: 
Elevation: 210 m  Lat: N 47° 54' 42"   Lon: E 007° 21' 22"

                  Temperature (°C), Rain (mm), Wind Speed (km/h)

                                      Heat  Cool        Avg
    Mean                              Deg   Deg         Wind                 Dom
Day Temp  High   Time   Low    Time   Days  Days  Rain  Speed High   Time    Dir
----------------------------------------------------------------------------------
 1  10.0  10.7   16:55   9.6   01:17   8.3   0.0  33.3   3.7  21.1   00:24   NNE
 2  11.8  15.4   17:24   8.7   03:07   6.5   0.0   7.0   1.8  16.8   02:05   NNE
 3  15.9  19.5   16:47  11.7   01:25   2.5   0.1  11.2  11.5  42.1   17:54   SSO
 4  18.5  23.3   16:08  15.0   06:22   1.1   1.3   0.0   6.8  23.9   00:55   SSO
 5  18.4  23.0   15:00  15.1   23:57   1.0   1.1   0.6  10.4  48.7   09:35   SSO
 6  16.2  21.0   15:32  11.8   06:35   2.6   0.4   0.0  10.7  39.3   14:27    SO
 7  14.6  20.0   17:29   8.1   06:31   4.0   0.3   0.0   4.7  26.7   09:31     S
 8  15.8  22.3   15:52   8.4   06:32   3.3   0.8   0.0   5.1  42.1   17:15   SSO
 9  17.2  22.1   15:28  13.9   00:35   1.9   0.8   0.0  10.8  35.1   15:32    SO
10  17.0  23.6   16:47   9.6   06:23   2.8   1.5   0.0   3.0  18.3   16:39     S
11  18.9  27.7   18:13   9.6   06:20   2.6   3.1   0.0   4.7  28.5   18:42   SSO
12  22.1  30.3   16:41  13.6   06:12   1.3   5.1   0.0  11.4  36.5   16:04    SO
13  20.5  27.0   18:19  15.1   06:57   0.5   2.7   1.1   5.2  31.4   20:39    NE
14  18.1  21.0   16:36  13.8   23:59   0.9   0.7  11.6   8.8  36.5   05:58    SO
15  10.7  13.8   00:00   9.8   12:28   7.6   0.0  11.6   2.4  25.7   00:00    SO
16  14.5  21.4   18:41   8.6   06:24   4.3   0.5   0.2   4.1  25.7   19:25   SSO
17  16.9  21.7   17:30  13.5   05:24   2.1   0.7   0.0   2.6  16.8   21:48   ENE
18  16.9  24.0   16:44   9.0   05:50   3.1   1.7   0.0   6.3  32.3   15:15   SSO
19  15.4  18.9   17:15  12.6   03:35   2.9   0.0   0.0  11.2  35.6   17:22    SO
20  11.0  13.9   18:27   8.3   22:20   7.3   0.0   4.8   4.9  36.5   19:48    SO
21  12.5  18.3   16:44   5.8   06:11   5.8   0.0   0.2   7.0  32.3   13:22   NNE
22  14.0  20.3   15:59   5.3   06:09   4.8   0.4   0.0   8.1  35.6   12:21   NNE
23  16.3  21.7   14:35   9.4   04:37   2.9   0.9   0.0   9.7  38.4   19:06   NNE
24  17.7  22.0   14:52  13.4   06:33   1.6   1.0   0.0   3.9  25.7   08:14   NNE
25  15.9  21.2   15:10  12.9   22:44   2.7   0.3   5.2   1.6  24.8   16:55   ONO
26  13.0  16.3   16:14  10.8   06:03   5.3   0.0   0.6   4.1  22.9   16:36   NNE
27  13.2  19.0   17:46   6.8   04:00   5.1   0.0   0.0   2.1  21.1   11:49    NE
28  15.8  23.6   16:59   7.4   05:43   3.9   1.3   0.0   7.3  35.6   15:11   SSO
29  17.8  24.9   17:48  11.2   05:43   2.4   1.9   0.0   8.0  53.4   15:13    SO
30  16.5  19.9   17:26  12.4   23:56   2.1   0.3   0.0   8.0  31.4   11:32   OSO
31  17.1  23.9   16:10   9.5   03:55   2.9   1.7   0.0   8.5  39.3   16:40   SSO
----------------------------------------------------------------------------------
    15.8  30.3    12     5.3    22   106.1  28.6  87.4   6.4  53.4    29      SO

Max >=  30.0:  1
Max <=   0.0:  0
Min <= -10.0:  0
Min <= -18.0:  0
Max Rain: 33.3 on day 1
Days of Rain: 12 (>= 0.2 mm)  7 (>= 2.0 mm)  1 (>= 20.0 mm)
Heat Base: 18.3  Cool Base: 18.3  Method: Integration


Mise à jour : 20/11/2019 07:06:03
powered by Cumulus v3.0.0 (3043)