METEO Meyenheim

 Latitude N 47° 54' 42"    Longitude E 07° 21' 22"    Altitude 210 m

Rapports de type NOAA
Selectionner un rapport Annuel ou mensuel
V/Λ2019 > Janvier Février Mars Avril Mai Juin Juillet Août Septembre Octobre Novembre Décembre
V/Λ2018 > Janvier Février Mars Avril Mai Juin Juillet Août Septembre Octobre Novembre Décembre
V/Λ2017 > Janvier Février Mars Avril Mai Juin Juillet Août Septembre Octobre Novembre Décembre
V/Λ2016 > Janvier Février Mars Avril Mai Juin Juillet Août Septembre Octobre Novembre Décembre
V/Λ2015 > Janvier Février Mars Avril Mai Juin Juillet Août Septembre Octobre Novembre Décembre
V/Λ2014 > Janvier Février Mars Avril Mai Juin Juillet Août Septembre Octobre Novembre Décembre
V/Λ2013 > Janvier Février Mars Avril Mai Juin Juillet Août Septembre Octobre Novembre Décembre
V/Λ2012 > Janvier Février Mars Avril Mai Juin Juillet Août Septembre Octobre Novembre Décembre
V/Λ2011 > Janvier Février Mars Avril Mai Juin Juillet Août Septembre Octobre Novembre Décembre
V/Λ2010 > Janvier Février Mars Avril Mai Juin Juillet Août Septembre Octobre Novembre Décembre
V/Λ2009 > Janvier Février Mars Avril Mai Juin Juillet Août Septembre Octobre Novembre Décembre
V/Λ2008 > Janvier Février Mars Avril Mai Juin Juillet Août Septembre Octobre Novembre Décembre
V/Λ2007 > Janvier Février Mars Avril Mai Juin Juillet Août Septembre Octobre Novembre Décembre
V/Λ2006 > Janvier Février Mars Avril Mai Juin Juillet Août Septembre Octobre Novembre Décembre
V/Λ2005 > Janvier Février Mars Avril Mai Juin Juillet Août Septembre Octobre Novembre Décembre
V/Λ2004 > Janvier Février Mars Avril Mai Juin Juillet Août Septembre Octobre Novembre Décembre
V/Λ2003 > Janvier Février Mars Avril Mai Juin Juillet Août Septembre Octobre Novembre Décembre
V/Λ2002 > Janvier Février Mars Avril Mai Juin Juillet Août Septembre Octobre Novembre Décembre

Rapport pour Juin 2015
                   Monthly Climatological Summary for juin 2015

Name: IALSACEM4   City: Meyenheim   State: 
Elevation: 210 m  Lat: N 47° 54' 42"   Lon: E 007° 21' 22"

                  Temperature (°C), Rain (mm), Wind Speed (km/h)

                                      Heat  Cool        Avg
    Mean                              Deg   Deg         Wind                 Dom
Day Temp  High   Time   Low    Time   Days  Days  Rain  Speed High   Time    Dir
----------------------------------------------------------------------------------
 1  19.2  23.8   15:55  15.3   23:59   0.7   1.6   0.0  11.4  51.5   12:32    SO
 2  20.3  27.3   17:46  13.2   02:26   1.4   3.4   0.0   9.9  44.0   14:58    SO
 3  22.2  29.0   15:57  14.8   06:10   0.7   4.5   0.0   8.2  33.2   13:13   SSO
 4  22.0  29.4   17:15  14.7   05:25   0.7   4.4   0.0   5.5  22.0   07:25   NNE
 5  24.8  33.3   16:42  15.2   06:07   0.5   7.0   0.0   2.4  18.3   15:15     S
 6  23.9  31.7   13:50  19.7   04:45   0.0   5.6   8.3   5.9  60.4   01:24     S
 7  22.5  28.2   16:47  16.9   23:51   0.0   4.2   2.6   8.7  31.4   22:42   NNE
 8  17.5  20.4   14:39  14.7   06:43   1.2   0.4   0.0  12.1  34.2   14:05   NNE
 9  15.6  18.0   16:53  13.7   05:16   2.7   0.0   0.0  13.2  35.6   09:39   NNE
10  17.1  20.6   14:50  13.8   06:05   1.7   0.5   0.0   8.8  25.7   02:54     N
11  20.7  28.0   17:12  13.7   05:46   1.1   3.5   0.0   3.0  23.9   17:20   NNE
12  21.0  29.2   14:30  15.3   05:38   0.5   3.3   0.0   1.9  26.7   16:28     E
13  21.1  27.1   15:52  16.5   02:37   0.4   3.2   0.0   6.9  35.6   11:40   SSO
14  21.3  27.1   15:22  16.5   05:56   0.3   3.3  28.5   6.0  27.6   14:45   NNE
15  18.3  22.1   16:39  15.9   06:27   0.8   0.8   7.2   3.0  21.1   22:52     N
16  18.0  20.3   13:57  16.3   05:44   0.8   0.5   0.0   7.4  35.6   14:07   NNE
17  17.7  22.7   17:03  12.1   05:56   1.9   1.2   0.0   7.8  27.6   04:18   NNE
18  16.7  21.2   18:26  12.1   05:13   2.2   0.6   2.0   7.7  36.5   14:10   SSO
19  16.8  21.2   14:43  13.1   06:27   1.9   0.4   0.0   2.8  18.3   07:55   NNE
20  15.0  17.3   17:28  12.8   07:10   3.3   0.0   2.4   1.5  22.9   16:21    NE
21  16.5  21.7   16:22  12.8   03:25   2.4   0.6   1.8   5.5  31.4   17:54   SSO
22  17.7  21.3   14:30  14.3   23:59   1.3   0.7   0.4   8.0  36.5   21:09   SSO
23  15.4  18.7   18:27  11.4   06:03   2.9   0.0   0.2   5.9  32.3   01:14     O
24  16.5  22.9   16:22   8.6   05:45   3.1   1.4   0.0   2.8  18.3   13:57    NE
25  18.4  24.9   18:29  10.8   05:54   2.3   2.4   0.0   1.9  14.0   14:20    NE
26  20.3  26.9   16:07  12.6   06:03   1.5   3.5   0.0   2.0  16.8   14:25   ENE
27  21.5  28.6   14:43  16.2   02:28   0.5   3.7   0.0   7.4  34.2   15:33     O
28  20.4  26.7   17:19  12.6   06:00   1.3   3.4   0.0   4.2  17.3   10:36    NE
29  22.0  30.0   17:06  13.9   05:50   1.0   4.7   0.0   3.6  18.3   14:30   SSE
30  24.1  30.9   17:23  16.1   05:51   0.3   6.0   0.0   3.9  21.1   13:52    NE
----------------------------------------------------------------------------------
    19.5  33.3     5     8.6    24    39.4  74.8  53.4   6.0  60.4     6     NNO

Max >=  30.0:  4
Max <=   0.0:  0
Min <= -10.0:  0
Min <= -18.0:  0
Max Rain: 28.5 on day 14
Days of Rain: 9 (>= 0.2 mm)  6 (>= 2.0 mm)  1 (>= 20.0 mm)
Heat Base: 18.3  Cool Base: 18.3  Method: Integration


Mise à jour : 18/10/2019 05:34:06
powered by Cumulus v3.0.0 (3043)