METEO Meyenheim

 Latitude N 47° 54' 42"    Longitude E 07° 21' 22"    Altitude 210 m

Rapports de type NOAA
Selectionner un rapport Annuel ou mensuel
V/Λ2019 > Janvier Février Mars Avril Mai Juin Juillet Août Septembre Octobre Novembre Décembre
V/Λ2018 > Janvier Février Mars Avril Mai Juin Juillet Août Septembre Octobre Novembre Décembre
V/Λ2017 > Janvier Février Mars Avril Mai Juin Juillet Août Septembre Octobre Novembre Décembre
V/Λ2016 > Janvier Février Mars Avril Mai Juin Juillet Août Septembre Octobre Novembre Décembre
V/Λ2015 > Janvier Février Mars Avril Mai Juin Juillet Août Septembre Octobre Novembre Décembre
V/Λ2014 > Janvier Février Mars Avril Mai Juin Juillet Août Septembre Octobre Novembre Décembre
V/Λ2013 > Janvier Février Mars Avril Mai Juin Juillet Août Septembre Octobre Novembre Décembre
V/Λ2012 > Janvier Février Mars Avril Mai Juin Juillet Août Septembre Octobre Novembre Décembre
V/Λ2011 > Janvier Février Mars Avril Mai Juin Juillet Août Septembre Octobre Novembre Décembre
V/Λ2010 > Janvier Février Mars Avril Mai Juin Juillet Août Septembre Octobre Novembre Décembre
V/Λ2009 > Janvier Février Mars Avril Mai Juin Juillet Août Septembre Octobre Novembre Décembre
V/Λ2008 > Janvier Février Mars Avril Mai Juin Juillet Août Septembre Octobre Novembre Décembre
V/Λ2007 > Janvier Février Mars Avril Mai Juin Juillet Août Septembre Octobre Novembre Décembre
V/Λ2006 > Janvier Février Mars Avril Mai Juin Juillet Août Septembre Octobre Novembre Décembre
V/Λ2005 > Janvier Février Mars Avril Mai Juin Juillet Août Septembre Octobre Novembre Décembre
V/Λ2004 > Janvier Février Mars Avril Mai Juin Juillet Août Septembre Octobre Novembre Décembre
V/Λ2003 > Janvier Février Mars Avril Mai Juin Juillet Août Septembre Octobre Novembre Décembre
V/Λ2002 > Janvier Février Mars Avril Mai Juin Juillet Août Septembre Octobre Novembre Décembre

Rapport pour Juillet 2015
                   Monthly Climatological Summary for juil. 2015

Name: IALSACEM4   City: Meyenheim   State: 
Elevation: 210 m  Lat: N 47° 54' 42"   Lon: E 007° 21' 22"

                  Temperature (°C), Rain (mm), Wind Speed (km/h)

                                      Heat  Cool        Avg
    Mean                              Deg   Deg         Wind                 Dom
Day Temp  High   Time   Low    Time   Days  Days  Rain  Speed High   Time    Dir
----------------------------------------------------------------------------------
 1  25.6  34.0   17:10  16.7   05:53   0.2   7.5   0.0   2.2  17.3   17:50   ENE
 2  27.6  35.7   17:14  19.1   06:05   0.0   9.3   0.0   3.1  18.3   16:32   SSE
 3  28.1  35.6   17:20  20.2   05:23   0.0   9.8   0.0   2.9  20.1   18:50   NNE
 4  29.6  37.5   16:13  21.2   04:14   0.0  11.3   0.0   5.3  25.7   12:17     S
 5  29.0  37.2   15:24  20.6   05:50   0.0  10.7   0.0   5.8  27.6   22:44    SO
 6  25.9  30.8   17:07  21.0   06:07   0.0   7.6   0.0   5.9  26.7   05:55    NE
 7  27.5  37.7   16:25  19.1   06:01   0.0   9.2   0.0   7.8  52.4   21:19    SO
 8  22.5  24.9   13:59  19.6   23:42   0.0   4.1   0.0  12.0  39.3   13:47   OSO
 9  20.2  24.0   16:41  15.6   23:56   0.2   2.1   0.0   5.8  22.9   14:49   NNE
10  19.7  27.1   17:26  12.1   05:24   1.7   3.2   0.0   6.1  26.7   10:22   NNE
11  23.7  33.1   15:13  13.5   05:22   1.2   6.6   0.0   8.3  48.7   13:06   OSO
12  22.9  29.4   16:03  15.2   05:58   0.5   5.1   0.0   3.8  20.1   22:56   NNE
13  22.6  27.8   17:32  18.8   05:08   0.0   4.3   0.0   3.5  22.9   17:38    NO
14  24.1  31.1   15:29  16.6   05:52   0.1   6.0   0.0   6.0  30.4   13:31   SSO
15  24.0  31.1   17:18  15.9   06:07   0.3   6.0   0.0   3.2  18.3   18:55    NE
16  26.0  35.0   16:50  17.9   05:47   0.0   7.8   0.0   3.5  18.3   08:40   ENE
17  28.3  37.4   17:15  18.3   06:06   0.0  10.0   0.0   7.1  27.6   08:00     S
18  24.6  30.6   17:17  20.5   10:27   0.0   6.3   2.9   5.0  39.3   09:44     S
19  24.8  30.8   16:14  19.5   07:59   0.0   6.4   2.2  11.1  44.9   14:52    SO
20  25.5  32.5   15:32  18.7   06:19   0.0   7.2   0.0   5.7  27.6   09:54    SO
21  26.4  33.6   16:47  19.0   06:21   0.0   8.1   0.0   3.6  18.3   13:35   ENE
22  23.8  34.4   13:24  19.7   05:33   0.0   5.5   8.3   3.9  65.1   13:51   NNO
23  22.6  26.7   17:43  19.5   23:57   0.0   4.3   0.0   3.7  33.2   01:33   NNE
24  24.1  32.9   17:12  16.0   06:43   0.3   6.1   0.0   4.1  26.7   23:58   SSO
25  20.7  24.7   15:23  14.7   23:56   0.2   2.6   3.1  16.0  59.4   12:00   OSO
26  16.5  22.3   14:21  10.2   06:01   2.7   1.0   0.7   3.8  30.4   21:20     S
27  19.8  25.0   18:49  15.1   03:26   0.8   2.3   0.2  17.2  59.4   10:14    SO
28  19.7  24.1   14:20  15.4   23:15   0.4   1.8   0.6  12.5  47.7   13:56    SO
29  16.9  22.0   14:17  13.0   23:49   1.9   0.5   0.0   7.8  30.4   11:05   SSO
30  17.2  23.3   12:50  11.0   06:04   2.7   1.6   0.0   7.7  25.7   12:35   SSO
31  17.6  24.6   15:54   9.3   06:07   2.6   1.9   0.0   8.4  32.3   12:49   NNE
----------------------------------------------------------------------------------
    23.5  37.7     7     9.3    31    15.8 176.2  18.0   6.6  65.1    22      SO

Max >=  30.0: 18
Max <=   0.0:  0
Min <= -10.0:  0
Min <= -18.0:  0
Max Rain: 8.3 on day 22
Days of Rain: 7 (>= 0.2 mm)  4 (>= 2.0 mm)  0 (>= 20.0 mm)
Heat Base: 18.3  Cool Base: 18.3  Method: Integration


Mise à jour : 05/12/2019 22:55:14
powered by Cumulus v3.0.0 (3043)