METEO Meyenheim

 Latitude N 47° 54' 42"    Longitude E 07° 21' 22"    Altitude 210 m

Rapports de type NOAA
Selectionner un rapport Annuel ou mensuel
V/Λ2019 > Janvier Février Mars Avril Mai Juin Juillet Août Septembre Octobre Novembre Décembre
V/Λ2018 > Janvier Février Mars Avril Mai Juin Juillet Août Septembre Octobre Novembre Décembre
V/Λ2017 > Janvier Février Mars Avril Mai Juin Juillet Août Septembre Octobre Novembre Décembre
V/Λ2016 > Janvier Février Mars Avril Mai Juin Juillet Août Septembre Octobre Novembre Décembre
V/Λ2015 > Janvier Février Mars Avril Mai Juin Juillet Août Septembre Octobre Novembre Décembre
V/Λ2014 > Janvier Février Mars Avril Mai Juin Juillet Août Septembre Octobre Novembre Décembre
V/Λ2013 > Janvier Février Mars Avril Mai Juin Juillet Août Septembre Octobre Novembre Décembre
V/Λ2012 > Janvier Février Mars Avril Mai Juin Juillet Août Septembre Octobre Novembre Décembre
V/Λ2011 > Janvier Février Mars Avril Mai Juin Juillet Août Septembre Octobre Novembre Décembre
V/Λ2010 > Janvier Février Mars Avril Mai Juin Juillet Août Septembre Octobre Novembre Décembre
V/Λ2009 > Janvier Février Mars Avril Mai Juin Juillet Août Septembre Octobre Novembre Décembre
V/Λ2008 > Janvier Février Mars Avril Mai Juin Juillet Août Septembre Octobre Novembre Décembre
V/Λ2007 > Janvier Février Mars Avril Mai Juin Juillet Août Septembre Octobre Novembre Décembre
V/Λ2006 > Janvier Février Mars Avril Mai Juin Juillet Août Septembre Octobre Novembre Décembre
V/Λ2005 > Janvier Février Mars Avril Mai Juin Juillet Août Septembre Octobre Novembre Décembre
V/Λ2004 > Janvier Février Mars Avril Mai Juin Juillet Août Septembre Octobre Novembre Décembre
V/Λ2003 > Janvier Février Mars Avril Mai Juin Juillet Août Septembre Octobre Novembre Décembre
V/Λ2002 > Janvier Février Mars Avril Mai Juin Juillet Août Septembre Octobre Novembre Décembre

Rapport pour Août 2015
                   Monthly Climatological Summary for août 2015

Name: IALSACEM4   City: Meyenheim   State: 
Elevation: 210 m  Lat: N 47° 54' 42"   Lon: E 007° 21' 22"

                  Temperature (°C), Rain (mm), Wind Speed (km/h)

                                      Heat  Cool        Avg
    Mean                              Deg   Deg         Wind                 Dom
Day Temp  High   Time   Low    Time   Days  Days  Rain  Speed High   Time    Dir
----------------------------------------------------------------------------------
 1  18.8  23.9   13:34  15.3   05:40   0.9   1.4   0.0   6.7  28.5   10:46     S
 2  20.8  29.2   17:43  11.8   06:24   1.7   4.3   0.0   3.8  18.3   15:17   NNE
 3  24.5  34.0   16:35  15.2   06:44   0.6   6.8   0.0   4.0  20.1   09:05   SSE
 4  21.0  25.2   09:54  18.0   23:59   0.0   2.7   2.0   7.2  33.2   18:16   SSO
 5  22.4  31.6   17:49  14.7   06:01   0.8   4.9   0.2   3.1  16.8   11:02    NE
 6  27.1  36.6   15:50  18.7   05:26   0.0   8.8   0.0   4.3  22.9   11:42   SSE
 7  28.6  38.5   16:08  18.4   05:52   0.0  10.3   0.0   4.9  66.9   23:20   SSE
 8  26.8  33.3   13:17  19.5   06:12   0.0   8.5   0.0   5.7  55.7   00:00    NO
 9  24.0  29.0   14:59  20.7   23:55   0.0   5.7   0.4   5.5  28.5   01:46   NNE
10  22.7  28.5   15:15  19.9   03:45   0.0   4.4   6.3   2.9  22.0   16:52   SSO
11  24.3  30.6   16:30  19.6   06:10   0.0   6.0   0.0   3.7  22.9   17:04   NNE
12  26.1  33.1   17:21  20.0   06:43   0.0   7.8   0.0   3.3  18.3   01:33   NNE
13  25.3  33.4   15:02  19.2   23:48   0.0   7.0   2.9   4.0  56.6   20:26    SO
14  20.2  24.0   13:48  18.7   23:59   0.0   1.8   2.0   3.8  22.9   16:24     S
15  19.0  21.9   12:29  16.5   23:52   0.3   1.0   0.2  11.3  37.4   10:40   SSO
16  17.0  20.8   16:43  15.1   03:11   1.6   0.3   4.0   0.9  16.8   16:34    NE
17  18.1  22.3   15:52  14.8   04:28   1.3   1.1   0.0   1.2  17.3   15:52   NNE
18  17.0  23.3   16:03  10.4   06:36   2.5   1.2   0.0   1.3  16.8   13:48    NE
19  17.4  23.8   15:14  12.9   03:02   2.2   1.3   0.0   1.9  22.0   13:03    NE
20  18.1  25.9   17:47  10.4   06:44   2.6   2.4   0.0   0.0   8.4   02:12   ENE
21  20.3  27.7   17:07  12.6   06:43   1.4   3.3   0.0   2.1  24.8   15:35   NNE
22  20.3  28.9   16:01  12.3   06:53   1.5   3.5   0.0   2.1  21.1   17:58   NNE
23  18.8  25.2   13:04  17.3   21:53   0.4   1.0   3.5   4.3  36.5   14:27     S
24  17.2  22.6   12:51  14.8   23:08   1.4   0.3  11.2   5.4  48.7   14:57   SSO
25  17.5  23.0   16:38  12.9   05:09   2.0   1.2   0.0   9.3  32.3   15:40   SSO
26  20.0  29.2   15:56  11.4   07:15   2.0   3.7   0.0   3.0  21.1   14:55   SSO
27  24.0  32.1   17:48  16.2   06:56   0.5   6.1   0.0   6.4  31.4   16:13   SSO
28  24.8  31.1   15:58  19.6   07:15   0.0   6.5   0.0   4.5  36.5   00:06   ONO
29  23.8  32.3   15:56  16.6   07:02   0.2   5.7   0.0   1.0  16.8   16:39    NE
30  26.5  35.7   16:34  19.3   04:58   0.0   8.2   0.0   2.8  22.0   10:34   SSE
31  25.3  34.6   15:47  17.3   06:06   0.1   7.1   0.0   5.3  33.2   17:05   SSO
----------------------------------------------------------------------------------
    21.9  38.5     7    10.4    18    24.0 134.3  32.7   4.1  66.9     7     SSO

Max >=  30.0: 13
Max <=   0.0:  0
Min <= -10.0:  0
Min <= -18.0:  0
Max Rain: 11.2 on day 24
Days of Rain: 10 (>= 0.2 mm)  7 (>= 2.0 mm)  0 (>= 20.0 mm)
Heat Base: 18.3  Cool Base: 18.3  Method: Integration


Mise à jour : 19/11/2019 19:17:01
powered by Cumulus v3.0.0 (3043)