METEO Meyenheim

 Latitude N 47° 54' 42"    Longitude E 07° 21' 22"    Altitude 210 m

Rapports de type NOAA
Selectionner un rapport Annuel ou mensuel
V/Λ2019 > Janvier Février Mars Avril Mai Juin Juillet Août Septembre Octobre Novembre Décembre
V/Λ2018 > Janvier Février Mars Avril Mai Juin Juillet Août Septembre Octobre Novembre Décembre
V/Λ2017 > Janvier Février Mars Avril Mai Juin Juillet Août Septembre Octobre Novembre Décembre
V/Λ2016 > Janvier Février Mars Avril Mai Juin Juillet Août Septembre Octobre Novembre Décembre
V/Λ2015 > Janvier Février Mars Avril Mai Juin Juillet Août Septembre Octobre Novembre Décembre
V/Λ2014 > Janvier Février Mars Avril Mai Juin Juillet Août Septembre Octobre Novembre Décembre
V/Λ2013 > Janvier Février Mars Avril Mai Juin Juillet Août Septembre Octobre Novembre Décembre
V/Λ2012 > Janvier Février Mars Avril Mai Juin Juillet Août Septembre Octobre Novembre Décembre
V/Λ2011 > Janvier Février Mars Avril Mai Juin Juillet Août Septembre Octobre Novembre Décembre
V/Λ2010 > Janvier Février Mars Avril Mai Juin Juillet Août Septembre Octobre Novembre Décembre
V/Λ2009 > Janvier Février Mars Avril Mai Juin Juillet Août Septembre Octobre Novembre Décembre
V/Λ2008 > Janvier Février Mars Avril Mai Juin Juillet Août Septembre Octobre Novembre Décembre
V/Λ2007 > Janvier Février Mars Avril Mai Juin Juillet Août Septembre Octobre Novembre Décembre
V/Λ2006 > Janvier Février Mars Avril Mai Juin Juillet Août Septembre Octobre Novembre Décembre
V/Λ2005 > Janvier Février Mars Avril Mai Juin Juillet Août Septembre Octobre Novembre Décembre
V/Λ2004 > Janvier Février Mars Avril Mai Juin Juillet Août Septembre Octobre Novembre Décembre
V/Λ2003 > Janvier Février Mars Avril Mai Juin Juillet Août Septembre Octobre Novembre Décembre
V/Λ2002 > Janvier Février Mars Avril Mai Juin Juillet Août Septembre Octobre Novembre Décembre

Rapport pour Septembre 2015
                   Monthly Climatological Summary for sept. 2015

Name: IALSACEM4   City: Meyenheim   State: 
Elevation: 210 m  Lat: N 47° 54' 42"   Lon: E 007° 21' 22"

                  Temperature (°C), Rain (mm), Wind Speed (km/h)

                                      Heat  Cool        Avg
    Mean                              Deg   Deg         Wind                 Dom
Day Temp  High   Time   Low    Time   Days  Days  Rain  Speed High   Time    Dir
----------------------------------------------------------------------------------
 1  21.6  26.2   13:40  15.6   23:58   0.1   3.4   0.4   7.5  51.5   14:02    SO
 2  17.1  23.2   13:58  11.2   06:54   2.4   1.2   0.2   2.0  24.8   19:13   NNE
 3  18.1  23.5   16:38  14.5   07:01   1.4   1.1   0.0   1.4  22.9   16:50    NE
 4  16.5  24.0   14:58  10.1   06:03   2.9   1.1   0.0   2.9  27.6   16:44   NNE
 5  15.4  19.6   16:18  10.9   04:53   3.0   0.1   0.0   1.7  25.7   16:48    NO
 6  14.4  19.1   16:12  11.4   06:47   3.9   0.0   0.0   3.9  28.5   16:24     N
 7  13.7  20.6   14:47   6.3   06:58   4.9   0.3   0.0   3.0  26.7   15:56   NNE
 8  15.6  22.5   15:42   8.7   04:54   3.6   0.9   0.0   5.7  30.4   16:08     N
 9  16.5  24.0   15:29   9.5   07:13   3.1   1.3   0.0   4.9  26.7   18:26   NNE
10  16.0  22.9   15:27  10.8   07:17   3.3   1.0   0.0   6.4  28.5   11:12     N
11  15.2  25.4   15:44   6.6   06:54   4.5   1.5   0.0   2.1  31.4   17:00   SSO
12  18.9  27.6   14:02  13.5   06:26   1.8   2.3   2.9   6.8  41.2   18:08   SSO
13  17.6  23.3   17:30  15.0   05:07   1.5   0.8   9.4   1.6  48.7   21:09    SO
14  16.4  22.2   14:01  12.7   23:54   2.4   0.5   4.4  10.9  58.5   14:36   SSO
15  14.8  19.1   14:43  11.3   07:17   3.6   0.1   0.0   5.9  35.6   13:16     S
16  16.8  24.6   16:39  13.5   06:41   2.4   0.9   7.4   1.0  17.3   15:06   SSO
17  15.3  17.7   00:00  12.8   15:38   3.0   0.0  14.9   5.7  32.3   14:41     S
18  15.4  20.1   15:31  12.4   23:55   3.0   0.2   0.0   5.7  31.4   15:23   SSO
19  14.0  18.5   13:00  10.0   04:11   4.3   0.0   1.5   2.6  22.9   16:17   SSO
20  15.1  20.4   14:45  11.8   22:51   3.5   0.2   0.0   2.6  21.1   18:17   NNE
21  14.4  22.7   17:11   8.4   07:27   4.5   0.6   0.0   2.4  21.1   15:46   SSO
22  14.2  18.7   13:05  10.9   23:16   4.1   0.0   7.7   9.9  53.8   14:03   SSO
23  12.6  16.4   17:16  10.1   08:02   5.7   0.0   0.6   5.9  27.6   09:36   SSO
24  13.5  21.0   15:24   8.6   07:14   5.2   0.4   0.0   2.2  19.2   12:46   SSO
25  13.3  21.2   14:57   6.6   06:41   5.6   0.6   0.0   1.9  18.3   14:28   NNE
26  15.2  20.7   15:01   9.1   02:55   3.6   0.6   0.2   9.6  35.1   16:27   NNE
27  14.4  20.3   14:42  10.3   07:08   4.2   0.3   0.0  12.7  36.5   15:03   NNE
28  12.8  19.3   16:05   7.2   07:06   5.7   0.3   0.0  12.8  38.4   10:37   NNE
29  13.8  20.1   15:38   8.6   07:37   5.0   0.5   0.0  14.0  40.2   16:31   NNE
30  12.6  19.2   16:05   7.7   05:13   6.0   0.3   0.0  10.6  34.2   15:46   NNE
----------------------------------------------------------------------------------
    15.4  27.6    12     6.3     7   108.2  20.5  49.6   5.5  58.5    14       N

Max >=  30.0:  0
Max <=   0.0:  0
Min <= -10.0:  0
Min <= -18.0:  0
Max Rain: 14.9 on day 17
Days of Rain: 11 (>= 0.2 mm)  6 (>= 2.0 mm)  0 (>= 20.0 mm)
Heat Base: 18.3  Cool Base: 18.3  Method: Integration


Mise à jour : 19/11/2019 19:37:01
powered by Cumulus v3.0.0 (3043)