METEO Meyenheim

 Latitude N 47° 54' 42"    Longitude E 07° 21' 22"    Altitude 210 m

Rapports de type NOAA
Selectionner un rapport Annuel ou mensuel
V/Λ2019 > Janvier Février Mars Avril Mai Juin Juillet Août Septembre Octobre Novembre Décembre
V/Λ2018 > Janvier Février Mars Avril Mai Juin Juillet Août Septembre Octobre Novembre Décembre
V/Λ2017 > Janvier Février Mars Avril Mai Juin Juillet Août Septembre Octobre Novembre Décembre
V/Λ2016 > Janvier Février Mars Avril Mai Juin Juillet Août Septembre Octobre Novembre Décembre
V/Λ2015 > Janvier Février Mars Avril Mai Juin Juillet Août Septembre Octobre Novembre Décembre
V/Λ2014 > Janvier Février Mars Avril Mai Juin Juillet Août Septembre Octobre Novembre Décembre
V/Λ2013 > Janvier Février Mars Avril Mai Juin Juillet Août Septembre Octobre Novembre Décembre
V/Λ2012 > Janvier Février Mars Avril Mai Juin Juillet Août Septembre Octobre Novembre Décembre
V/Λ2011 > Janvier Février Mars Avril Mai Juin Juillet Août Septembre Octobre Novembre Décembre
V/Λ2010 > Janvier Février Mars Avril Mai Juin Juillet Août Septembre Octobre Novembre Décembre
V/Λ2009 > Janvier Février Mars Avril Mai Juin Juillet Août Septembre Octobre Novembre Décembre
V/Λ2008 > Janvier Février Mars Avril Mai Juin Juillet Août Septembre Octobre Novembre Décembre
V/Λ2007 > Janvier Février Mars Avril Mai Juin Juillet Août Septembre Octobre Novembre Décembre
V/Λ2006 > Janvier Février Mars Avril Mai Juin Juillet Août Septembre Octobre Novembre Décembre
V/Λ2005 > Janvier Février Mars Avril Mai Juin Juillet Août Septembre Octobre Novembre Décembre
V/Λ2004 > Janvier Février Mars Avril Mai Juin Juillet Août Septembre Octobre Novembre Décembre
V/Λ2003 > Janvier Février Mars Avril Mai Juin Juillet Août Septembre Octobre Novembre Décembre
V/Λ2002 > Janvier Février Mars Avril Mai Juin Juillet Août Septembre Octobre Novembre Décembre

Rapport pour Octobre 2015
                   Monthly Climatological Summary for oct. 2015

Name: IALSACEM4   City: Meyenheim   State: 
Elevation: 210 m  Lat: N 47° 54' 42"   Lon: E 007° 21' 22"

                  Temperature (°C), Rain (mm), Wind Speed (km/h)

                                      Heat  Cool        Avg
    Mean                              Deg   Deg         Wind                 Dom
Day Temp  High   Time   Low    Time   Days  Days  Rain  Speed High   Time    Dir
----------------------------------------------------------------------------------
 1  10.9  16.6   16:07   6.0   06:55   7.4   0.0   0.0   9.3  25.7   10:01     N
 2  12.2  19.0   16:28   5.4   07:36   6.2   0.1   0.0   6.0  22.9   15:26   NNE
 3  15.4  23.4   16:14   9.2   06:56   3.9   1.0   0.0   3.2  21.1   15:35     S
 4  14.6  19.8   14:39  10.1   22:54   3.9   0.2   8.5   7.8  35.1   11:52   SSO
 5  15.1  21.8   14:38  10.1   00:00   3.7   0.5   3.5   3.5  18.3   05:56   SSO
 6  16.3  19.1   11:55  14.9   23:43   2.0   0.0   5.0   8.4  22.9   13:00     S
 7  15.2  19.0   15:09  10.5   23:58   3.1   0.0   0.4  11.0  36.5   13:07   SSO
 8  12.5  16.6   13:21   9.3   00:48   5.8   0.0   0.0   2.1  13.1   15:29     N
 9  12.8  18.1   16:17   7.9   04:19   5.5   0.0   0.0   5.2  22.9   16:17   NNE
10  12.2  16.1   16:43   8.2   06:35   6.1   0.0   0.0   9.3  32.3   15:58     N
11  11.6  15.9   15:47   8.5   08:10   6.7   0.0   0.0  11.5  32.3   16:00     N
12   9.7  15.6   15:40   6.3   09:17   8.6   0.0   0.0   7.9  27.6   07:07   NNE
13   8.8  14.3   16:13   5.0   05:39   9.5   0.0   0.0   3.3  32.3   18:53    NO
14   6.7   9.0   11:23   5.1   07:48  11.6   0.0   0.0   5.8  22.9   18:12     N
15   5.7   7.2   16:24   4.6   06:30  12.6   0.0   1.3   6.1  22.0   03:38     N
16   7.1  10.1   15:11   5.4   23:57  11.2   0.0   0.0   1.5  15.9   13:20    NE
17   6.1   8.4   14:20   3.9   02:19  12.2   0.0   0.2   1.3  17.3   12:32   SSO
18   8.0  12.9   14:36   6.0   05:54  10.3   0.0   0.0   3.2  18.3   16:37     N
19   8.3  13.5   15:08   4.4   23:25  10.0   0.0   0.0   4.7  22.0   14:43   NNE
20   6.7  13.9   15:43   0.4   06:44  11.6   0.0   0.0   3.5  26.7   14:52   NNE
21   9.0  14.5   15:39   3.6   07:03   9.3   0.0   0.0   1.2  14.0   14:31   NNE
22  10.0  13.7   14:31   6.3   05:04   8.3   0.0   0.0   6.9  26.7   17:03   SSO
23  12.4  16.4   13:50   9.8   08:00   5.9   0.0   0.0   2.3  16.8   16:06   ENE
24  12.5  18.7   13:51   4.8   08:11   5.8   0.0   0.0   5.3  33.2   14:26     S
25  14.1  19.4   12:52  10.9   06:58   4.4   0.1   0.0   4.8  21.1   04:38     N
26  10.1  16.6   14:14   7.1   07:35   8.2   0.0   0.0   2.5  22.9   15:54   NNE
27   9.8  14.1   14:20   7.0   03:18   8.5   0.0   0.0   2.4  15.9   15:54    NE
28  10.5  14.4   13:38   8.6   02:26   7.8   0.0   4.0   1.2  16.8   13:34    NE
29  11.2  16.6   13:12   7.7   23:55   7.1   0.0   2.4   1.0  13.1   12:00   ESE
30   8.1  12.4   14:54   5.0   23:55  10.2   0.0   0.2   1.2  13.1   14:00   NNE
31   8.2  14.2   14:58   4.0   23:57  10.1   0.0   0.0   0.5  11.2   17:19    NE
----------------------------------------------------------------------------------
    10.7  23.4     3     0.4    20   237.5   1.9  25.5   4.6  36.5     7       N

Max >=  30.0:  0
Max <=   0.0:  0
Min <= -10.0:  0
Min <= -18.0:  0
Max Rain: 8.5 on day 4
Days of Rain: 9 (>= 0.2 mm)  5 (>= 2.0 mm)  0 (>= 20.0 mm)
Heat Base: 18.3  Cool Base: 18.3  Method: Integration


Mise à jour : 20/11/2019 07:06:03
powered by Cumulus v3.0.0 (3043)