METEO Meyenheim

 Latitude N 47° 54' 42"    Longitude E 07° 21' 22"    Altitude 210 m

Rapports de type NOAA
Selectionner un rapport Annuel ou mensuel
V/Λ2019 > Janvier Février Mars Avril Mai Juin Juillet Août Septembre Octobre Novembre Décembre
V/Λ2018 > Janvier Février Mars Avril Mai Juin Juillet Août Septembre Octobre Novembre Décembre
V/Λ2017 > Janvier Février Mars Avril Mai Juin Juillet Août Septembre Octobre Novembre Décembre
V/Λ2016 > Janvier Février Mars Avril Mai Juin Juillet Août Septembre Octobre Novembre Décembre
V/Λ2015 > Janvier Février Mars Avril Mai Juin Juillet Août Septembre Octobre Novembre Décembre
V/Λ2014 > Janvier Février Mars Avril Mai Juin Juillet Août Septembre Octobre Novembre Décembre
V/Λ2013 > Janvier Février Mars Avril Mai Juin Juillet Août Septembre Octobre Novembre Décembre
V/Λ2012 > Janvier Février Mars Avril Mai Juin Juillet Août Septembre Octobre Novembre Décembre
V/Λ2011 > Janvier Février Mars Avril Mai Juin Juillet Août Septembre Octobre Novembre Décembre
V/Λ2010 > Janvier Février Mars Avril Mai Juin Juillet Août Septembre Octobre Novembre Décembre
V/Λ2009 > Janvier Février Mars Avril Mai Juin Juillet Août Septembre Octobre Novembre Décembre
V/Λ2008 > Janvier Février Mars Avril Mai Juin Juillet Août Septembre Octobre Novembre Décembre
V/Λ2007 > Janvier Février Mars Avril Mai Juin Juillet Août Septembre Octobre Novembre Décembre
V/Λ2006 > Janvier Février Mars Avril Mai Juin Juillet Août Septembre Octobre Novembre Décembre
V/Λ2005 > Janvier Février Mars Avril Mai Juin Juillet Août Septembre Octobre Novembre Décembre
V/Λ2004 > Janvier Février Mars Avril Mai Juin Juillet Août Septembre Octobre Novembre Décembre
V/Λ2003 > Janvier Février Mars Avril Mai Juin Juillet Août Septembre Octobre Novembre Décembre
V/Λ2002 > Janvier Février Mars Avril Mai Juin Juillet Août Septembre Octobre Novembre Décembre

Rapport pour Novembre 2015
                   Monthly Climatological Summary for nov. 2015

Name: IALSACEM4   City: Meyenheim   State: 
Elevation: 210 m  Lat: N 47° 54' 42"   Lon: E 007° 21' 22"

                  Temperature (°C), Rain (mm), Wind Speed (km/h)

                                      Heat  Cool        Avg
    Mean                              Deg   Deg         Wind                 Dom
Day Temp  High   Time   Low    Time   Days  Days  Rain  Speed High   Time    Dir
----------------------------------------------------------------------------------
 1   5.6   9.5   13:46   1.5   05:59  12.7   0.0   0.2   1.4  15.9   18:09     N
 2   7.7   9.9   14:19   6.0   03:39  10.6   0.0   0.4   0.6  13.1   21:46    NO
 3   6.9   8.4   16:17   5.7   07:21  11.4   0.0   0.2   0.4  13.1   11:59     N
 4  10.6  17.6   14:39   4.6   05:57   7.7   0.0   0.0   3.1  21.1   12:07     S
 5  12.1  20.1   14:55   6.7   08:04   6.3   0.1   0.0   1.4  13.1   09:52   SSO
 6  15.2  21.7   12:59  10.4   01:55   3.5   0.4   0.0  10.3  36.5   13:00   SSO
 7  17.7  23.9   14:50  14.7   04:35   1.7   1.1   0.2   7.4  25.7   04:39     S
 8  15.4  22.5   14:15   9.7   07:29   3.6   0.7   0.0   4.0  26.7   21:41     S
 9  16.3  21.6   12:54  11.6   23:21   2.3   0.3   0.0  12.1  43.1   12:07   SSO
10  11.9  19.6   14:19   5.0   23:55   6.5   0.1   0.0   5.7  26.7   11:10     S
11   7.5  15.1   14:51   2.4   05:34  10.8   0.0   0.2   1.3  21.1   06:05    SO
12   7.9  17.0   13:22   1.6   03:34  10.4   0.0   0.0   4.2  18.3   11:18   SSO
13  10.8  15.6   13:28   5.3   04:20   7.5   0.0   0.0  10.3  37.4   20:06   SSO
14  10.9  15.0   12:58   5.8   06:50   7.4   0.0   0.0   8.2  30.4   20:17   SSO
15  13.2  17.5   13:52  10.3   06:34   5.1   0.0   0.0  17.2  53.4   01:38     S
16  12.3  18.7   11:44   8.0   05:50   6.0   0.0   0.0  13.0  41.2   12:34     S
17  13.5  15.3   20:33   9.9   01:45   4.8   0.0   0.0  19.7  59.4   20:03   SSO
18  15.1  18.3   13:18  12.7   23:47   3.2   0.0   0.0  19.0  52.4   01:32   SSO
19  14.0  17.4   13:21  12.2   04:52   4.3   0.0   0.2  18.7  53.8   13:56   SSO
20  12.2  15.3   01:23   7.4   23:51   6.1   0.0  27.0  15.2  58.5   03:11     S
21   4.5   7.4   00:00   1.6   18:19  13.8   0.0   0.9   9.4  36.5   15:11   SSO
22   3.0   5.9   15:02   1.8   19:05  15.3   0.0   1.3   3.2  25.7   00:00   SSO
23   2.7   7.1   13:15  -0.9   23:57  15.6   0.0   0.2   3.0  16.8   00:35    SE
24   0.5   3.6   21:48  -3.4   07:31  17.8   0.0   0.0   9.8  53.8   22:42     S
25   4.5   9.7   14:06   2.0   02:10  13.8   0.0   2.6  11.4  38.4   04:04     S
26   3.7   6.3   13:13   2.6   23:59  14.6   0.0   3.9   0.7  21.1   16:46   NNE
27   1.3   2.6   00:00  -0.7   23:49  17.0   0.0   0.2   3.2  17.3   04:04   NNE
28   3.7   9.1   14:25  -0.9   00:09  14.6   0.0   0.0  12.5  35.1   04:41   SSO
29   6.8  10.4   23:54   4.1   00:00  11.5   0.0   1.3  20.8  54.8   21:36   SSO
30  10.5  13.5   13:25   9.6   00:47   7.8   0.0   0.4  21.7  54.8   13:51   SSO
----------------------------------------------------------------------------------
     9.3  23.9     7    -3.4    24   273.7   2.7  39.2   9.0  59.4    17     SSO

Max >=  30.0:  0
Max <=   0.0:  0
Min <= -10.0:  0
Min <= -18.0:  0
Max Rain: 27.0 on day 20
Days of Rain: 15 (>= 0.2 mm)  3 (>= 2.0 mm)  1 (>= 20.0 mm)
Heat Base: 18.3  Cool Base: 18.3  Method: Integration


Mise à jour : 21/08/2019 06:41:18
powered by Cumulus v3.0.0 (3043)