METEO Meyenheim

 Latitude N 47° 54' 42"    Longitude E 07° 21' 22"    Altitude 210 m

Rapports de type NOAA
Selectionner un rapport Annuel ou mensuel
V/Λ2019 > Janvier Février Mars Avril Mai Juin Juillet Août Septembre Octobre Novembre Décembre
V/Λ2018 > Janvier Février Mars Avril Mai Juin Juillet Août Septembre Octobre Novembre Décembre
V/Λ2017 > Janvier Février Mars Avril Mai Juin Juillet Août Septembre Octobre Novembre Décembre
V/Λ2016 > Janvier Février Mars Avril Mai Juin Juillet Août Septembre Octobre Novembre Décembre
V/Λ2015 > Janvier Février Mars Avril Mai Juin Juillet Août Septembre Octobre Novembre Décembre
V/Λ2014 > Janvier Février Mars Avril Mai Juin Juillet Août Septembre Octobre Novembre Décembre
V/Λ2013 > Janvier Février Mars Avril Mai Juin Juillet Août Septembre Octobre Novembre Décembre
V/Λ2012 > Janvier Février Mars Avril Mai Juin Juillet Août Septembre Octobre Novembre Décembre
V/Λ2011 > Janvier Février Mars Avril Mai Juin Juillet Août Septembre Octobre Novembre Décembre
V/Λ2010 > Janvier Février Mars Avril Mai Juin Juillet Août Septembre Octobre Novembre Décembre
V/Λ2009 > Janvier Février Mars Avril Mai Juin Juillet Août Septembre Octobre Novembre Décembre
V/Λ2008 > Janvier Février Mars Avril Mai Juin Juillet Août Septembre Octobre Novembre Décembre
V/Λ2007 > Janvier Février Mars Avril Mai Juin Juillet Août Septembre Octobre Novembre Décembre
V/Λ2006 > Janvier Février Mars Avril Mai Juin Juillet Août Septembre Octobre Novembre Décembre
V/Λ2005 > Janvier Février Mars Avril Mai Juin Juillet Août Septembre Octobre Novembre Décembre
V/Λ2004 > Janvier Février Mars Avril Mai Juin Juillet Août Septembre Octobre Novembre Décembre
V/Λ2003 > Janvier Février Mars Avril Mai Juin Juillet Août Septembre Octobre Novembre Décembre
V/Λ2002 > Janvier Février Mars Avril Mai Juin Juillet Août Septembre Octobre Novembre Décembre

Rapport pour Décembre 2015
                   Monthly Climatological Summary for déc. 2015

Name: IALSACEM4   City: Meyenheim   State: 
Elevation: 210 m  Lat: N 47° 54' 42"   Lon: E 007° 21' 22"

                  Temperature (°C), Rain (mm), Wind Speed (km/h)

                                      Heat  Cool        Avg
    Mean                              Deg   Deg         Wind                 Dom
Day Temp  High   Time   Low    Time   Days  Days  Rain  Speed High   Time    Dir
----------------------------------------------------------------------------------
 1  10.3  12.7   11:21   7.1   21:53   8.0   0.0   0.0  16.0  48.7   01:13   SSO
 2   8.1  13.5   12:12   1.6   23:16  10.2   0.0   0.0   0.8  12.2   10:42   SSE
 3   1.9   3.9   14:16   0.1   22:57  16.4   0.0   0.2   3.4  18.3   07:47   SSO
 4   4.6   8.3   13:05  -0.7   02:09  13.7   0.0   0.0   5.9  36.5   06:02   SSE
 5   7.0  12.2   13:01   3.8   07:45  11.3   0.0   0.2   6.8  35.1   20:57     S
 6   8.3  15.4   14:46   3.3   08:10  10.0   0.0   0.0   9.6  35.6   14:43   SSE
 7   9.0  15.4   13:21   2.9   23:50   9.3   0.0   0.0   5.3  22.9   12:42     S
 8   5.5  12.7   14:44   0.7   08:24  12.7   0.0   0.4   4.6  21.1   18:42     S
 9   7.2  12.7   12:33   0.0   23:59  11.1   0.0   1.1   3.0  22.9   03:42    SE
10   1.7   8.1   13:25  -2.5   06:52  16.6   0.0   0.2   6.0  22.9   12:13   SSO
11   5.5  10.8   12:59   0.1   00:00  12.8   0.0   0.0  11.0  35.1   22:05   SSE
12   7.8  13.6   14:19   2.2   22:42  10.5   0.0   0.0   9.6  31.4   03:11     S
13   3.9  12.0   13:26   0.1   23:57  14.4   0.0   0.2   2.0  13.1   02:24   SSE
14   3.0   9.4   14:47  -1.7   05:03  15.3   0.0   0.4   2.7  17.3   11:14   SSO
15   4.9   8.7   13:21   1.2   03:28  13.4   0.0   0.0   5.7  22.0   23:33   SSO
16   9.8  12.9   15:35   6.0   02:42   8.5   0.0   3.1  12.5  35.1   04:28   SSE
17  11.9  17.4   14:53   8.5   19:58   6.4   0.0   0.0   7.3  22.9   12:31     S
18  10.3  13.5   14:32   8.5   23:29   8.0   0.0   0.0   8.2  31.4   01:46   SSE
19   7.3  14.5   14:27   2.9   08:16  11.0   0.0   0.0   1.8  15.9   13:04   SSO
20   9.3  15.7   13:48   3.8   00:00   9.0   0.0   0.2  10.2  31.4   10:31     S
21   9.8  12.8   14:56   8.0   20:33   8.5   0.0   0.2  14.0  36.5   13:48     S
22  11.0  14.7   12:25   8.4   07:01   7.3   0.0   0.0  14.3  35.1   13:30   SSE
23  10.1  15.1   11:56   5.6   04:54   8.2   0.0   0.0  11.4  44.9   01:37     S
24  10.5  15.0   14:41   7.0   06:53   7.8   0.0   0.0   9.1  32.3   11:39    SE
25  11.8  16.0   13:30   8.4   08:58   6.5   0.0   0.0  12.4  31.4   17:09   SSE
26   8.2  14.7   14:52   4.5   06:56  10.0   0.0   0.0   7.5  32.3   12:27     S
27   6.3  14.6   13:35   1.4   23:56  12.0   0.0   0.0   5.3  21.1   06:30     S
28   3.1  12.2   14:57  -1.4   07:55  15.2   0.0   0.4   1.5  17.3   12:14     S
29   4.1  12.9   14:05  -2.5   07:47  14.2   0.0   0.2   4.8  27.6   18:05     S
30   2.4   5.2   12:32  -0.3   23:52  15.9   0.0   0.0   0.4  13.1   18:33    SO
31   5.9  10.5   14:11  -0.9   00:29  12.4   0.0   0.2   6.6  22.9   06:48     S
----------------------------------------------------------------------------------
     7.1  17.4    17    -2.5    10   346.6   0.0   7.0   7.1  48.7     1       S

Max >=  30.0:  0
Max <=   0.0:  0
Min <= -10.0:  0
Min <= -18.0:  0
Max Rain: 3.1 on day 16
Days of Rain: 13 (>= 0.2 mm)  1 (>= 2.0 mm)  0 (>= 20.0 mm)
Heat Base: 18.3  Cool Base: 18.3  Method: Integration


Mise à jour : 18/10/2019 05:52:06
powered by Cumulus v3.0.0 (3043)