METEO Meyenheim

 Latitude N 47° 54' 42"    Longitude E 07° 21' 22"    Altitude 210 m

Rapports de type NOAA
Selectionner un rapport Annuel ou mensuel
V/Λ2019 > Janvier Février Mars Avril Mai Juin Juillet Août Septembre Octobre Novembre Décembre
V/Λ2018 > Janvier Février Mars Avril Mai Juin Juillet Août Septembre Octobre Novembre Décembre
V/Λ2017 > Janvier Février Mars Avril Mai Juin Juillet Août Septembre Octobre Novembre Décembre
V/Λ2016 > Janvier Février Mars Avril Mai Juin Juillet Août Septembre Octobre Novembre Décembre
V/Λ2015 > Janvier Février Mars Avril Mai Juin Juillet Août Septembre Octobre Novembre Décembre
V/Λ2014 > Janvier Février Mars Avril Mai Juin Juillet Août Septembre Octobre Novembre Décembre
V/Λ2013 > Janvier Février Mars Avril Mai Juin Juillet Août Septembre Octobre Novembre Décembre
V/Λ2012 > Janvier Février Mars Avril Mai Juin Juillet Août Septembre Octobre Novembre Décembre
V/Λ2011 > Janvier Février Mars Avril Mai Juin Juillet Août Septembre Octobre Novembre Décembre
V/Λ2010 > Janvier Février Mars Avril Mai Juin Juillet Août Septembre Octobre Novembre Décembre
V/Λ2009 > Janvier Février Mars Avril Mai Juin Juillet Août Septembre Octobre Novembre Décembre
V/Λ2008 > Janvier Février Mars Avril Mai Juin Juillet Août Septembre Octobre Novembre Décembre
V/Λ2007 > Janvier Février Mars Avril Mai Juin Juillet Août Septembre Octobre Novembre Décembre
V/Λ2006 > Janvier Février Mars Avril Mai Juin Juillet Août Septembre Octobre Novembre Décembre
V/Λ2005 > Janvier Février Mars Avril Mai Juin Juillet Août Septembre Octobre Novembre Décembre
V/Λ2004 > Janvier Février Mars Avril Mai Juin Juillet Août Septembre Octobre Novembre Décembre
V/Λ2003 > Janvier Février Mars Avril Mai Juin Juillet Août Septembre Octobre Novembre Décembre
V/Λ2002 > Janvier Février Mars Avril Mai Juin Juillet Août Septembre Octobre Novembre Décembre

Rapport pour Janvier 2016
                   Monthly Climatological Summary for janv. 2016

Name:    City: Meyenheim   State: Alsace, FR
Elevation: 210 m  Lat: N 47 54 42   Lon: E 007 21 20

                  Temperature (°C), Rain (mm), Wind Speed (km/h)

                                      Heat  Cool        Avg
    Mean                              Deg   Deg         Wind                 Dom
Day Temp  High   Time   Low    Time   Days  Days  Rain  Speed High   Time    Dir
----------------------------------------------------------------------------------
01   4.6   6.8   00:00   2.4   05:15  13.7   0.0   0.2   1.3  15.9   01:49   ONO
02   6.0   7.7   12:04   3.7   01:59  12.3   0.0   3.8   3.7  27.6   16:36   SSO
03   6.3   9.2   12:10   3.8   23:57  12.0   0.0   4.2   4.8  27.6   01:51     S
04   6.2  10.4   13:16   3.3   01:17  12.1   0.0   8.5   7.0  36.5   13:26     S
05   5.9   8.8   13:00   3.7   07:39  12.4   0.0   1.8   5.9  47.6   11:22     S
06   5.6   8.3   14:19   4.2   01:55  12.7   0.0   0.2   5.4  40.4   16:57     S
07   5.8   9.2   17:50   3.6   04:22  12.5   0.0   4.0   5.1  48.3   20:49   SSO
08   5.3   6.4   14:20   4.1   07:53  13.0   0.0   5.2   2.4  31.7   04:09   SSO
09   6.2  10.2   14:25   4.4   23:18  12.1   0.0   0.0   2.3  33.2   17:34     S
10   6.5   8.7   13:22   4.6   00:00  11.8   0.0   8.3   6.8  47.6   21:37     S
11   5.9   8.5   14:06   3.3   07:42  12.4   0.0  18.0   8.5  52.6   15:32   SSO
12   5.6   8.1   13:16   4.3   22:31  12.7   0.0  14.9   9.2  50.5   18:06   SSO
13   3.9   5.1   12:28   2.1   23:59  14.4   0.0   0.9  10.1  49.7   05:37   SSO
14   1.9   5.3   13:45  -0.6   04:42  16.4   0.0   0.9   4.5  34.6   17:33   SSO
15   2.4   4.1   15:14   1.0   21:10  15.9   0.0   0.7   7.9  38.2   01:11    SO
16   1.4   5.1   14:31  -1.0   23:43  16.9   0.0   0.0   2.1  34.6   14:19    SO
17  -0.2   3.2   13:45  -3.6   23:56  18.5   0.0   0.6   3.0  33.9   00:42    NO
18  -3.8  -1.4   14:28  -6.2   04:42  22.1   0.0   0.0   0.8  30.3   11:32   NNE
19  -1.7  -0.5   14:18  -3.1   01:12  20.7   0.0   0.0   1.1  25.2   08:27     N
20  -2.8  -1.5   00:00  -4.6   23:55  21.1   0.0   0.0   3.1  32.4   09:41     N
21  -3.8  -2.4   22:13  -5.1   07:31  22.1   0.0   0.0   1.3  30.3   06:09   NNO
22  -1.9   2.5   23:55  -4.9   08:46  20.2   0.0   1.3   1.6  31.7   12:54     S
23   5.1  10.8   13:58   0.0   23:52  13.2   0.0   0.2   3.8  35.3   08:56   SSO
24   2.7   6.6   20:05  -1.2   03:06  15.6   0.0   0.0   1.5  37.5   10:42     S
25   5.2  13.3   15:12  -0.4   07:47  13.1   0.0   0.0   2.0  33.9   15:26   SSO
26   8.5  16.4   14:17   1.9   02:58   9.8   0.0   0.0   5.1  39.7   09:12     S
27  10.5  14.1   14:22   6.4   00:06   7.8   0.0   0.0   6.9  36.8   15:37     S
28   9.9  12.5   05:45   6.5   23:34   8.4   0.0   3.5   6.5  44.0   02:49    SO
29   6.5  10.5   13:58   4.1   20:40  11.8   0.0   0.7   4.7  40.4   13:29   SSO
30   7.0  10.0   16:04   3.7   04:47  11.2   0.0  10.3  11.1  54.8   12:24   SSO
31   7.8  12.4   23:14   4.7   08:03  10.5   0.0   2.8   6.9  41.8   22:43   SSO
----------------------------------------------------------------------------------
     4.1  16.4    26    -6.2    18   439.4   0.0  91.0   4.7  54.8    30     SSO

Max >=  27.0  0
Max <=   0.0  4
Min <= -10.0  0
Min <= -18.0  0
Max Rain: 18.0 on day 11
Days of Rain: 21 (>= 0.2 mm)  11 (>= 2.0 mm)  0 (>= 20.0 mm)
Heat Base: 18.3  Cool Base: 18.3  Method: Integration


Mise à jour : 18/10/2019 07:06:06
powered by Cumulus v3.0.0 (3043)