METEO Meyenheim

 Latitude N 47° 54' 42"    Longitude E 07° 21' 22"    Altitude 210 m

Rapports de type NOAA
Selectionner un rapport Annuel ou mensuel
V/Λ2019 > Janvier Février Mars Avril Mai Juin Juillet Août Septembre Octobre Novembre Décembre
V/Λ2018 > Janvier Février Mars Avril Mai Juin Juillet Août Septembre Octobre Novembre Décembre
V/Λ2017 > Janvier Février Mars Avril Mai Juin Juillet Août Septembre Octobre Novembre Décembre
V/Λ2016 > Janvier Février Mars Avril Mai Juin Juillet Août Septembre Octobre Novembre Décembre
V/Λ2015 > Janvier Février Mars Avril Mai Juin Juillet Août Septembre Octobre Novembre Décembre
V/Λ2014 > Janvier Février Mars Avril Mai Juin Juillet Août Septembre Octobre Novembre Décembre
V/Λ2013 > Janvier Février Mars Avril Mai Juin Juillet Août Septembre Octobre Novembre Décembre
V/Λ2012 > Janvier Février Mars Avril Mai Juin Juillet Août Septembre Octobre Novembre Décembre
V/Λ2011 > Janvier Février Mars Avril Mai Juin Juillet Août Septembre Octobre Novembre Décembre
V/Λ2010 > Janvier Février Mars Avril Mai Juin Juillet Août Septembre Octobre Novembre Décembre
V/Λ2009 > Janvier Février Mars Avril Mai Juin Juillet Août Septembre Octobre Novembre Décembre
V/Λ2008 > Janvier Février Mars Avril Mai Juin Juillet Août Septembre Octobre Novembre Décembre
V/Λ2007 > Janvier Février Mars Avril Mai Juin Juillet Août Septembre Octobre Novembre Décembre
V/Λ2006 > Janvier Février Mars Avril Mai Juin Juillet Août Septembre Octobre Novembre Décembre
V/Λ2005 > Janvier Février Mars Avril Mai Juin Juillet Août Septembre Octobre Novembre Décembre
V/Λ2004 > Janvier Février Mars Avril Mai Juin Juillet Août Septembre Octobre Novembre Décembre
V/Λ2003 > Janvier Février Mars Avril Mai Juin Juillet Août Septembre Octobre Novembre Décembre
V/Λ2002 > Janvier Février Mars Avril Mai Juin Juillet Août Septembre Octobre Novembre Décembre

Rapport pour Février 2016
                   Monthly Climatological Summary for févr. 2016

Name:    City: Meyenheim   State: Alsace, FR
Elevation: 210 m  Lat: N 47 54 42   Lon: E 007 21 20

                  Temperature (°C), Rain (mm), Wind Speed (km/h)

                                      Heat  Cool        Avg
    Mean                              Deg   Deg         Wind                 Dom
Day Temp  High   Time   Low    Time   Days  Days  Rain  Speed High   Time    Dir
----------------------------------------------------------------------------------
01  11.9  13.9   11:31  10.1   21:12   6.4   0.0   0.0  10.0  43.3   15:28   SSO
02  10.7  13.4   13:27   9.7   23:52   7.6   0.0   0.0  11.7  47.6   20:35   SSO
03   5.5   9.7   00:00   2.4   23:42  12.8   0.0   2.2   4.8  42.5   13:08    SO
04   3.8   6.2   23:21   1.6   03:55  14.5   0.0   1.3   9.0  50.5   16:52   SSO
05   7.7  12.5   15:04   5.0   21:34  10.6   0.0   0.0   3.9  35.3   16:43   SSO
06   8.3  15.1   14:46   4.4   08:12  10.0   0.0   0.0   6.2  43.3   05:57     S
07   6.1   8.7   11:24   4.2   05:25  12.2   0.0   1.1   5.9  42.5   14:41   SSO
08   8.3  11.6   12:19   4.7   01:19   9.9   0.0  10.7  10.9  57.7   13:11   SSO
09   8.6  12.9   15:55   4.5   22:45   9.6   0.0  11.4  11.6  90.8   21:59   SSO
10   3.7   6.0   14:27   2.1   03:13  14.6   0.0   1.7  10.6  51.2   16:47   SSO
11   4.4   8.6   13:54   2.9   23:35  13.9   0.0   0.0   5.1  36.8   06:51   SSO
12   2.2   5.5   12:11   0.4   08:14  16.1   0.0   7.9   2.1  38.9   15:34   SSO
13   5.7   8.8   13:45   0.9   00:00  12.6   0.0  11.4   6.1  54.1   23:33   SSO
14   6.1   8.6   00:33   2.5   23:17  12.2   0.0   3.3   7.4  47.6   00:14   SSO
15   3.1   4.0   14:48   2.2   21:58  15.2   0.0   0.4   2.9  43.3   22:23     N
16   1.8   2.7   00:00   1.0   23:55  16.5   0.0   0.0  11.9  46.9   13:42     N
17   1.1   2.5   23:06   0.0   05:37  17.2   0.0   0.0   4.9  28.8   05:37     N
18   4.6   8.7   16:11   1.7   07:39  13.7   0.0   0.9   4.0  37.5   06:32     S
19   4.2   6.7   11:45   2.0   23:55  14.1   0.0   0.4   4.0  41.1   22:40    SO
20   5.0   9.3   23:29   1.2   04:30  13.3   0.0   0.7  12.3  59.1   20:15     S
21  11.5  14.3   15:58   9.3   00:00   6.8   0.0   0.0  12.2  50.5   03:16   SSO
22  11.6  15.5   14:04   8.6   03:11   6.7   0.0   0.0   7.4  43.3   09:06   SSO
23   7.0  10.4   00:06   1.9   23:29  11.3   0.0   2.9   7.7  46.9   10:38   SSO
24   2.7   7.5   13:25  -1.1   07:08  15.6   0.0   4.0   1.8  32.4   08:47     S
25   2.3   6.3   12:37   0.2   02:06  16.0   0.0  10.7   1.6  32.4   12:09   NNO
26   2.4   6.0   13:32  -1.6   08:08  15.9   0.0   0.7   1.8  33.9   18:46     N
27   2.1   7.9   14:23  -3.4   07:36  16.2   0.0   0.0   4.9  40.4   20:23     N
28   2.9   4.8   15:34   1.1   08:05  15.4   0.0   0.0  11.0  43.3   02:07   NNO
29   2.8   3.7   11:38   2.3   05:18  15.5   0.0   0.0   9.1  52.6   06:46     N
----------------------------------------------------------------------------------
     5.5  15.5    22    -3.4    27   372.4   0.0  71.7   7.0  90.8     9     SSO

Max >=  27.0  0
Max <=   0.0  0
Min <= -10.0  0
Min <= -18.0  0
Max Rain: 11.4 on day 9
Days of Rain: 17 (>= 0.2 mm)  9 (>= 2.0 mm)  0 (>= 20.0 mm)
Heat Base: 18.3  Cool Base: 18.3  Method: Integration


Mise à jour : 19/11/2019 18:25:01
powered by Cumulus v3.0.0 (3043)