METEO Meyenheim

 Latitude N 47° 54' 42"    Longitude E 07° 21' 22"    Altitude 210 m

Rapports de type NOAA
Selectionner un rapport Annuel ou mensuel
V/Λ2019 > Janvier Février Mars Avril Mai Juin Juillet Août Septembre Octobre Novembre Décembre
V/Λ2018 > Janvier Février Mars Avril Mai Juin Juillet Août Septembre Octobre Novembre Décembre
V/Λ2017 > Janvier Février Mars Avril Mai Juin Juillet Août Septembre Octobre Novembre Décembre
V/Λ2016 > Janvier Février Mars Avril Mai Juin Juillet Août Septembre Octobre Novembre Décembre
V/Λ2015 > Janvier Février Mars Avril Mai Juin Juillet Août Septembre Octobre Novembre Décembre
V/Λ2014 > Janvier Février Mars Avril Mai Juin Juillet Août Septembre Octobre Novembre Décembre
V/Λ2013 > Janvier Février Mars Avril Mai Juin Juillet Août Septembre Octobre Novembre Décembre
V/Λ2012 > Janvier Février Mars Avril Mai Juin Juillet Août Septembre Octobre Novembre Décembre
V/Λ2011 > Janvier Février Mars Avril Mai Juin Juillet Août Septembre Octobre Novembre Décembre
V/Λ2010 > Janvier Février Mars Avril Mai Juin Juillet Août Septembre Octobre Novembre Décembre
V/Λ2009 > Janvier Février Mars Avril Mai Juin Juillet Août Septembre Octobre Novembre Décembre
V/Λ2008 > Janvier Février Mars Avril Mai Juin Juillet Août Septembre Octobre Novembre Décembre
V/Λ2007 > Janvier Février Mars Avril Mai Juin Juillet Août Septembre Octobre Novembre Décembre
V/Λ2006 > Janvier Février Mars Avril Mai Juin Juillet Août Septembre Octobre Novembre Décembre
V/Λ2005 > Janvier Février Mars Avril Mai Juin Juillet Août Septembre Octobre Novembre Décembre
V/Λ2004 > Janvier Février Mars Avril Mai Juin Juillet Août Septembre Octobre Novembre Décembre
V/Λ2003 > Janvier Février Mars Avril Mai Juin Juillet Août Septembre Octobre Novembre Décembre
V/Λ2002 > Janvier Février Mars Avril Mai Juin Juillet Août Septembre Octobre Novembre Décembre

Rapport pour Mars 2016
                   Monthly Climatological Summary for mars 2016

Name:    City: Meyenheim   State: Alsace, FR
Elevation: 210 m  Lat: N 47 54 42   Lon: E 007 21 20

                  Temperature (°C), Rain (mm), Wind Speed (km/h)

                                      Heat  Cool        Avg
    Mean                              Deg   Deg         Wind                 Dom
Day Temp  High   Time   Low    Time   Days  Days  Rain  Speed High   Time    Dir
----------------------------------------------------------------------------------
01   4.0   8.4   14:55   0.0   07:11  14.3   0.0   0.0   6.6  48.3   13:45   SSO
02   5.1   9.0   13:18   2.2   19:49  13.2   0.0   2.9   8.8  49.7   19:13     S
03   3.3   6.7   15:34   0.5   23:59  15.0   0.0   1.5   6.0  50.5   06:54   SSO
04   2.9   5.5   18:03  -0.6   02:46  15.4   0.0   9.6   4.2  39.7   12:53     S
05   5.3   9.2   15:12   2.7   20:39  13.0   0.0   6.8   6.8  45.4   10:50     S
06   3.7   7.5   13:24   1.9   06:18  14.6   0.0   0.2   6.9  40.4   03:37   SSO
07   2.2   5.5   12:32  -0.4   06:53  16.1   0.0   0.2   3.9  44.0   13:27   SSO
08   1.9   4.4   12:19  -0.4   23:58  16.4   0.0   2.8   1.1  25.2   14:18   SSE
09   2.5   8.9   15:31  -3.0   07:25  15.8   0.0   0.2   2.5  31.7   11:41     S
10   5.7  11.3   14:42   1.5   06:39  12.6   0.0   0.0   4.5  44.0   18:00   NNO
11   5.2  10.1   14:23   0.9   07:21  13.1   0.0   0.0   8.6  45.4   13:26     N
12   6.2  10.0   14:49   3.1   06:52  12.1   0.0   0.0   9.2  46.1   09:02     N
13   5.9   9.7   13:54   3.1   04:24  12.4   0.0   0.0  13.1  51.9   11:14     N
14   5.7  10.5   15:37   2.5   05:58  12.6   0.0   0.0   7.9  49.0   03:15     N
15   3.7   9.5   14:24   0.2   07:08  14.6   0.0   1.1   6.9  43.3   22:47     N
16   4.8   8.5   17:26   1.8   04:25  13.5   0.0   0.0  10.6  43.3   07:15     N
17   5.4  12.3   15:21  -0.5   07:06  12.9   0.0   0.0   4.3  38.2   00:13     N
18   6.1  16.3   16:06  -1.8   06:51  12.2   0.0   0.0   1.8  38.9   15:48     N
19   4.2  10.1   15:22  -0.6   05:16  14.1   0.0   0.0   5.6  44.0   16:33     N
20   5.0  10.6   16:43  -0.2   04:47  13.3   0.0   0.0   3.1  32.4   15:41   NNE
21   7.1  12.8   14:32   3.7   00:00  11.2   0.0   0.0   5.0  37.5   03:31     N
22   7.7  12.9   14:05   1.9   06:01  10.6   0.0   0.0   7.1  48.3   09:51     N
23   8.1  11.8   12:46   5.7   04:58  10.2   0.0   0.0   6.4  41.1   15:57     N
24   6.7  13.7   15:37  -0.4   06:29  11.6   0.0   0.0   1.7  29.6   10:34     N
25   7.6  10.2   16:29   6.0   00:54  10.7   0.0   0.0   7.5  36.0   19:40   SSO
26  10.9  19.1   16:24   4.0   06:47   7.5   0.0   0.0   3.0  44.0   09:21   SSO
27   9.3  12.2   08:39   4.2   23:05   8.6   0.0   0.4   5.7  44.7   14:35    SO
28   9.3  17.8   16:28   2.2   04:02   9.0   0.0   0.9   9.6  89.4   18:30    SO
29  11.7  16.0   15:27   6.6   07:31   6.5   0.0   0.0   9.4  64.2   01:07    SO
30  11.9  16.5   17:16   8.2   23:56   6.4   0.0   1.5   4.2  39.7   05:52   SSO
31  11.4  18.1   14:22   7.2   00:55   6.9   0.0   0.4   2.5  38.2   13:53     N
----------------------------------------------------------------------------------
     6.1  19.1    26    -3.0     9   376.4   0.0  28.5   5.9  89.4    28     ONO

Max >=  27.0  0
Max <=   0.0  0
Min <= -10.0  0
Min <= -18.0  0
Max Rain: 9.6 on day 4
Days of Rain: 13 (>= 0.2 mm)  4 (>= 2.0 mm)  0 (>= 20.0 mm)
Heat Base: 18.3  Cool Base: 18.3  Method: Integration


Mise à jour : 19/11/2019 18:25:01
powered by Cumulus v3.0.0 (3043)