METEO Meyenheim

 Latitude N 47° 54' 42"    Longitude E 07° 21' 22"    Altitude 210 m

Rapports de type NOAA
Selectionner un rapport Annuel ou mensuel
V/Λ2019 > Janvier Février Mars Avril Mai Juin Juillet Août Septembre Octobre Novembre Décembre
V/Λ2018 > Janvier Février Mars Avril Mai Juin Juillet Août Septembre Octobre Novembre Décembre
V/Λ2017 > Janvier Février Mars Avril Mai Juin Juillet Août Septembre Octobre Novembre Décembre
V/Λ2016 > Janvier Février Mars Avril Mai Juin Juillet Août Septembre Octobre Novembre Décembre
V/Λ2015 > Janvier Février Mars Avril Mai Juin Juillet Août Septembre Octobre Novembre Décembre
V/Λ2014 > Janvier Février Mars Avril Mai Juin Juillet Août Septembre Octobre Novembre Décembre
V/Λ2013 > Janvier Février Mars Avril Mai Juin Juillet Août Septembre Octobre Novembre Décembre
V/Λ2012 > Janvier Février Mars Avril Mai Juin Juillet Août Septembre Octobre Novembre Décembre
V/Λ2011 > Janvier Février Mars Avril Mai Juin Juillet Août Septembre Octobre Novembre Décembre
V/Λ2010 > Janvier Février Mars Avril Mai Juin Juillet Août Septembre Octobre Novembre Décembre
V/Λ2009 > Janvier Février Mars Avril Mai Juin Juillet Août Septembre Octobre Novembre Décembre
V/Λ2008 > Janvier Février Mars Avril Mai Juin Juillet Août Septembre Octobre Novembre Décembre
V/Λ2007 > Janvier Février Mars Avril Mai Juin Juillet Août Septembre Octobre Novembre Décembre
V/Λ2006 > Janvier Février Mars Avril Mai Juin Juillet Août Septembre Octobre Novembre Décembre
V/Λ2005 > Janvier Février Mars Avril Mai Juin Juillet Août Septembre Octobre Novembre Décembre
V/Λ2004 > Janvier Février Mars Avril Mai Juin Juillet Août Septembre Octobre Novembre Décembre
V/Λ2003 > Janvier Février Mars Avril Mai Juin Juillet Août Septembre Octobre Novembre Décembre
V/Λ2002 > Janvier Février Mars Avril Mai Juin Juillet Août Septembre Octobre Novembre Décembre

Rapport pour Avril 2016
                   Monthly Climatological Summary for avr. 2016

Name:    City: Meyenheim   State: Alsace, FR
Elevation: 210 m  Lat: N 47 54 42   Lon: E 007 21 20

                  Temperature (°C), Rain (mm), Wind Speed (km/h)

                                      Heat  Cool        Avg
    Mean                              Deg   Deg         Wind                 Dom
Day Temp  High   Time   Low    Time   Days  Days  Rain  Speed High   Time    Dir
----------------------------------------------------------------------------------
01   8.1  10.7   01:31   6.7   10:18  10.2   0.0   0.9   4.6  41.1   16:55     N
02   9.5  14.2   16:41   5.8   07:45   8.8   0.0   0.0   2.2  34.6   18:06     N
03  12.8  18.9   14:32   6.5   07:18   5.5   0.0   0.0   2.3  33.9   17:15     N
04  14.0  18.6   14:59   9.8   08:09   4.3   0.0   0.0   3.0  41.1   18:05    NO
05  11.9  13.6   13:07   9.9   23:54   6.4   0.0  13.8   2.9  36.8   17:30    SO
06  12.1  17.8   16:23   7.8   04:26   6.2   0.0   0.2   4.7  36.0   19:54    SO
07   9.7  11.7   15:07   7.1   23:55   8.6   0.0   0.0   4.1  35.3   00:04    SO
08   7.3  13.8   14:54   0.9   06:56  11.0   0.0   0.0   1.8  33.9   17:24     N
09   8.7  12.9   15:33   6.1   04:27   9.6   0.0   0.0   2.2  32.4   12:23   NNE
10  12.2  20.2   17:54   4.1   07:22   6.3   0.2   0.0   2.3  34.6   14:32    NO
11  11.9  20.8   14:48   3.5   07:11   6.7   0.3   0.0   2.1  30.3   14:36   NNO
12  12.4  21.5   15:55   7.3   07:32   6.1   0.2   6.1   3.0  37.5   17:18   SSO
13  11.2  16.3   14:48   9.0   03:02   7.1   0.0   4.9   4.0  33.2   11:29   SSO
14  12.3  19.9   17:03   7.7   05:16   6.1   0.1   0.0   3.1  31.0   20:08   SSO
15  11.5  15.2   18:01   9.8   07:45   6.8   0.0   8.8   4.6  43.3   16:13   SSO
16  12.7  17.1   12:07  10.4   03:08   5.6   0.0  13.1   5.4  40.4   08:06   SSO
17   8.9  11.6   00:00   6.4   23:17   9.4   0.0  11.6   4.1  34.6   00:47   NNE
18   7.3   9.9   16:57   4.2   23:58  11.0   0.0   2.5   1.7  30.3   12:11    NO
19   8.8  17.2   17:15   0.9   06:30   9.5   0.0   0.0   2.5  29.6   22:33   NNE
20  12.3  19.9   16:56   5.2   06:58   6.1   0.2   0.0   7.5  40.4   19:31     N
21  13.5  22.2   16:22   4.0   06:31   5.5   0.7   0.0   2.7  34.6   00:24     N
22  14.7  22.1   17:38   7.8   06:26   4.2   0.7   0.0   2.9  36.0   19:42     N
23   9.3  13.7   00:00   5.6   23:03   9.0   0.0   4.4   4.5  41.1   17:13     N
24   6.9  11.8   16:30   3.3   23:44  11.4   0.0   0.6   3.7  46.9   19:37   NNO
25   5.2   8.6   13:50   1.7   03:47  13.1   0.0   0.0   6.4  55.5   22:48    SO
26   6.1   9.5   14:05   3.0   23:57  12.1   0.0   3.8   7.3  42.5   06:54    SO
27   5.4  11.4   15:28   1.5   04:42  12.9   0.0   0.0   5.7  43.3   15:37    SO
28   5.7  12.5   17:58  -0.1   03:38  12.6   0.0   0.4   2.2  34.6   13:54   NNE
----------------------------------------------------------------------------------
    10.1  22.2    21    -0.1    28   232.1   2.4  71.1   3.7  55.5    25     ONO

Max >=  27.0  0
Max <=   0.0  0
Min <= -10.0  0
Min <= -18.0  0
Max Rain: 13.8 on day 5
Days of Rain: 13 (>= 0.2 mm)  9 (>= 2.0 mm)  0 (>= 20.0 mm)
Heat Base: 18.3  Cool Base: 18.3  Method: Integration


Mise à jour : 17/09/2019 06:13:52
powered by Cumulus v3.0.0 (3043)