METEO Meyenheim

 Latitude N 47° 54' 42"    Longitude E 07° 21' 22"    Altitude 210 m

Rapports de type NOAA
Selectionner un rapport Annuel ou mensuel
V/Λ2019 > Janvier Février Mars Avril Mai Juin Juillet Août Septembre Octobre Novembre Décembre
V/Λ2018 > Janvier Février Mars Avril Mai Juin Juillet Août Septembre Octobre Novembre Décembre
V/Λ2017 > Janvier Février Mars Avril Mai Juin Juillet Août Septembre Octobre Novembre Décembre
V/Λ2016 > Janvier Février Mars Avril Mai Juin Juillet Août Septembre Octobre Novembre Décembre
V/Λ2015 > Janvier Février Mars Avril Mai Juin Juillet Août Septembre Octobre Novembre Décembre
V/Λ2014 > Janvier Février Mars Avril Mai Juin Juillet Août Septembre Octobre Novembre Décembre
V/Λ2013 > Janvier Février Mars Avril Mai Juin Juillet Août Septembre Octobre Novembre Décembre
V/Λ2012 > Janvier Février Mars Avril Mai Juin Juillet Août Septembre Octobre Novembre Décembre
V/Λ2011 > Janvier Février Mars Avril Mai Juin Juillet Août Septembre Octobre Novembre Décembre
V/Λ2010 > Janvier Février Mars Avril Mai Juin Juillet Août Septembre Octobre Novembre Décembre
V/Λ2009 > Janvier Février Mars Avril Mai Juin Juillet Août Septembre Octobre Novembre Décembre
V/Λ2008 > Janvier Février Mars Avril Mai Juin Juillet Août Septembre Octobre Novembre Décembre
V/Λ2007 > Janvier Février Mars Avril Mai Juin Juillet Août Septembre Octobre Novembre Décembre
V/Λ2006 > Janvier Février Mars Avril Mai Juin Juillet Août Septembre Octobre Novembre Décembre
V/Λ2005 > Janvier Février Mars Avril Mai Juin Juillet Août Septembre Octobre Novembre Décembre
V/Λ2004 > Janvier Février Mars Avril Mai Juin Juillet Août Septembre Octobre Novembre Décembre
V/Λ2003 > Janvier Février Mars Avril Mai Juin Juillet Août Septembre Octobre Novembre Décembre
V/Λ2002 > Janvier Février Mars Avril Mai Juin Juillet Août Septembre Octobre Novembre Décembre

Rapport pour Juin 2016
                   Monthly Climatological Summary for juin 2016

Name:    City: Meyenheim   State: Alsace, FR
Elevation: 210 m  Lat: N 47 54 42   Lon: E 007 21 20

                  Temperature (°C), Rain (mm), Wind Speed (km/h)

                                      Heat  Cool        Avg
    Mean                              Deg   Deg         Wind                 Dom
Day Temp  High   Time   Low    Time   Days  Days  Rain  Speed High   Time    Dir
----------------------------------------------------------------------------------
01  16.7  23.6   15:49   9.8   05:05   2.9   1.4   0.0   1.2  13.7   16:17   OSO
02  16.1  20.2   16:54  13.6   06:13   2.3   0.1   6.4   6.7  26.7   10:26   SSO
03  17.4  24.2   17:34  14.0   05:05   1.9   0.9   2.2   2.5  23.1   01:07    SO
04  16.5  22.1   14:18  13.9   06:55   2.1   0.3   7.6   2.2  15.9   15:03   SSO
05  19.1  26.3   15:37  14.9   05:21   1.1   1.9   0.0   1.2  19.5   16:09     N
06  20.7  29.0   17:49  13.9   05:52   1.0   3.4  15.0   1.5  29.6   01:28     N
07  19.7  24.8   11:12  14.7   05:15   0.8   2.2   1.8   1.3  13.7   20:23   OSO
08  17.9  23.9   11:29  15.6   23:53   1.0   0.7  20.0   1.0  26.0   07:24   NNO
09  19.3  26.9   16:11  14.6   02:29   1.3   2.3   0.4   1.9  18.0   09:41     N
10  18.1  28.1   16:20  13.0   05:42   2.3   2.0   0.0   1.9  21.6   19:19   NNE
11  17.9  23.9   14:40  15.0   06:06   1.3   0.9  10.2   5.5  36.8   15:40   SSO
12  16.3  20.8   12:01  14.3   02:53   2.1   0.2   5.6   8.1  36.8   12:32   SSO
13  16.6  21.9   12:19  14.4   05:45   2.0   0.3   2.0   6.4  30.3   12:08   SSO
14  15.2  17.6   18:20  12.8   23:55   3.1   0.0   2.4   6.2  46.1   14:45   SSO
15  15.6  22.7   17:29  11.9   02:26   3.2   0.5   5.4   5.4  33.2   12:09   SSO
16  15.0  21.1   15:44  12.1   01:47   3.4   0.1   8.4   3.0  26.0   21:17   SSO
17  16.0  23.2   18:19  12.5   03:48   2.8   0.5   5.8   6.7  32.4   13:36   SSO
18  17.1  23.2   13:33  12.3   04:17   2.2   1.0   0.0   4.4  26.0   12:05   SSO
19  15.9  21.8   17:44  13.3   05:56   2.7   0.3   4.6   1.5  16.6   17:02   NNE
20  16.8  25.1   16:20   8.8   05:59   3.1   1.6   4.2   3.4  28.8   21:03   SSO
21  18.9  24.5   13:20  14.3   00:25   1.3   1.9   2.8   6.9  30.3   15:56   SSO
22  23.2  31.3   17:32  16.0   05:09   0.5   5.4   0.0   2.0  20.2   13:11     N
23  25.7  35.8   16:53  16.5   06:01   0.2   7.6   0.0   1.6  15.1   10:22   SSO
24  25.4  33.3   16:55  18.4   06:19   0.0   7.1   0.2   4.1  28.1   09:54   SSO
25  20.0  26.2   13:43  13.8   23:56   0.5   2.2  37.4   3.8  31.7   13:51   OSO
26  17.3  24.5   14:54  10.9   05:32   2.5   1.5   0.0   2.0  15.1   13:16    NO
27  17.8  25.4   16:11  10.6   05:51   2.3   1.8   0.0   1.7  20.9   12:27   SSO
28  20.0  27.1   16:49  13.9   04:53   1.0   2.7   0.0   3.6  25.2   15:04    SO
29  21.2  27.5   16:05  16.0   03:28   0.5   3.4   0.0   3.9  28.8   14:44    SO
30  19.9  26.2   18:21  16.2   06:49   0.6   2.2   2.6   4.2  33.2   11:25    SO
----------------------------------------------------------------------------------
    18.4  35.8    23     8.8    20    52.0  56.4 145.0   3.5  46.1    14      SO

Max >=  27.0  7
Max <=   0.0  0
Min <= -10.0  0
Min <= -18.0  0
Max Rain: 37.4 on day 25
Days of Rain: 20 (>= 0.2 mm)  17 (>= 2.0 mm)  2 (>= 20.0 mm)
Heat Base: 18.3  Cool Base: 18.3  Method: Integration


Mise à jour : 19/11/2019 19:22:01
powered by Cumulus v3.0.0 (3043)