METEO Meyenheim

 Latitude N 47° 54' 42"    Longitude E 07° 21' 22"    Altitude 210 m

Rapports de type NOAA
Selectionner un rapport Annuel ou mensuel
V/Λ2019 > Janvier Février Mars Avril Mai Juin Juillet Août Septembre Octobre Novembre Décembre
V/Λ2018 > Janvier Février Mars Avril Mai Juin Juillet Août Septembre Octobre Novembre Décembre
V/Λ2017 > Janvier Février Mars Avril Mai Juin Juillet Août Septembre Octobre Novembre Décembre
V/Λ2016 > Janvier Février Mars Avril Mai Juin Juillet Août Septembre Octobre Novembre Décembre
V/Λ2015 > Janvier Février Mars Avril Mai Juin Juillet Août Septembre Octobre Novembre Décembre
V/Λ2014 > Janvier Février Mars Avril Mai Juin Juillet Août Septembre Octobre Novembre Décembre
V/Λ2013 > Janvier Février Mars Avril Mai Juin Juillet Août Septembre Octobre Novembre Décembre
V/Λ2012 > Janvier Février Mars Avril Mai Juin Juillet Août Septembre Octobre Novembre Décembre
V/Λ2011 > Janvier Février Mars Avril Mai Juin Juillet Août Septembre Octobre Novembre Décembre
V/Λ2010 > Janvier Février Mars Avril Mai Juin Juillet Août Septembre Octobre Novembre Décembre
V/Λ2009 > Janvier Février Mars Avril Mai Juin Juillet Août Septembre Octobre Novembre Décembre
V/Λ2008 > Janvier Février Mars Avril Mai Juin Juillet Août Septembre Octobre Novembre Décembre
V/Λ2007 > Janvier Février Mars Avril Mai Juin Juillet Août Septembre Octobre Novembre Décembre
V/Λ2006 > Janvier Février Mars Avril Mai Juin Juillet Août Septembre Octobre Novembre Décembre
V/Λ2005 > Janvier Février Mars Avril Mai Juin Juillet Août Septembre Octobre Novembre Décembre
V/Λ2004 > Janvier Février Mars Avril Mai Juin Juillet Août Septembre Octobre Novembre Décembre
V/Λ2003 > Janvier Février Mars Avril Mai Juin Juillet Août Septembre Octobre Novembre Décembre
V/Λ2002 > Janvier Février Mars Avril Mai Juin Juillet Août Septembre Octobre Novembre Décembre

Rapport pour Août 2016
                   Monthly Climatological Summary for août 2016

Name:    City: Meyenheim   State: Alsace, FR
Elevation: 210 m  Lat: N 47 54 42   Lon: E 007 21 20

                  Temperature (°C), Rain (mm), Wind Speed (km/h)

                                      Heat  Cool        Avg
    Mean                              Deg   Deg         Wind                 Dom
Day Temp  High   Time   Low    Time   Days  Days  Rain  Speed High   Time    Dir
----------------------------------------------------------------------------------
01  18.2  25.6   16:57  12.7   06:29   1.9   1.8   0.0   0.9  10.1   11:13   SSE
02  18.0  22.7   13:49  15.0   02:36   1.2   1.0   0.4   4.6  40.4   13:49   SSO
03  20.6  29.0   16:04  15.0   02:48   0.8   3.1   0.0   5.0  31.0   15:27   SSO
04  18.6  28.0   13:30  14.5   03:22   1.6   1.9  13.2   2.8  19.5   15:01    SO
05  16.8  22.6   16:38  12.8   07:40   2.1   0.6   1.0   1.6  20.9   10:05    SO
06  17.3  25.6   14:07  10.2   06:05   2.9   1.9   0.0   1.7  13.7   14:18   ONO
07  18.8  27.8   16:42  11.0   06:26   2.4   2.9   0.0   1.1  11.5   15:07    NE
08  20.9  29.5   16:19  13.5   05:22   1.5   4.0   0.0   3.1  24.5   14:49    SO
09  17.5  21.8   17:14  13.7   23:58   1.3   0.4   1.0   2.0  17.3   16:28    SO
10  15.2  23.4   15:33  10.7   06:49   3.6   0.4   1.4   2.4  30.3   19:35     N
11  14.5  22.0   16:42   7.8   05:10   4.5   0.6   0.0   1.6  15.1   18:53   SSO
12  18.9  27.1   15:13  13.5   01:29   1.8   2.4   0.2   2.3  22.4   11:35   SSO
13  20.3  29.7   17:05  11.8   06:06   1.8   3.8   0.0   1.5  30.3   09:50   SSE
14  21.6  31.4   16:28  13.8   05:16   1.3   4.5   0.0   1.4  18.0   19:09   NNE
15  21.9  30.6   16:44  15.6   07:05   0.5   4.1   0.0   2.7  15.9   12:33     N
16  21.7  30.2   15:53  14.5   06:56   0.6   3.9   0.0   2.6  15.1   08:56     N
17  20.2  27.7   14:32  15.3   07:29   0.7   2.6   2.0   2.2  18.0   14:49     N
18  17.1  22.5   11:30  13.3   06:09   1.6   0.4   2.8   1.5  20.9   11:42    SO
19  18.7  26.1   15:56  14.0   07:07   1.3   1.8   0.0   2.5  20.2   12:27   SSO
20  16.9  21.2   15:15  12.9   22:36   1.8   0.4   0.4   2.5  20.9   15:41   SSO
21  16.7  22.7   13:19  13.0   01:20   2.3   0.8   0.0   5.5  31.7   12:03    SO
22  17.7  26.1   17:10  10.9   06:58   2.5   1.9   0.0   1.4  11.5   14:34   SSE
23  19.8  29.9   17:11  11.6   06:28   2.1   3.6   0.0   1.8  28.1   17:57     N
24  21.6  32.1   16:34  13.0   07:00   1.3   4.6   0.0   1.4  14.4   18:29     N
25  22.8  33.6   15:55  14.0   06:48   1.0   5.4   0.0   1.1  17.3   07:56    SE
26  24.5  35.7   15:31  15.9   05:10   0.5   6.7   0.0   1.3  12.3   13:02     S
27  24.6  35.7   16:17  16.1   07:05   0.3   6.6   0.0   0.7   9.4   18:26    SO
28  25.4  33.5   14:36  18.7   06:58   0.0   7.1   0.0   5.3  31.0   11:03   SSO
29  21.8  28.3   16:41  16.5   23:57   0.1   3.6   0.0   3.2  24.5   15:29    SO
30  20.3  28.0   16:00  13.9   03:13   1.1   3.1   0.0   7.4  40.4   14:41     N
31  21.1  31.0   15:48  13.0   07:14   1.1   3.9   0.0   1.9  12.3   16:45     N
----------------------------------------------------------------------------------
    19.7  35.7    26     7.8    11    47.5  89.8  22.4   2.5  40.4     2      SO

Max >=  27.0 19
Max <=   0.0  0
Min <= -10.0  0
Min <= -18.0  0
Max Rain: 13.2 on day 4
Days of Rain: 9 (>= 0.2 mm)  3 (>= 2.0 mm)  0 (>= 20.0 mm)
Heat Base: 18.3  Cool Base: 18.3  Method: Integration


Mise à jour : 20/11/2019 08:08:03
powered by Cumulus v3.0.0 (3043)