METEO Meyenheim

 Latitude N 47° 54' 42"    Longitude E 07° 21' 22"    Altitude 210 m

Rapports de type NOAA
Selectionner un rapport Annuel ou mensuel
V/Λ2019 > Janvier Février Mars Avril Mai Juin Juillet Août Septembre Octobre Novembre Décembre
V/Λ2018 > Janvier Février Mars Avril Mai Juin Juillet Août Septembre Octobre Novembre Décembre
V/Λ2017 > Janvier Février Mars Avril Mai Juin Juillet Août Septembre Octobre Novembre Décembre
V/Λ2016 > Janvier Février Mars Avril Mai Juin Juillet Août Septembre Octobre Novembre Décembre
V/Λ2015 > Janvier Février Mars Avril Mai Juin Juillet Août Septembre Octobre Novembre Décembre
V/Λ2014 > Janvier Février Mars Avril Mai Juin Juillet Août Septembre Octobre Novembre Décembre
V/Λ2013 > Janvier Février Mars Avril Mai Juin Juillet Août Septembre Octobre Novembre Décembre
V/Λ2012 > Janvier Février Mars Avril Mai Juin Juillet Août Septembre Octobre Novembre Décembre
V/Λ2011 > Janvier Février Mars Avril Mai Juin Juillet Août Septembre Octobre Novembre Décembre
V/Λ2010 > Janvier Février Mars Avril Mai Juin Juillet Août Septembre Octobre Novembre Décembre
V/Λ2009 > Janvier Février Mars Avril Mai Juin Juillet Août Septembre Octobre Novembre Décembre
V/Λ2008 > Janvier Février Mars Avril Mai Juin Juillet Août Septembre Octobre Novembre Décembre
V/Λ2007 > Janvier Février Mars Avril Mai Juin Juillet Août Septembre Octobre Novembre Décembre
V/Λ2006 > Janvier Février Mars Avril Mai Juin Juillet Août Septembre Octobre Novembre Décembre
V/Λ2005 > Janvier Février Mars Avril Mai Juin Juillet Août Septembre Octobre Novembre Décembre
V/Λ2004 > Janvier Février Mars Avril Mai Juin Juillet Août Septembre Octobre Novembre Décembre
V/Λ2003 > Janvier Février Mars Avril Mai Juin Juillet Août Septembre Octobre Novembre Décembre
V/Λ2002 > Janvier Février Mars Avril Mai Juin Juillet Août Septembre Octobre Novembre Décembre

Rapport pour Septembre 2016
                   Monthly Climatological Summary for sept. 2016

Name:    City: Meyenheim   State: Alsace, FR
Elevation: 210 m  Lat: N 47 54 42   Lon: E 007 21 20

                  Temperature (°C), Rain (mm), Wind Speed (km/h)

                                      Heat  Cool        Avg
    Mean                              Deg   Deg         Wind                 Dom
Day Temp  High   Time   Low    Time   Days  Days  Rain  Speed High   Time    Dir
----------------------------------------------------------------------------------
01  21.2  29.6   15:43  15.0   05:37   0.7   3.7   0.0   1.0  13.7   13:19    NE
02  19.9  29.3   16:39  12.5   06:11   1.7   3.3   0.0   1.1  13.0   14:35   ENE
03  20.1  29.4   14:13  13.3   04:10   1.5   3.3   0.0   2.0  18.0   17:30   SSO
04  18.3  24.0   15:08  15.1   05:02   1.1   1.1   1.0   4.5  32.4   15:17    SO
05  16.6  23.2   16:11  12.1   23:49   2.1   0.5   3.4   2.0  20.9   02:48    SO
06  16.9  26.6   15:40   9.9   05:49   3.5   2.0   0.0   3.0  26.0   18:03     N
07  18.9  27.1   15:44  12.7   08:01   1.7   2.2   0.0   3.6  20.9   02:41     N
08  20.6  30.7   15:49  12.1   06:18   1.8   4.2   0.0   4.0  26.7   15:02   SSO
09  20.7  29.5   16:30  14.5   07:14   1.0   3.5   0.0   1.9  35.3   13:50     N
10  21.0  30.9   15:34  13.5   07:15   1.2   3.9   0.0   0.8   8.7   13:20     S
11  20.8  29.9   14:57  14.0   06:59   1.0   3.5   0.0   0.9  12.3   12:35     N
12  21.6  32.6   16:21  14.0   07:06   0.9   4.3   0.0   0.9  16.6   17:36   SSE
13  21.9  32.1   15:41  14.5   06:17   1.0   4.6   0.0   1.2  12.3   17:33     N
14  21.6  31.4   15:24  14.5   07:24   1.0   4.2   0.0   1.9  20.2   15:37     N
15  18.0  20.9   10:31  14.6   06:31   1.0   0.7   0.6   1.2  15.1   06:37    SO
16  15.9  19.3   12:34  13.3   23:55   2.5   0.1   1.4   2.6  23.8   08:08   SSO
17  15.4  21.3   13:37  11.4   07:37   3.2   0.3   0.0   3.8  24.5   14:24   SSO
18  13.9  15.2   15:10  12.6   07:24   4.4   0.0  17.8   2.3  27.4   03:56    SO
19  15.3  21.2   13:49  12.7   06:25   3.1   0.2   0.2   1.3  21.6   17:29     N
20  14.0  17.4   13:24  11.1   04:05   4.3   0.0   0.0   3.4  33.9   13:35     N
21  14.3  21.3   15:16   9.0   07:18   4.3   0.3   0.0   3.6  24.5   13:56     N
22  13.0  22.2   16:35   6.3   07:07   5.9   0.6   0.0   0.7  11.5   15:28     N
23  13.9  22.9   15:40   9.1   05:47   5.0   0.6   0.0   0.9  12.3   14:15   NNE
24  13.7  24.9   16:58   6.3   07:23   5.7   1.2   0.0   0.6  10.1   13:41   NNE
25  15.9  26.7   15:26   8.5   05:56   4.3   1.9   0.0   1.7  16.6   15:52   SSO
26  15.6  22.7   16:09  11.3   05:57   3.3   0.6   0.0   2.6  18.0   14:14     N
27  16.1  23.9   15:53  11.6   23:59   3.1   0.9   0.0   1.0  11.5   14:19     N
28  15.4  24.7   16:28   9.7   05:18   4.3   1.4   0.0   3.0  23.1   15:11   SSO
29  17.4  26.1   15:57  11.0   05:28   2.9   2.0   0.0   5.4  32.4   17:17   SSO
30  17.2  23.7   13:04  11.8   06:27   2.2   1.2   0.4   3.8  31.0   11:55   SSO
----------------------------------------------------------------------------------
    17.5  32.6    12     6.3    22    79.7  56.3  24.8   2.2  35.3     9     OSO

Max >=  27.0 11
Max <=   0.0  0
Min <= -10.0  0
Min <= -18.0  0
Max Rain: 17.8 on day 18
Days of Rain: 7 (>= 0.2 mm)  2 (>= 2.0 mm)  0 (>= 20.0 mm)
Heat Base: 18.3  Cool Base: 18.3  Method: Integration


Mise à jour : 05/12/2019 23:53:14
powered by Cumulus v3.0.0 (3043)