METEO Meyenheim

 Latitude N 47° 54' 42"    Longitude E 07° 21' 22"    Altitude 210 m

Rapports de type NOAA
Selectionner un rapport Annuel ou mensuel
V/Λ2019 > Janvier Février Mars Avril Mai Juin Juillet Août Septembre Octobre Novembre Décembre
V/Λ2018 > Janvier Février Mars Avril Mai Juin Juillet Août Septembre Octobre Novembre Décembre
V/Λ2017 > Janvier Février Mars Avril Mai Juin Juillet Août Septembre Octobre Novembre Décembre
V/Λ2016 > Janvier Février Mars Avril Mai Juin Juillet Août Septembre Octobre Novembre Décembre
V/Λ2015 > Janvier Février Mars Avril Mai Juin Juillet Août Septembre Octobre Novembre Décembre
V/Λ2014 > Janvier Février Mars Avril Mai Juin Juillet Août Septembre Octobre Novembre Décembre
V/Λ2013 > Janvier Février Mars Avril Mai Juin Juillet Août Septembre Octobre Novembre Décembre
V/Λ2012 > Janvier Février Mars Avril Mai Juin Juillet Août Septembre Octobre Novembre Décembre
V/Λ2011 > Janvier Février Mars Avril Mai Juin Juillet Août Septembre Octobre Novembre Décembre
V/Λ2010 > Janvier Février Mars Avril Mai Juin Juillet Août Septembre Octobre Novembre Décembre
V/Λ2009 > Janvier Février Mars Avril Mai Juin Juillet Août Septembre Octobre Novembre Décembre
V/Λ2008 > Janvier Février Mars Avril Mai Juin Juillet Août Septembre Octobre Novembre Décembre
V/Λ2007 > Janvier Février Mars Avril Mai Juin Juillet Août Septembre Octobre Novembre Décembre
V/Λ2006 > Janvier Février Mars Avril Mai Juin Juillet Août Septembre Octobre Novembre Décembre
V/Λ2005 > Janvier Février Mars Avril Mai Juin Juillet Août Septembre Octobre Novembre Décembre
V/Λ2004 > Janvier Février Mars Avril Mai Juin Juillet Août Septembre Octobre Novembre Décembre
V/Λ2003 > Janvier Février Mars Avril Mai Juin Juillet Août Septembre Octobre Novembre Décembre
V/Λ2002 > Janvier Février Mars Avril Mai Juin Juillet Août Septembre Octobre Novembre Décembre

Rapport pour Octobre 2016
                   Monthly Climatological Summary for oct. 2016

Name:    City: Meyenheim   State: Alsace, FR
Elevation: 210 m  Lat: N 47 54 42   Lon: E 007 21 20

                  Temperature (°C), Rain (mm), Wind Speed (km/h)

                                      Heat  Cool        Avg
    Mean                              Deg   Deg         Wind                 Dom
Day Temp  High   Time   Low    Time   Days  Days  Rain  Speed High   Time    Dir
----------------------------------------------------------------------------------
01  14.9  17.9   17:09  12.5   05:37   3.4   0.0   0.4   5.6  36.0   13:26   SSO
02  14.1  19.6   15:27   9.4   23:45   4.2   0.0   0.0   4.9  52.6   16:50   OSO
03  13.1  20.3   16:36   9.0   05:35   5.3   0.2   0.0   1.9  18.0   17:28   NNO
04  12.6  18.7   16:20   7.2   03:26   5.9   0.0   0.0   6.9  30.3   12:42     N
05  10.7  16.7   15:55   6.3   08:14   7.6   0.0   0.0   7.9  31.7   11:15     N
06   8.7  14.7   15:50   4.8   03:17   9.6   0.0   0.0   9.4  46.9   15:23     N
07  11.1  15.5   12:39   8.1   00:00   7.2   0.0   0.0   5.4  20.9   14:14     N
08  10.4  16.7   14:11   6.8   04:14   7.9   0.0   0.0   3.6  24.5   15:13     N
09   8.2  13.1   13:14   5.3   21:22  10.1   0.0   0.2   2.3  23.8   10:09     N
10   8.1  15.4   15:45   4.5   08:26  10.2   0.0   0.0   2.1  29.6   11:22     N
11   8.3  14.5   13:45   5.4   23:56  10.0   0.0   0.0   4.7  28.1   16:50     N
12   6.6  14.0   14:08   1.4   04:25  11.6   0.0   0.0   2.1  15.1   14:58     N
13   5.7  12.2   15:36   0.5   08:14  12.6   0.0   0.0   1.3  17.3   05:03     N
14   8.0  12.5   15:09   5.1   07:58  10.3   0.0   0.4   1.0  10.1   10:40     N
15  11.5  19.1   15:52   4.6   01:55   6.8   0.0   0.0   5.5  33.9   06:26   SSO
16   9.5  19.8   15:48   2.8   07:22   8.8   0.0   0.2   0.8  11.5   11:16     S
17  12.0  16.4   14:01   8.2   01:16   6.3   0.0   5.8   2.2  21.6   12:40   SSO
18  12.8  19.3   15:51  10.5   08:46   5.5   0.0   0.6   1.8  24.5   10:29    SO
19  10.7  15.0   13:44   8.5   23:11   7.6   0.0   0.0   4.1  34.6   04:55    SO
20   8.9  12.1   15:31   6.8   05:48   9.4   0.0   0.0   6.3  28.8   11:29    SO
21   8.5  11.3   13:46   4.8   23:53   9.8   0.0   0.6   2.4  28.8   01:07    SO
22   6.3  14.5   16:05   1.5   07:16  12.0   0.0   0.0   1.4  13.7   10:43     S
23   5.3   8.5   15:39   1.2   01:39  12.9   0.0   1.4   0.3   5.8   17:11     S
24  11.1  15.9   16:57   7.3   00:00   7.2   0.0   7.0   0.6  12.3   12:33   SSO
25  12.9  14.5   12:47  11.4   23:54   5.4   0.0   9.0   3.4  31.0   13:46   NNO
26  11.2  16.2   15:43   8.2   22:27   7.1   0.0   0.0   2.8  23.8   09:31     N
27   7.8  16.0   16:07   2.9   08:37  10.5   0.0   0.0   0.7  15.9   12:19     N
28   5.6  11.6   16:38   1.9   07:47  12.7   0.0   0.0   0.8  10.1   11:21   NNO
29   7.7  13.6   13:50   2.9   02:00  10.6   0.0   0.0   1.7  19.5   15:20     N
30   6.4  11.6   15:12   3.9   02:06  12.4   0.0   0.2   1.3  13.7   15:01   NNE
31   5.3   9.9   14:37   2.4   23:26  13.0   0.0   0.0   0.8  34.6   10:45   NNE
----------------------------------------------------------------------------------
     9.5  20.3     3     0.5    13   273.9   0.2  25.8   3.1  52.6     2     NNO

Max >=  27.0  0
Max <=   0.0  0
Min <= -10.0  0
Min <= -18.0  0
Max Rain: 9.0 on day 25
Days of Rain: 11 (>= 0.2 mm)  3 (>= 2.0 mm)  0 (>= 20.0 mm)
Heat Base: 18.3  Cool Base: 18.3  Method: Integration


Mise à jour : 19/11/2019 19:10:01
powered by Cumulus v3.0.0 (3043)