METEO Meyenheim

 Latitude N 47° 54' 42"    Longitude E 07° 21' 22"    Altitude 210 m

Rapports de type NOAA
Selectionner un rapport Annuel ou mensuel
V/Λ2019 > Janvier Février Mars Avril Mai Juin Juillet Août Septembre Octobre Novembre Décembre
V/Λ2018 > Janvier Février Mars Avril Mai Juin Juillet Août Septembre Octobre Novembre Décembre
V/Λ2017 > Janvier Février Mars Avril Mai Juin Juillet Août Septembre Octobre Novembre Décembre
V/Λ2016 > Janvier Février Mars Avril Mai Juin Juillet Août Septembre Octobre Novembre Décembre
V/Λ2015 > Janvier Février Mars Avril Mai Juin Juillet Août Septembre Octobre Novembre Décembre
V/Λ2014 > Janvier Février Mars Avril Mai Juin Juillet Août Septembre Octobre Novembre Décembre
V/Λ2013 > Janvier Février Mars Avril Mai Juin Juillet Août Septembre Octobre Novembre Décembre
V/Λ2012 > Janvier Février Mars Avril Mai Juin Juillet Août Septembre Octobre Novembre Décembre
V/Λ2011 > Janvier Février Mars Avril Mai Juin Juillet Août Septembre Octobre Novembre Décembre
V/Λ2010 > Janvier Février Mars Avril Mai Juin Juillet Août Septembre Octobre Novembre Décembre
V/Λ2009 > Janvier Février Mars Avril Mai Juin Juillet Août Septembre Octobre Novembre Décembre
V/Λ2008 > Janvier Février Mars Avril Mai Juin Juillet Août Septembre Octobre Novembre Décembre
V/Λ2007 > Janvier Février Mars Avril Mai Juin Juillet Août Septembre Octobre Novembre Décembre
V/Λ2006 > Janvier Février Mars Avril Mai Juin Juillet Août Septembre Octobre Novembre Décembre
V/Λ2005 > Janvier Février Mars Avril Mai Juin Juillet Août Septembre Octobre Novembre Décembre
V/Λ2004 > Janvier Février Mars Avril Mai Juin Juillet Août Septembre Octobre Novembre Décembre
V/Λ2003 > Janvier Février Mars Avril Mai Juin Juillet Août Septembre Octobre Novembre Décembre
V/Λ2002 > Janvier Février Mars Avril Mai Juin Juillet Août Septembre Octobre Novembre Décembre

Rapport pour Novembre 2016
                   Monthly Climatological Summary for nov. 2016

Name:    City: Meyenheim   State: Alsace, FR
Elevation: 210 m  Lat: N 47 54 42   Lon: E 007 21 20

                  Temperature (°C), Rain (mm), Wind Speed (km/h)

                                      Heat  Cool        Avg
    Mean                              Deg   Deg         Wind                 Dom
Day Temp  High   Time   Low    Time   Days  Days  Rain  Speed High   Time    Dir
----------------------------------------------------------------------------------
01   8.6  18.1   15:03   1.8   05:48   9.7   0.0   0.2   2.6  31.7   16:18   SSO
02   6.6  10.2   13:16   1.3   23:47  11.7   0.0   0.0   0.6  20.9   07:05   OSO
03   3.2  11.1   14:34  -1.6   07:10  15.1   0.0   0.0   1.0  11.5   14:36     N
04   4.8  12.2   14:01  -1.4   03:59  13.5   0.0   0.6   1.7  20.9   22:24   OSO
05   9.6  16.1   13:18   6.9   23:56   8.7   0.0   7.4   2.5  19.5   13:31   SSO
06   5.8   9.7   11:50   3.4   23:13  12.5   0.0   1.6   1.0  13.0   06:40     S
07   2.9   6.8   14:20  -1.2   23:57  15.4   0.0   0.4   3.5  22.4   12:00   SSO
08   1.2   5.1   12:57  -1.7   01:40  17.1   0.0   0.2   2.8  32.4   12:23   SSO
09   4.1   6.9   21:52   1.6   00:24  14.2   0.0   2.0   6.5  38.9   23:42   SSO
10   6.9   9.3   13:52   4.3   04:06  11.4   0.0   7.0   6.3  35.3   01:10   SSO
11   6.0   9.0   14:47   2.2   23:58  12.3   0.0   3.2   2.3  23.8   01:06   ONO
12   2.7   7.7   15:34  -0.8   21:42  15.6   0.0   0.0   1.2  13.7   05:27     N
13   3.4   6.4   12:27   0.0   00:00  14.9   0.0   0.2   1.4  15.1   18:48     N
14   1.6   3.5   00:00  -0.1   23:43  16.7   0.0   0.0   2.9  30.3   11:37     N
15   3.7   8.5   13:49  -1.6   02:16  14.6   0.0   0.2   3.3  20.9   09:44   SSO
16   8.5  11.2   14:22   5.8   05:16   9.8   0.0   2.2   6.1  37.5   22:41   SSO
17  10.4  13.0   12:54   8.6   05:48   7.9   0.0   0.0   9.8  41.8   17:28   SSO
18  10.0  13.8   13:16   6.2   23:24   8.3   0.0   5.0   9.1  46.1   10:50   SSO
19   5.8   8.5   14:28   3.1   19:44  12.5   0.0   2.6   5.1  29.6   15:43   SSO
20   8.7  17.4   13:41   3.1   07:12   9.6   0.0   0.2   5.8  49.0   14:08   SSO
21   7.5  10.3   13:19   4.6   03:07  10.8   0.0   0.2   1.4  20.9   11:09   OSO
22   9.5  11.8   12:25   6.3   23:00   5.7   0.0   0.0   0.3   5.0   20:21    NO
23   7.0   8.8   13:13   5.5   03:08  11.3   0.0   0.0   1.0  27.4   16:27     N
24   7.0   7.7   13:19   4.9   00:44  11.3   0.0   0.0   3.7  33.9   09:34     N
25   7.3   9.7   12:50   6.0   01:54  11.0   0.0   0.0   4.3  21.6   06:27     N
26   7.2   9.2   12:41   5.8   23:56  11.1   0.0   0.0   0.2   5.0   10:42     N
27   5.7   7.6   14:27   3.1   04:36  12.6   0.0   0.0   4.0  27.4   19:35     N
28   2.3   5.7   13:23  -1.0   23:47  16.0   0.0   0.0  12.8  47.6   06:31     N
29  -1.1   3.4   14:33  -4.6   23:48  19.4   0.0   0.0   4.2  44.7   01:24     N
30  -2.2   5.3   14:31  -6.4   06:45  20.5   0.0   0.0   0.9  13.0   10:58   OSO
----------------------------------------------------------------------------------
     5.5  18.1     1    -6.4    30   381.2   0.0  33.2   3.6  49.0    20      SO

Max >=  27.0  0
Max <=   0.0  0
Min <= -10.0  0
Min <= -18.0  0
Max Rain: 7.4 on day 5
Days of Rain: 16 (>= 0.2 mm)  7 (>= 2.0 mm)  0 (>= 20.0 mm)
Heat Base: 18.3  Cool Base: 18.3  Method: Integration


Mise à jour : 21/08/2019 07:06:18
powered by Cumulus v3.0.0 (3043)