METEO Meyenheim

 Latitude N 47° 54' 42"    Longitude E 07° 21' 22"    Altitude 210 m

Rapports de type NOAA
Selectionner un rapport Annuel ou mensuel
V/Λ2019 > Janvier Février Mars Avril Mai Juin Juillet Août Septembre Octobre Novembre Décembre
V/Λ2018 > Janvier Février Mars Avril Mai Juin Juillet Août Septembre Octobre Novembre Décembre
V/Λ2017 > Janvier Février Mars Avril Mai Juin Juillet Août Septembre Octobre Novembre Décembre
V/Λ2016 > Janvier Février Mars Avril Mai Juin Juillet Août Septembre Octobre Novembre Décembre
V/Λ2015 > Janvier Février Mars Avril Mai Juin Juillet Août Septembre Octobre Novembre Décembre
V/Λ2014 > Janvier Février Mars Avril Mai Juin Juillet Août Septembre Octobre Novembre Décembre
V/Λ2013 > Janvier Février Mars Avril Mai Juin Juillet Août Septembre Octobre Novembre Décembre
V/Λ2012 > Janvier Février Mars Avril Mai Juin Juillet Août Septembre Octobre Novembre Décembre
V/Λ2011 > Janvier Février Mars Avril Mai Juin Juillet Août Septembre Octobre Novembre Décembre
V/Λ2010 > Janvier Février Mars Avril Mai Juin Juillet Août Septembre Octobre Novembre Décembre
V/Λ2009 > Janvier Février Mars Avril Mai Juin Juillet Août Septembre Octobre Novembre Décembre
V/Λ2008 > Janvier Février Mars Avril Mai Juin Juillet Août Septembre Octobre Novembre Décembre
V/Λ2007 > Janvier Février Mars Avril Mai Juin Juillet Août Septembre Octobre Novembre Décembre
V/Λ2006 > Janvier Février Mars Avril Mai Juin Juillet Août Septembre Octobre Novembre Décembre
V/Λ2005 > Janvier Février Mars Avril Mai Juin Juillet Août Septembre Octobre Novembre Décembre
V/Λ2004 > Janvier Février Mars Avril Mai Juin Juillet Août Septembre Octobre Novembre Décembre
V/Λ2003 > Janvier Février Mars Avril Mai Juin Juillet Août Septembre Octobre Novembre Décembre
V/Λ2002 > Janvier Février Mars Avril Mai Juin Juillet Août Septembre Octobre Novembre Décembre

Rapport pour Mars 2017
                   Monthly Climatological Summary for mars 2017

Name:    City: Meyenheim   State: Alsace, FR
Elevation: 210 m  Lat: N 47 54 42   Lon: E 007 21 20

                  Temperature (°C), Rain (mm), Wind Speed (km/h)

                                      Heat  Cool        Avg
    Mean                              Deg   Deg         Wind                 Dom
Day Temp  High   Time   Low    Time   Days  Days  Rain  Speed High   Time    Dir
----------------------------------------------------------------------------------
01   6.2   9.2   11:28   3.5   04:17  12.1   0.0   3.4  12.5  46.1   16:19   SSO
02   8.5  12.3   13:23   1.4   23:56   9.8   0.0   1.2   7.2  41.8   09:12    SO
03   6.9  16.1   15:04   0.1   05:55  11.4   0.0   0.0   1.8  19.5   16:12   SSO
04   6.1  15.0   14:27   0.9   05:42  12.2   0.0   0.6   5.3  50.5   20:24    SO
05   6.5  11.6   13:39   4.7   06:32  11.8   0.0   5.6   8.8  50.5   15:21   SSO
06   5.7   8.4   11:08   4.0   05:05  12.6   0.0   7.6   5.1  32.4   00:37   SSO
07   6.0  11.2   14:54   2.6   23:59  12.3   0.0   1.4   4.7  26.0   09:42   OSO
08   5.5  10.3   23:33   0.5   04:32  12.9   0.0   0.2   7.5  46.9   14:15   SSO
09  10.6  12.8   14:19   8.8   23:30   7.7   0.0   0.4   8.6  41.1   10:28    SO
10   8.2  14.6   15:11   1.7   23:59  10.1   0.0   0.0   2.8  19.5   15:13     N
11   6.5  18.0   13:17  -1.1   07:04  11.8   0.0   0.0   0.9  19.5   18:43   NNE
12   7.4  16.9   15:28   0.3   06:25  10.9   0.0   0.0   1.3  11.5   16:00     N
13   7.1  15.7   16:13   0.1   07:27  11.2   0.0   0.0   2.0  15.9   16:49     N
14   7.8  17.4   14:51  -0.3   07:12  10.5   0.0   0.0   0.9  10.8   15:41   NNE
15   9.3  17.9   15:14   0.9   06:48   9.0   0.0   0.0   3.3  25.2   09:40     N
16  10.0  19.8   16:03   2.7   07:09   8.3   0.1   0.0   1.6  14.4   15:24     N
17  12.5  22.2   13:48   5.8   00:00   6.2   0.5   0.0   6.1  33.2   13:15    SO
18   9.3  11.6   15:19   6.8   00:00   9.0   0.0   0.0  11.1  41.8   10:44    SO
19  11.8  16.1   13:44   9.7   00:00   6.5   0.0   0.0   9.3  43.3   12:25   SSO
20  12.3  16.9   14:10   9.7   05:38   6.0   0.0   0.0   6.6  37.5   15:21    SO
21  10.4  14.7   12:18   4.9   23:48   7.9   0.0   7.0   6.5  38.2   23:49    SO
22   6.2   9.2   14:47   4.1   05:41  12.1   0.0   1.8   3.8  23.8   16:34     N
23  11.0  17.4   15:00   5.7   02:27   7.3   0.0   0.2   7.0  32.4   17:28   NNO
24   9.8  13.0   15:29   7.4   07:03   7.0   0.0   0.0   7.5  32.4   16:20     N
25  10.7  18.0   15:51   4.8   06:19   7.6   0.0   0.0  10.4  40.4   16:40     N
26  10.5  17.2   15:20   5.0   08:15   7.7   0.0   0.0   4.2  18.0   14:20   NNO
27  10.7  19.5   15:53   2.9   08:02   7.7   0.1   0.0   2.1  33.2   13:18     N
28  12.9  22.9   15:36   4.5   04:51   6.3   0.9   0.0   3.7  30.3   14:36   SSO
29  13.1  22.2   15:45   4.8   07:05   5.8   0.6   0.0   1.4  11.5   12:54   SSE
30  13.6  23.4   15:41   5.0   06:43   5.7   1.0   0.0   1.1  11.5   12:04   NNE
31  14.1  23.6   12:37   5.3   07:07   5.3   1.2   0.0   3.9  35.3   14:44   SSO
----------------------------------------------------------------------------------
     9.3  23.6    31    -1.1    11   282.7   4.4  29.4   5.1  50.5     4     OSO

Max >=  27.0  0
Max <=   0.0  0
Min <= -10.0  0
Min <= -18.0  0
Max Rain: 7.6 on day 6
Days of Rain: 11 (>= 0.2 mm)  4 (>= 2.0 mm)  0 (>= 20.0 mm)
Heat Base: 18.3  Cool Base: 18.3  Method: Integration


Mise à jour : 05/12/2019 23:01:14
powered by Cumulus v3.0.0 (3043)