METEO Meyenheim

 Latitude N 47° 54' 42"    Longitude E 07° 21' 22"    Altitude 210 m

Rapports de type NOAA
Selectionner un rapport Annuel ou mensuel
V/Λ2019 > Janvier Février Mars Avril Mai Juin Juillet Août Septembre Octobre Novembre Décembre
V/Λ2018 > Janvier Février Mars Avril Mai Juin Juillet Août Septembre Octobre Novembre Décembre
V/Λ2017 > Janvier Février Mars Avril Mai Juin Juillet Août Septembre Octobre Novembre Décembre
V/Λ2016 > Janvier Février Mars Avril Mai Juin Juillet Août Septembre Octobre Novembre Décembre
V/Λ2015 > Janvier Février Mars Avril Mai Juin Juillet Août Septembre Octobre Novembre Décembre
V/Λ2014 > Janvier Février Mars Avril Mai Juin Juillet Août Septembre Octobre Novembre Décembre
V/Λ2013 > Janvier Février Mars Avril Mai Juin Juillet Août Septembre Octobre Novembre Décembre
V/Λ2012 > Janvier Février Mars Avril Mai Juin Juillet Août Septembre Octobre Novembre Décembre
V/Λ2011 > Janvier Février Mars Avril Mai Juin Juillet Août Septembre Octobre Novembre Décembre
V/Λ2010 > Janvier Février Mars Avril Mai Juin Juillet Août Septembre Octobre Novembre Décembre
V/Λ2009 > Janvier Février Mars Avril Mai Juin Juillet Août Septembre Octobre Novembre Décembre
V/Λ2008 > Janvier Février Mars Avril Mai Juin Juillet Août Septembre Octobre Novembre Décembre
V/Λ2007 > Janvier Février Mars Avril Mai Juin Juillet Août Septembre Octobre Novembre Décembre
V/Λ2006 > Janvier Février Mars Avril Mai Juin Juillet Août Septembre Octobre Novembre Décembre
V/Λ2005 > Janvier Février Mars Avril Mai Juin Juillet Août Septembre Octobre Novembre Décembre
V/Λ2004 > Janvier Février Mars Avril Mai Juin Juillet Août Septembre Octobre Novembre Décembre
V/Λ2003 > Janvier Février Mars Avril Mai Juin Juillet Août Septembre Octobre Novembre Décembre
V/Λ2002 > Janvier Février Mars Avril Mai Juin Juillet Août Septembre Octobre Novembre Décembre

Rapport pour Avril 2017
                   Monthly Climatological Summary for avr. 2017

Name:    City: Meyenheim   State: Alsace, FR
Elevation: 210 m  Lat: N 47 54 42   Lon: E 007 21 20

                  Temperature (°C), Rain (mm), Wind Speed (km/h)

                                      Heat  Cool        Avg
    Mean                              Deg   Deg         Wind                 Dom
Day Temp  High   Time   Low    Time   Days  Days  Rain  Speed High   Time    Dir
----------------------------------------------------------------------------------
01  13.2  21.0   14:42   8.1   07:10   5.3   0.3   0.0   3.2  28.1   15:33    SO
02  12.4  18.0   15:58   8.2   06:09   5.9   0.0   0.4   4.9  29.6   13:16     N
03  14.5  21.0   15:10   8.8   08:20   4.4   0.4   0.0   5.7  27.4   14:58     N
04  11.7  17.9   17:12   5.8   07:34   6.6   0.0   0.0   2.3  21.6   14:15     N
05  11.6  18.5   15:53   4.8   05:52   6.7   0.0   0.0   3.6  24.5   14:21     N
06  10.2  14.7   15:36   5.4   23:34   8.1   0.0   0.0   7.8  38.9   06:11     N
07   9.8  19.5   17:20   0.5   07:18   8.6   0.1   0.0   1.9  19.5   14:31   NNE
08  12.5  22.5   16:23   3.3   07:10   6.5   0.7   0.0   2.1  15.1   13:42   NNE
09  14.3  26.2   17:00   3.9   07:23   5.8   1.8   0.0   0.7  10.8   17:07   SSE
10  17.0  27.0   14:49   9.1   02:03   3.5   2.2   0.0   5.8  33.9   16:20   OSO
11  12.3  17.7   15:41   6.3   23:59   6.0   0.0   0.0   4.8  23.8   14:05     N
12  12.3  23.1   15:52   2.1   07:22   6.8   0.8   0.0   2.7  29.6   16:12    SO
13  14.1  21.2   15:39   7.3   07:31   4.5   0.3   0.0   2.5  25.2   12:14   SSE
14  12.2  16.9   17:13   9.4   06:25   6.1   0.0   0.0   0.9  18.7   08:02   OSO
15  11.4  15.4   11:21   6.1   04:23   6.9   0.0   0.0   2.2  17.3   21:03    SO
16   9.3  13.3   14:44   7.1   23:13   9.0   0.0   1.8   1.8  20.9   15:45    NO
17   8.4  12.7   16:47   4.6   23:48   9.9   0.0   1.4   4.9  31.0   17:34    SO
18   6.0  12.2   14:50   1.8   06:07  12.3   0.0   0.0   5.3  38.2   17:13     N
19   5.2  10.6   15:26   2.0   03:50  13.1   0.0   0.0   7.9  39.7   15:40     N
20   5.0  12.1   16:14  -1.7   06:45  13.3   0.0   0.0   5.7  41.1   08:06     N
21   7.3  18.1   17:09  -2.4   06:17  11.0   0.0   0.0   1.1  26.0   11:48   ESE
22   8.7  15.5   17:35   0.9   06:23   9.6   0.0   0.0   2.2  21.6   20:58   NNO
23   9.1  15.7   16:20   2.9   04:46   9.2   0.0   0.0   4.2  23.1   16:34     N
24  11.8  22.7   16:13   0.4   06:40   7.2   0.7   0.0   3.4  37.5   17:46    SO
25  10.2  17.9   12:08   3.5   23:39   8.1   0.0  10.4   3.8  31.0   23:56   NNO
26   5.3   8.3   12:48   2.9   05:14  13.0   0.0   8.8   6.9  33.9   01:49     N
27   5.2   8.8   14:08   2.7   06:41  13.1   0.0   5.8   2.0  20.2   18:03     N
28   7.5  15.5   15:19   3.8   23:58  10.8   0.0   0.2   1.5  15.9   17:36     O
29   9.6  17.6   15:22   2.1   06:35   8.7   0.0   0.0   2.6  36.0   16:22   SSO
30  11.5  30.3   21:23   1.1   06:26   7.3   0.5   0.0   1.1  11.5   18:45   ESE
----------------------------------------------------------------------------------
    10.3  30.3    30    -2.4    21   247.3   7.8  28.8   3.5  41.1    20     NNO

Max >=  27.0  2
Max <=   0.0  0
Min <= -10.0  0
Min <= -18.0  0
Max Rain: 10.4 on day 25
Days of Rain: 7 (>= 0.2 mm)  3 (>= 2.0 mm)  0 (>= 20.0 mm)
Heat Base: 18.3  Cool Base: 18.3  Method: Integration


Mise à jour : 18/10/2019 06:05:06
powered by Cumulus v3.0.0 (3043)