METEO Meyenheim

 Latitude N 47° 54' 42"    Longitude E 07° 21' 22"    Altitude 210 m

Rapports de type NOAA
Selectionner un rapport Annuel ou mensuel
V/Λ2019 > Janvier Février Mars Avril Mai Juin Juillet Août Septembre Octobre Novembre Décembre
V/Λ2018 > Janvier Février Mars Avril Mai Juin Juillet Août Septembre Octobre Novembre Décembre
V/Λ2017 > Janvier Février Mars Avril Mai Juin Juillet Août Septembre Octobre Novembre Décembre
V/Λ2016 > Janvier Février Mars Avril Mai Juin Juillet Août Septembre Octobre Novembre Décembre
V/Λ2015 > Janvier Février Mars Avril Mai Juin Juillet Août Septembre Octobre Novembre Décembre
V/Λ2014 > Janvier Février Mars Avril Mai Juin Juillet Août Septembre Octobre Novembre Décembre
V/Λ2013 > Janvier Février Mars Avril Mai Juin Juillet Août Septembre Octobre Novembre Décembre
V/Λ2012 > Janvier Février Mars Avril Mai Juin Juillet Août Septembre Octobre Novembre Décembre
V/Λ2011 > Janvier Février Mars Avril Mai Juin Juillet Août Septembre Octobre Novembre Décembre
V/Λ2010 > Janvier Février Mars Avril Mai Juin Juillet Août Septembre Octobre Novembre Décembre
V/Λ2009 > Janvier Février Mars Avril Mai Juin Juillet Août Septembre Octobre Novembre Décembre
V/Λ2008 > Janvier Février Mars Avril Mai Juin Juillet Août Septembre Octobre Novembre Décembre
V/Λ2007 > Janvier Février Mars Avril Mai Juin Juillet Août Septembre Octobre Novembre Décembre
V/Λ2006 > Janvier Février Mars Avril Mai Juin Juillet Août Septembre Octobre Novembre Décembre
V/Λ2005 > Janvier Février Mars Avril Mai Juin Juillet Août Septembre Octobre Novembre Décembre
V/Λ2004 > Janvier Février Mars Avril Mai Juin Juillet Août Septembre Octobre Novembre Décembre
V/Λ2003 > Janvier Février Mars Avril Mai Juin Juillet Août Septembre Octobre Novembre Décembre
V/Λ2002 > Janvier Février Mars Avril Mai Juin Juillet Août Septembre Octobre Novembre Décembre

Rapport pour Mai 2017
                   Monthly Climatological Summary for mai 2017

Name:    City: Meyenheim   State: Alsace, FR
Elevation: 210 m  Lat: N 47 54 42   Lon: E 007 21 20

                  Temperature (°C), Rain (mm), Wind Speed (km/h)

                                      Heat  Cool        Avg
    Mean                              Deg   Deg         Wind                 Dom
Day Temp  High   Time   Low    Time   Days  Days  Rain  Speed High   Time    Dir
----------------------------------------------------------------------------------
01  10.2  14.5   00:49   6.3   08:18   8.1   0.0   1.0   6.1  33.2   03:16    SO
02  10.6  16.3   12:03   4.3   07:03   7.7   0.0   0.0   4.6  30.3   14:03   SSO
03  11.7  18.2   17:19   6.4   05:41   6.6   0.0   0.4   2.6  27.4   07:07    SO
04  10.5  17.2   14:49   7.5   05:46   7.8   0.0   0.4   1.6  25.2   16:23    NO
05  13.0  20.7   17:02   5.2   06:27   5.6   0.3   0.0   2.6  23.1   22:41     N
06  11.5  14.6   11:51   8.5   06:27   6.8   0.0   4.6   3.5  27.4   23:56   SSO
07  12.3  15.7   15:13  10.3   23:38   6.0   0.0   2.8   8.3  39.7   12:36    SO
08  10.7  12.7   10:42   8.8   23:45   7.6   0.0   2.8   2.3  15.9   17:34   NNE
09  11.2  17.3   15:04   7.5   06:31   7.1   0.0   0.0   4.0  21.6   13:22     N
10  13.2  22.8   17:18   2.9   05:51   5.9   0.8   0.0   1.8  27.4   23:30     N
11  16.5  21.7   15:23  12.7   06:23   2.4   0.6   1.0   1.9  22.4   21:59    NO
12  15.2  22.2   13:12  11.4   05:59   3.4   0.3   1.6   4.6  47.6   13:56   SSO
13  16.4  25.1   15:00  12.2   01:44   3.0   1.1   0.4   4.4  38.9   17:27   SSO
14  15.5  22.1   15:57  12.0   04:19   3.1   0.3   4.2   2.0  24.5   12:05    SO
15  19.0  23.4   17:51  10.4   06:40   3.3   1.5   4.0   1.6  10.1   01:55    NO
16  18.0  27.4   17:35   9.2   06:13   3.0   2.7   0.0   1.0  10.1   11:57     N
17  20.4  30.0   17:08  10.3   06:11   2.1   4.2   0.0   1.4  15.9   16:51     S
18  18.9  23.6   17:51  15.2   03:49   0.7   1.3   2.4   2.4  23.1   06:44   SSO
19  12.0  17.3   00:00   7.9   23:57   6.3   0.0  25.8   4.6  26.0   17:43   SSO
20  11.8  20.2   17:07   5.7   04:08   6.6   0.0   0.2   3.1  19.5   09:50    SO
21  14.6  23.1   17:09   5.3   06:07   4.8   1.2   0.0   4.3  34.6   11:11     N
22  17.4  27.2   16:48   7.7   05:56   3.4   2.4   0.0   1.4  13.0   17:47   NNE
23  20.2  28.6   16:31  11.7   04:19   1.7   3.7   0.0   3.4  26.7   14:28   OSO
24  19.4  25.5   16:02  13.5   04:01   1.2   2.3   0.0   3.2  20.9   11:31     N
25  19.4  25.9   15:42  12.1   05:44   1.6   2.7   0.0   5.2  26.0   16:35     N
26  21.0  29.0   16:44  13.7   05:43   1.2   3.9   0.0   4.8  18.7   08:06     N
27  22.4  31.8   16:51  12.0   05:59   1.3   5.4   0.0   1.3  13.7   10:56   SSO
28  23.8  32.9   17:22  16.0   05:52   0.3   5.8   0.0   1.0  10.8   09:05   SSO
29  24.8  33.2   15:48  16.8   03:03   0.2   6.7   0.0   2.3  16.6   13:00   SSO
30  24.1  30.6   15:33  17.9   23:56   0.0   5.8   0.0   3.8  23.8   09:49    SO
31  21.7  27.9   14:30  16.1   05:40   0.4   3.8   0.0   4.2  19.5   16:30   NNO
----------------------------------------------------------------------------------
    16.4  33.2    29     2.9    10   119.2  56.8  51.6   3.2  47.6    12     OSO

Max >=  27.0 10
Max <=   0.0  0
Min <= -10.0  0
Min <= -18.0  0
Max Rain: 25.8 on day 19
Days of Rain: 14 (>= 0.2 mm)  7 (>= 2.0 mm)  1 (>= 20.0 mm)
Heat Base: 18.3  Cool Base: 18.3  Method: Integration


Mise à jour : 08/12/2019 19:42:48
powered by Cumulus v3.0.0 (3043)