METEO Meyenheim

 Latitude N 47° 54' 42"    Longitude E 07° 21' 22"    Altitude 210 m

Rapports de type NOAA
Selectionner un rapport Annuel ou mensuel
V/Λ2019 > Janvier Février Mars Avril Mai Juin Juillet Août Septembre Octobre Novembre Décembre
V/Λ2018 > Janvier Février Mars Avril Mai Juin Juillet Août Septembre Octobre Novembre Décembre
V/Λ2017 > Janvier Février Mars Avril Mai Juin Juillet Août Septembre Octobre Novembre Décembre
V/Λ2016 > Janvier Février Mars Avril Mai Juin Juillet Août Septembre Octobre Novembre Décembre
V/Λ2015 > Janvier Février Mars Avril Mai Juin Juillet Août Septembre Octobre Novembre Décembre
V/Λ2014 > Janvier Février Mars Avril Mai Juin Juillet Août Septembre Octobre Novembre Décembre
V/Λ2013 > Janvier Février Mars Avril Mai Juin Juillet Août Septembre Octobre Novembre Décembre
V/Λ2012 > Janvier Février Mars Avril Mai Juin Juillet Août Septembre Octobre Novembre Décembre
V/Λ2011 > Janvier Février Mars Avril Mai Juin Juillet Août Septembre Octobre Novembre Décembre
V/Λ2010 > Janvier Février Mars Avril Mai Juin Juillet Août Septembre Octobre Novembre Décembre
V/Λ2009 > Janvier Février Mars Avril Mai Juin Juillet Août Septembre Octobre Novembre Décembre
V/Λ2008 > Janvier Février Mars Avril Mai Juin Juillet Août Septembre Octobre Novembre Décembre
V/Λ2007 > Janvier Février Mars Avril Mai Juin Juillet Août Septembre Octobre Novembre Décembre
V/Λ2006 > Janvier Février Mars Avril Mai Juin Juillet Août Septembre Octobre Novembre Décembre
V/Λ2005 > Janvier Février Mars Avril Mai Juin Juillet Août Septembre Octobre Novembre Décembre
V/Λ2004 > Janvier Février Mars Avril Mai Juin Juillet Août Septembre Octobre Novembre Décembre
V/Λ2003 > Janvier Février Mars Avril Mai Juin Juillet Août Septembre Octobre Novembre Décembre
V/Λ2002 > Janvier Février Mars Avril Mai Juin Juillet Août Septembre Octobre Novembre Décembre

Rapport pour Juin 2017
                   Monthly Climatological Summary for juin 2017

Name:    City: Meyenheim   State: Alsace, FR
Elevation: 210 m  Lat: N 47 54 42   Lon: E 007 21 20

                  Temperature (°C), Rain (mm), Wind Speed (km/h)

                                      Heat  Cool        Avg
    Mean                              Deg   Deg         Wind                 Dom
Day Temp  High   Time   Low    Time   Days  Days  Rain  Speed High   Time    Dir
----------------------------------------------------------------------------------
01  21.0  27.1   17:00  16.7   06:27   0.2   2.9   1.2   1.9  15.1   18:02   NNO
02  21.0  29.5   16:18  14.4   05:06   0.9   3.6   0.0   2.3  20.2   19:04   ONO
03  19.4  28.7   12:07  15.0   05:16   0.8   1.9   5.0   2.4  35.3   12:12    SO
04  18.3  23.2   17:21  14.2   23:08   1.4   1.3  11.8   3.0  23.1   14:48    SO
05  17.0  23.6   17:04  13.1   03:02   2.3   1.1   0.0   1.9  13.0   01:09   NNE
06  14.5  20.7   16:10   9.2   21:42   4.0   0.2   3.8   6.4  54.8   18:30    SO
07  13.4  19.7   15:59   9.2   00:00   5.0   0.1   1.4   7.8  44.7   04:46    SO
08  17.0  27.2   17:58   7.4   05:51   3.8   2.5   0.0   2.8  18.0   18:45   SSO
09  18.1  25.9   17:29  11.8   03:19   2.0   1.8   0.4   4.4  30.3   09:36    SO
10  19.6  26.8   17:24  12.8   04:11   1.6   2.9   0.0   1.6  13.7   10:58   NNE
11  22.1  32.7   16:58  12.2   05:25   1.6   5.4   0.0   1.9  17.3   19:31   SSO
12  22.4  29.2   16:33  15.8   23:53   0.1   4.2   0.0   2.3  24.5   18:11   OSO
13  19.9  27.9   17:05  12.1   06:19   1.7   3.3   0.0   3.1  17.3   15:31     N
14  21.9  29.0   15:35  15.0   05:42   0.5   4.0   0.0   3.7  20.9   02:47     N
15  23.1  32.4   15:36  15.3   06:04   0.6   5.4   0.0   3.0  26.7   16:14    SO
16  22.0  29.0   14:58  15.6   23:55   0.3   3.9   0.0   3.0  20.9   18:09   NNO
17  18.7  25.7   15:12  11.1   05:38   2.1   2.5   0.0   4.9  28.8   20:04     N
18  21.8  29.2   17:35  14.6   05:01   0.9   4.4   0.0   6.9  38.2   13:43     N
19  23.4  33.8   16:35  11.7   05:45   1.3   6.4   0.0   1.7  31.0   20:09    NE
20  26.5  35.8   17:28  17.2   05:23   0.1   8.3   0.0   3.4  26.7   14:03    SO
21  26.4  35.5   14:53  19.1   05:33   0.0   8.1   0.0   1.8  18.0   11:46     N
22  27.3  36.2   14:00  17.4   05:11   0.0   9.0   0.0   4.0  26.7   18:42    SO
23  27.2  33.5   15:01  21.2   05:19   0.0   8.9   0.0   4.3  28.8   13:10     O
24  23.7  30.0   17:37  19.4   06:28   0.0   5.4   0.0   2.3  23.1   15:56     O
25  22.1  28.0   12:25  17.2   23:57   0.0   3.9   0.0   3.3  28.1   12:35   OSO
26  22.8  32.5   15:04  13.6   06:03   0.9   5.5   0.2   2.6  18.0   14:39   NNO
27  21.8  30.9   14:57  17.5   06:17   0.1   3.6   1.2   2.7  41.8   15:52   SSO
28  20.0  28.0   15:59  15.5   22:48   0.7   2.4  16.2   7.4  49.0   00:49   SSO
29  17.0  22.4   11:13  14.0   22:52   1.8   0.5   6.2   7.4  50.5   14:49    SO
30  17.7  25.4   15:21  11.8   06:29   1.9   1.4   0.0   7.5  35.3   16:47    SO
----------------------------------------------------------------------------------
    20.9  36.2    22     7.4     8    36.6 114.8  47.4   3.7  54.8     6     OSO

Max >=  27.0 21
Max <=   0.0  0
Min <= -10.0  0
Min <= -18.0  0
Max Rain: 16.2 on day 28
Days of Rain: 10 (>= 0.2 mm)  5 (>= 2.0 mm)  0 (>= 20.0 mm)
Heat Base: 18.3  Cool Base: 18.3  Method: Integration


Mise à jour : 08/12/2019 19:57:49
powered by Cumulus v3.0.0 (3043)