METEO Meyenheim

 Latitude N 47° 54' 42"    Longitude E 07° 21' 22"    Altitude 210 m

Rapports de type NOAA
Selectionner un rapport Annuel ou mensuel
V/Λ2019 > Janvier Février Mars Avril Mai Juin Juillet Août Septembre Octobre Novembre Décembre
V/Λ2018 > Janvier Février Mars Avril Mai Juin Juillet Août Septembre Octobre Novembre Décembre
V/Λ2017 > Janvier Février Mars Avril Mai Juin Juillet Août Septembre Octobre Novembre Décembre
V/Λ2016 > Janvier Février Mars Avril Mai Juin Juillet Août Septembre Octobre Novembre Décembre
V/Λ2015 > Janvier Février Mars Avril Mai Juin Juillet Août Septembre Octobre Novembre Décembre
V/Λ2014 > Janvier Février Mars Avril Mai Juin Juillet Août Septembre Octobre Novembre Décembre
V/Λ2013 > Janvier Février Mars Avril Mai Juin Juillet Août Septembre Octobre Novembre Décembre
V/Λ2012 > Janvier Février Mars Avril Mai Juin Juillet Août Septembre Octobre Novembre Décembre
V/Λ2011 > Janvier Février Mars Avril Mai Juin Juillet Août Septembre Octobre Novembre Décembre
V/Λ2010 > Janvier Février Mars Avril Mai Juin Juillet Août Septembre Octobre Novembre Décembre
V/Λ2009 > Janvier Février Mars Avril Mai Juin Juillet Août Septembre Octobre Novembre Décembre
V/Λ2008 > Janvier Février Mars Avril Mai Juin Juillet Août Septembre Octobre Novembre Décembre
V/Λ2007 > Janvier Février Mars Avril Mai Juin Juillet Août Septembre Octobre Novembre Décembre
V/Λ2006 > Janvier Février Mars Avril Mai Juin Juillet Août Septembre Octobre Novembre Décembre
V/Λ2005 > Janvier Février Mars Avril Mai Juin Juillet Août Septembre Octobre Novembre Décembre
V/Λ2004 > Janvier Février Mars Avril Mai Juin Juillet Août Septembre Octobre Novembre Décembre
V/Λ2003 > Janvier Février Mars Avril Mai Juin Juillet Août Septembre Octobre Novembre Décembre
V/Λ2002 > Janvier Février Mars Avril Mai Juin Juillet Août Septembre Octobre Novembre Décembre

Rapport pour Juillet 2017
                   Monthly Climatological Summary for juil. 2017

Name:    City: Meyenheim   State: Alsace, FR
Elevation: 210 m  Lat: N 47 54 42   Lon: E 007 21 20

                  Temperature (°C), Rain (mm), Wind Speed (km/h)

                                      Heat  Cool        Avg
    Mean                              Deg   Deg         Wind                 Dom
Day Temp  High   Time   Low    Time   Days  Days  Rain  Speed High   Time    Dir
----------------------------------------------------------------------------------
01  15.6  19.4   11:25  13.8   05:39   2.7   0.0   0.4   9.6  49.0   11:26    SO
02  16.9  22.5   12:13  14.0   00:00   2.0   0.6   0.0   3.6  20.9   15:07    SO
03  19.1  27.1   17:13  12.1   06:15   1.8   2.6   0.0   1.8  20.9   12:30   SSO
04  21.5  30.1   17:07  13.2   05:16   1.2   4.4   0.0   1.4  13.7   12:36    SE
05  23.4  32.9   16:47  13.6   06:07   1.1   6.2   0.0   1.4  13.7   17:08    NE
06  25.5  35.6   16:04  15.8   06:10   0.4   7.6   0.0   3.0  31.7   16:25   SSO
07  25.5  34.3   15:33  19.5   05:33   0.0   7.2   0.2   3.1  29.6   13:36    SO
08  26.7  35.8   16:02  17.9   06:21   0.0   8.4   0.0   2.7  24.5   13:29   OSO
09  21.7  28.5   16:26  18.2   05:27   0.0   3.4   8.6   3.2  48.3   02:35    SO
10  20.1  25.6   17:46  16.0   23:14   0.3   2.2   7.6   5.7  35.3   12:56   SSO
11  19.4  24.7   14:29  15.2   05:24   0.9   2.0   0.8   5.4  29.6   04:13   SSO
12  20.9  26.9   15:51  17.6   02:42   0.1   2.7   0.0   6.7  51.9   10:20    SO
13  19.9  26.3   15:42  14.7   06:38   0.9   2.5   0.0   4.4  23.1   08:37     N
14  19.7  26.3   16:26  14.5   05:23   1.0   2.4   1.0   2.9  33.9   18:02   ONO
15  18.3  23.7   16:29  14.4   06:19   1.5   1.5   0.0   2.9  28.8   16:11   NNE
16  19.6  28.6   17:25  12.4   01:50   1.9   3.1   0.0   1.6  13.7   17:20    NE
17  22.3  31.1   17:15  13.8   05:59   1.1   5.1   0.0   2.3  34.6   10:17     N
18  24.8  33.2   15:37  17.4   06:34   0.0   6.5   0.0   2.5  13.7   15:52   NNE
19  26.4  34.6   14:48  19.0   05:44   0.0   8.1   0.0   4.7  24.5   08:48    SO
20  23.1  29.8   14:34  18.3   23:57   0.0   4.8   0.6   5.6  41.1   02:19    SO
21  21.4  30.9   17:00  16.7   04:38   0.5   3.6  11.2   2.8  32.4   19:30     N
22  21.2  29.3   15:53  16.1   05:55   0.5   3.4   0.2   4.6  30.3   17:59   SSO
23  20.0  24.6   16:20  16.8   23:55   0.2   1.8   0.0   5.7  37.5   14:29    SO
24  17.1  22.5   15:32  14.2   23:12   1.6   0.5   2.6   4.5  29.6   08:15   OSO
25  16.1  21.8   17:45  13.0   06:08   2.6   0.5   4.8   2.3  22.4   14:59   OSO
26  17.4  23.8   17:51  13.6   07:13   2.0   1.0   1.2   3.7  29.6   13:37    SO
27  19.4  24.8   13:35  15.8   00:00   0.5   1.5   0.2   7.3  36.0   08:49   SSO
28  20.1  26.1   16:10  16.3   05:48   0.6   2.4   0.0   3.5  27.4   14:42    SO
29  22.0  30.6   17:31  13.8   06:32   1.0   4.7   0.0   3.6  23.1   17:40   SSO
30  23.9  30.3   16:41  17.9   06:15   0.0   5.6   0.0   5.3  51.2   13:13    SO
31  23.6  31.3   17:28  16.9   06:13   0.1   5.5   0.0   3.0  15.9   12:57   SSO
----------------------------------------------------------------------------------
    21.1  35.8     8    12.1     3    26.5 111.8  39.4   3.9  51.9    12      SO

Max >=  27.0 17
Max <=   0.0  0
Min <= -10.0  0
Min <= -18.0  0
Max Rain: 11.2 on day 21
Days of Rain: 13 (>= 0.2 mm)  5 (>= 2.0 mm)  0 (>= 20.0 mm)
Heat Base: 18.3  Cool Base: 18.3  Method: Integration


Mise à jour : 24/08/2019 02:50:32
powered by Cumulus v3.0.0 (3043)