METEO Meyenheim

 Latitude N 47° 54' 42"    Longitude E 07° 21' 22"    Altitude 210 m

Rapports de type NOAA
Selectionner un rapport Annuel ou mensuel
V/Λ2019 > Janvier Février Mars Avril Mai Juin Juillet Août Septembre Octobre Novembre Décembre
V/Λ2018 > Janvier Février Mars Avril Mai Juin Juillet Août Septembre Octobre Novembre Décembre
V/Λ2017 > Janvier Février Mars Avril Mai Juin Juillet Août Septembre Octobre Novembre Décembre
V/Λ2016 > Janvier Février Mars Avril Mai Juin Juillet Août Septembre Octobre Novembre Décembre
V/Λ2015 > Janvier Février Mars Avril Mai Juin Juillet Août Septembre Octobre Novembre Décembre
V/Λ2014 > Janvier Février Mars Avril Mai Juin Juillet Août Septembre Octobre Novembre Décembre
V/Λ2013 > Janvier Février Mars Avril Mai Juin Juillet Août Septembre Octobre Novembre Décembre
V/Λ2012 > Janvier Février Mars Avril Mai Juin Juillet Août Septembre Octobre Novembre Décembre
V/Λ2011 > Janvier Février Mars Avril Mai Juin Juillet Août Septembre Octobre Novembre Décembre
V/Λ2010 > Janvier Février Mars Avril Mai Juin Juillet Août Septembre Octobre Novembre Décembre
V/Λ2009 > Janvier Février Mars Avril Mai Juin Juillet Août Septembre Octobre Novembre Décembre
V/Λ2008 > Janvier Février Mars Avril Mai Juin Juillet Août Septembre Octobre Novembre Décembre
V/Λ2007 > Janvier Février Mars Avril Mai Juin Juillet Août Septembre Octobre Novembre Décembre
V/Λ2006 > Janvier Février Mars Avril Mai Juin Juillet Août Septembre Octobre Novembre Décembre
V/Λ2005 > Janvier Février Mars Avril Mai Juin Juillet Août Septembre Octobre Novembre Décembre
V/Λ2004 > Janvier Février Mars Avril Mai Juin Juillet Août Septembre Octobre Novembre Décembre
V/Λ2003 > Janvier Février Mars Avril Mai Juin Juillet Août Septembre Octobre Novembre Décembre
V/Λ2002 > Janvier Février Mars Avril Mai Juin Juillet Août Septembre Octobre Novembre Décembre

Rapport pour Décembre 2017
                   Monthly Climatological Summary for déc. 2017

Name:    City: Meyenheim   State: Alsace, FR
Elevation: 210 m  Lat: N 47 54 42   Lon: E 007 21 20

                  Temperature (°C), Rain (mm), Wind Speed (km/h)

                                      Heat  Cool        Avg
    Mean                              Deg   Deg         Wind                 Dom
Day Temp  High   Time   Low    Time   Days  Days  Rain  Speed High   Time    Dir
----------------------------------------------------------------------------------
01   0.7   3.4   14:01  -1.7   07:05  17.6   0.0   0.6   3.9  29.6   18:30   NNO
02  -0.3   1.0   13:25  -1.4   21:30  18.6   0.0   0.0  10.4  43.3   13:10     N
03  -0.2   2.6   13:26  -2.8   08:39  18.5   0.0   0.0   3.2  28.1   21:44     S
04   1.5   4.2   14:35  -0.3   06:55  16.8   0.0   0.8   1.4  18.0   10:37     S
05   2.7   6.8   13:29  -0.6   01:29  15.6   0.0   0.0   1.9  27.4   14:09     S
06   1.0   4.2   13:31  -1.4   23:47  17.3   0.0   0.0   1.8  19.5   21:20     S
07   3.4   8.4   14:45  -1.4   00:00  14.9   0.0   0.4   8.4  42.5   20:50     S
08   4.5   7.7   00:00   0.3   21:52  13.8   0.0   1.8   7.4  54.1   03:27    SO
09  -0.1   2.9   13:32  -1.9   08:04  18.4   0.0   0.0   4.0  25.2   14:23   SSO
10   2.2   8.4   17:35  -1.9   09:59  16.1   0.0  11.8   7.8  45.4   14:19     S
11   6.3   8.4   13:44   5.4   04:44  12.0   0.0  13.8   5.6  44.0   23:28     S
12   3.5   7.8   00:01   0.0   22:26  14.8   0.0   0.0   6.4  59.1   01:00    SO
13   2.5   7.0   00:00  -1.0   07:31  15.8   0.0   4.8   8.0  49.7   14:10     S
14   5.7   8.8   01:55   3.4   08:56  12.6   0.0   7.8  10.4  52.6   13:28    SO
15   4.4   7.0   13:46   2.9   22:39  13.9   0.0   1.4   7.9  48.3   12:15   SSO
16   2.6   4.0   12:39   1.0   23:59  15.7   0.0   0.4   1.6  20.9   00:15   SSO
17   1.5   5.1   15:02  -0.6   08:38  16.8   0.0   0.0   1.0  13.0   22:46   SSO
18   2.1   4.7   14:01   0.4   05:32  16.2   0.0   0.8   4.2  31.7   06:55     S
19   2.4   3.5   13:20   1.6   05:23  15.9   0.0   0.2   0.7  12.3   23:23     N
20   3.3   5.2   14:44   1.9   00:26  15.0   0.0   1.4   0.9  10.1   11:27   SSO
21   4.8   7.1   15:16   2.9   04:39  13.5   0.0   1.8   2.3  19.5   14:15     S
22   6.2   8.8   13:59   3.5   22:10  12.1   0.0   1.4   0.8  11.5   02:24   SSO
23   6.2  10.1   13:40   2.4   00:56  12.1   0.0   0.0   2.0  16.6   13:30   SSO
24   5.6   6.8   14:22   4.8   02:14  12.7   0.0   0.0   1.9  22.4   16:04   SSO
25   3.9   8.1   14:42   1.6   23:56  14.4   0.0   0.0   4.5  28.1   20:29   SSO
26   4.5   9.7   11:02   1.2   02:42  13.8   0.0   0.0   7.1  56.2   09:19   SSO
27   4.0   6.1   13:53   1.9   01:11  14.3   0.0   6.6   4.7  36.8   16:49   SSO
28   2.2   4.1   12:44   0.6   18:38  16.1   0.0   0.0   5.2  29.6   11:48    SO
29   1.8   5.4   20:37  -0.1   06:55  16.5   0.0   3.2   7.2  49.7   20:33   SSO
30   8.4  12.8   22:06   3.3   02:13   9.9   0.0   1.0  11.5  57.0   21:16   SSO
31  11.9  14.4   12:25   8.8   20:00   6.4   0.0   0.2   8.7  51.2   00:33   SSO
----------------------------------------------------------------------------------
     3.5  14.4    31    -2.8     3   458.1   0.0  60.2   4.9  59.1    12     SSO

Max >=  27.0  0
Max <=   0.0  0
Min <= -10.0  0
Min <= -18.0  0
Max Rain: 13.8 on day 11
Days of Rain: 19 (>= 0.2 mm)  6 (>= 2.0 mm)  0 (>= 20.0 mm)
Heat Base: 18.3  Cool Base: 18.3  Method: Integration


Mise à jour : 08/12/2019 20:18:49
powered by Cumulus v3.0.0 (3043)