METEO Meyenheim

 Latitude N 47° 54' 42"    Longitude E 07° 21' 22"    Altitude 210 m

Rapports de type NOAA
Selectionner un rapport Annuel ou mensuel
V/Λ2019 > Janvier Février Mars Avril Mai Juin Juillet Août Septembre Octobre Novembre Décembre
V/Λ2018 > Janvier Février Mars Avril Mai Juin Juillet Août Septembre Octobre Novembre Décembre
V/Λ2017 > Janvier Février Mars Avril Mai Juin Juillet Août Septembre Octobre Novembre Décembre
V/Λ2016 > Janvier Février Mars Avril Mai Juin Juillet Août Septembre Octobre Novembre Décembre
V/Λ2015 > Janvier Février Mars Avril Mai Juin Juillet Août Septembre Octobre Novembre Décembre
V/Λ2014 > Janvier Février Mars Avril Mai Juin Juillet Août Septembre Octobre Novembre Décembre
V/Λ2013 > Janvier Février Mars Avril Mai Juin Juillet Août Septembre Octobre Novembre Décembre
V/Λ2012 > Janvier Février Mars Avril Mai Juin Juillet Août Septembre Octobre Novembre Décembre
V/Λ2011 > Janvier Février Mars Avril Mai Juin Juillet Août Septembre Octobre Novembre Décembre
V/Λ2010 > Janvier Février Mars Avril Mai Juin Juillet Août Septembre Octobre Novembre Décembre
V/Λ2009 > Janvier Février Mars Avril Mai Juin Juillet Août Septembre Octobre Novembre Décembre
V/Λ2008 > Janvier Février Mars Avril Mai Juin Juillet Août Septembre Octobre Novembre Décembre
V/Λ2007 > Janvier Février Mars Avril Mai Juin Juillet Août Septembre Octobre Novembre Décembre
V/Λ2006 > Janvier Février Mars Avril Mai Juin Juillet Août Septembre Octobre Novembre Décembre
V/Λ2005 > Janvier Février Mars Avril Mai Juin Juillet Août Septembre Octobre Novembre Décembre
V/Λ2004 > Janvier Février Mars Avril Mai Juin Juillet Août Septembre Octobre Novembre Décembre
V/Λ2003 > Janvier Février Mars Avril Mai Juin Juillet Août Septembre Octobre Novembre Décembre
V/Λ2002 > Janvier Février Mars Avril Mai Juin Juillet Août Septembre Octobre Novembre Décembre

Rapport pour Janvier 2018
                   Monthly Climatological Summary for janv. 2018

Name:    City: Meyenheim   State: Alsace, FR
Elevation: 210 m  Lat: N 47 54 42   Lon: E 007 21 20

                  Temperature (°C), Rain (mm), Wind Speed (km/h)

                                      Heat  Cool        Avg
    Mean                              Deg   Deg         Wind                 Dom
Day Temp  High   Time   Low    Time   Days  Days  Rain  Speed High   Time    Dir
----------------------------------------------------------------------------------
01   7.2  11.2   00:00   5.3   23:56  11.1   0.0   5.0   9.6  64.9   20:23   SSO
02   5.9   8.2   13:58   3.6   08:56  12.4   0.0   1.4   7.2  35.3   23:57   SSO
03   8.4  12.1   09:11   4.9   00:22   9.9   0.0  11.2  13.4  65.6   06:58   OSO
04   9.3  12.2   13:52   5.0   04:15   9.0   0.0   7.6  10.5  52.6   20:58   SSO
05   9.9  12.4   12:43   8.0   03:53   8.4   0.0   2.2   7.5  46.1   06:56   SSO
06   8.0  10.8   13:34   6.8   07:50  10.3   0.0   1.2   0.6   9.4   00:00    NO
07   6.7   7.7   00:00   4.2   23:54  11.6   0.0   0.0   7.5  31.7   12:53     N
08   4.6   7.8   14:50   2.8   04:12  13.7   0.0   0.0   2.1  16.6   13:42     N
09   4.7   7.3   15:01   2.3   08:50  13.6   0.0   0.2   1.9  28.8   19:47     S
10   5.3   7.3   11:26   2.8   08:25  12.9   0.0   0.8   2.7  23.1   14:03     S
11   4.9   7.6   14:52   2.8   20:48  13.4   0.0   0.2   0.7   8.7   07:24   NNO
12   4.6   5.7   14:40   2.2   23:57  13.7   0.0   0.0   2.5  18.0   08:55     N
13   1.7   6.8   13:49  -1.7   23:40  16.6   0.0   0.0   1.5  12.3   08:39     N
14  -0.5   4.4   14:42  -3.6   07:55  18.8   0.0   0.0   0.6  11.5   22:52    SO
15   2.7   7.2   18:12  -0.8   04:56  15.6   0.0   5.4   7.0  51.2   23:29   SSO
16   7.5   9.7   14:50   5.1   21:02  10.8   0.0   9.4  10.7  57.0   00:51    SO
17   4.5   6.8   01:10   1.5   11:00  13.8   0.0   4.0   9.6  51.9   09:25   OSO
18   5.9   9.9   14:36   2.9   06:55  12.4   0.0   8.6  12.1  57.7   09:00   SSO
19   5.2   8.3   01:51   1.7   23:28  13.1   0.0   2.8   4.5  34.6   01:30   OSO
20   4.5   7.1   22:30   1.6   00:21  13.8   0.0   3.4   7.4  47.6   16:18   SSO
21   5.0   7.8   02:00   2.6   22:43  13.3   0.0   1.2   2.9  29.6   03:35    NO
22   8.7  11.1   18:28   2.8   00:00   9.6   0.0   4.8   7.1  36.8   09:45   SSO
23   6.9   9.1   15:18   4.0   08:32  11.4   0.0   0.0   4.0  27.4   23:24   SSO
24   9.4  14.2   13:50   6.0   07:37   8.9   0.0   0.0   7.6  31.7   05:31     S
25   9.7  14.3   13:46   5.7   08:20   8.6   0.0   0.2   5.7  42.5   14:13     S
26   6.7   9.7   01:26   5.6   19:45  11.6   0.0  11.2   2.3  20.2   10:58     N
27   6.4   7.8   15:32   5.6   03:15  11.9   0.0   0.8   2.8  23.8   14:27   NNO
28   7.0  10.5   13:37   3.2   23:57  11.3   0.0   0.0   7.1  46.1   12:48   SSO
29   5.9  11.7   14:18   0.4   08:25  12.4   0.0   0.0   4.7  41.8   20:41   SSO
30   7.6  10.3   13:37   4.2   07:51  10.7   0.0   0.0   1.3  31.0   00:11   SSO
31   7.7   9.7   12:38   6.5   02:01  10.6   0.0   1.6  10.3  53.4   14:22   SSO
----------------------------------------------------------------------------------
     6.2  14.3    25    -3.6    14   375.2   0.0  83.2   5.7  65.6     3      SO

Max >=  27.0  0
Max <=   0.0  0
Min <= -10.0  0
Min <= -18.0  0
Max Rain: 11.2 on day 3
Days of Rain: 21 (>= 0.2 mm)  12 (>= 2.0 mm)  0 (>= 20.0 mm)
Heat Base: 18.3  Cool Base: 18.3  Method: Integration


Mise à jour : 21/08/2019 06:55:18
powered by Cumulus v3.0.0 (3043)