METEO Meyenheim

 Latitude N 47° 54' 42"    Longitude E 07° 21' 22"    Altitude 210 m

Rapports de type NOAA
Selectionner un rapport Annuel ou mensuel
V/Λ2019 > Janvier Février Mars Avril Mai Juin Juillet Août Septembre Octobre Novembre Décembre
V/Λ2018 > Janvier Février Mars Avril Mai Juin Juillet Août Septembre Octobre Novembre Décembre
V/Λ2017 > Janvier Février Mars Avril Mai Juin Juillet Août Septembre Octobre Novembre Décembre
V/Λ2016 > Janvier Février Mars Avril Mai Juin Juillet Août Septembre Octobre Novembre Décembre
V/Λ2015 > Janvier Février Mars Avril Mai Juin Juillet Août Septembre Octobre Novembre Décembre
V/Λ2014 > Janvier Février Mars Avril Mai Juin Juillet Août Septembre Octobre Novembre Décembre
V/Λ2013 > Janvier Février Mars Avril Mai Juin Juillet Août Septembre Octobre Novembre Décembre
V/Λ2012 > Janvier Février Mars Avril Mai Juin Juillet Août Septembre Octobre Novembre Décembre
V/Λ2011 > Janvier Février Mars Avril Mai Juin Juillet Août Septembre Octobre Novembre Décembre
V/Λ2010 > Janvier Février Mars Avril Mai Juin Juillet Août Septembre Octobre Novembre Décembre
V/Λ2009 > Janvier Février Mars Avril Mai Juin Juillet Août Septembre Octobre Novembre Décembre
V/Λ2008 > Janvier Février Mars Avril Mai Juin Juillet Août Septembre Octobre Novembre Décembre
V/Λ2007 > Janvier Février Mars Avril Mai Juin Juillet Août Septembre Octobre Novembre Décembre
V/Λ2006 > Janvier Février Mars Avril Mai Juin Juillet Août Septembre Octobre Novembre Décembre
V/Λ2005 > Janvier Février Mars Avril Mai Juin Juillet Août Septembre Octobre Novembre Décembre
V/Λ2004 > Janvier Février Mars Avril Mai Juin Juillet Août Septembre Octobre Novembre Décembre
V/Λ2003 > Janvier Février Mars Avril Mai Juin Juillet Août Septembre Octobre Novembre Décembre
V/Λ2002 > Janvier Février Mars Avril Mai Juin Juillet Août Septembre Octobre Novembre Décembre

Rapport pour Février 2018
                   Monthly Climatological Summary for févr. 2018

Name:    City: Meyenheim   State: Alsace, FR
Elevation: 210 m  Lat: N 47 54 42   Lon: E 007 21 20

                  Temperature (°C), Rain (mm), Wind Speed (km/h)

                                      Heat  Cool        Avg
    Mean                              Deg   Deg         Wind                 Dom
Day Temp  High   Time   Low    Time   Days  Days  Rain  Speed High   Time    Dir
----------------------------------------------------------------------------------
01   4.1   8.1   14:37   0.3   23:47  14.2   0.0   2.4   5.6  42.5   00:46   SSO
02   2.0   5.5   14:25   0.0   04:25  16.3   0.0   0.2   4.7  41.1   10:58   SSO
03   2.2   5.8   12:04  -1.3   23:59  16.1   0.0   0.0   1.2  14.4   17:16   SSO
04   0.9   6.9   13:45  -1.7   00:56  17.4   0.0   0.0   3.6  29.6   18:40     N
05   0.9   2.9   14:23  -0.4   00:00  17.4   0.0   0.0   5.9  31.0   09:19     N
06   0.7   5.6   15:11  -1.8   05:31  17.6   0.0   0.0   1.1  13.0   01:48   NNE
07   0.0   0.8   12:49  -2.0   01:59  18.3   0.0   0.0   1.7  25.2   18:09     N
08   1.2   3.8   13:41  -1.2   02:26  17.1   0.0   0.2   1.2  10.1   15:07     N
09   2.3   5.2   14:30   0.6   05:50  16.0   0.0   0.0   2.0  22.4   16:00    SO
10   2.3   6.0   15:22  -0.4   05:28  16.0   0.0   0.0   1.8  18.0   23:51   SSO
11   2.9   5.4   13:45   1.2   02:04  15.4   0.0   0.0   8.1  44.0   09:07   SSO
12   1.7   7.4   13:43  -2.9   23:02  16.6   0.0   0.4   1.8  31.0   07:49     O
13  -0.5   6.2   14:52  -4.9   06:08  18.8   0.0   0.0   1.5  17.3   11:31    SO
14   0.0   6.9   16:02  -4.3   03:09  18.3   0.0   0.0   0.4   8.7   23:07    SO
15   3.5   8.5   22:28   0.4   08:10  14.8   0.0   0.6   5.3  32.4   16:20   SSO
16   6.2  10.3   12:43   2.3   23:39  12.1   0.0   2.8   1.3  13.7   02:27     N
17   2.1   3.8   03:08   0.5   19:46  16.2   0.0  17.2   5.3  19.5   22:31     N
18   1.2   3.5   14:38   0.0   05:38  17.1   0.0   0.8   3.0  15.1   00:09     N
19   1.7   4.0   13:41   0.5   06:02  16.6   0.0   0.0   2.2  32.4   11:25     N
20   1.1   2.9   13:02   0.3   08:08  17.2   0.0   0.0   4.4  29.6   10:40     N
21   1.0   4.4   13:54  -1.2   07:16  17.3   0.0   0.0   8.4  37.5   12:57     N
22  -0.4   1.0   16:17  -2.5   07:07  18.7   0.0   0.0  10.8  37.5   09:52     N
23   0.0   0.9   15:08  -1.0   08:26  18.3   0.0   0.0   9.6  38.9   08:30     N
24   1.2   6.5   15:07  -1.8   08:13  17.1   0.0   0.0  11.2  47.6   16:51     N
25  -2.0   2.2   16:04  -5.0   23:57  20.3   0.0   0.0   9.9  45.4   02:59     N
26  -5.2  -1.4   13:38  -7.3   07:10  23.5   0.0   0.0   8.5  41.8   13:21     N
27  -6.5  -2.8   14:43  -8.9   06:37  24.8   0.0   0.0   7.9  31.7   10:42     N
28  -5.0   0.1   14:52  -9.7   06:55  23.3   0.0   0.0   6.8  31.7   19:26     N
----------------------------------------------------------------------------------
     0.7  10.3    16    -9.7    28   492.8   0.0  24.6   4.8  47.6    24       N

Max >=  27.0  0
Max <=   0.0  2
Min <= -10.0  0
Min <= -18.0  0
Max Rain: 17.2 on day 17
Days of Rain: 8 (>= 0.2 mm)  3 (>= 2.0 mm)  0 (>= 20.0 mm)
Heat Base: 18.3  Cool Base: 18.3  Method: Integration


Mise à jour : 21/08/2019 07:06:18
powered by Cumulus v3.0.0 (3043)