METEO Meyenheim

 Latitude N 47° 54' 42"    Longitude E 07° 21' 22"    Altitude 210 m

Rapports de type NOAA
Selectionner un rapport Annuel ou mensuel
V/Λ2019 > Janvier Février Mars Avril Mai Juin Juillet Août Septembre Octobre Novembre Décembre
V/Λ2018 > Janvier Février Mars Avril Mai Juin Juillet Août Septembre Octobre Novembre Décembre
V/Λ2017 > Janvier Février Mars Avril Mai Juin Juillet Août Septembre Octobre Novembre Décembre
V/Λ2016 > Janvier Février Mars Avril Mai Juin Juillet Août Septembre Octobre Novembre Décembre
V/Λ2015 > Janvier Février Mars Avril Mai Juin Juillet Août Septembre Octobre Novembre Décembre
V/Λ2014 > Janvier Février Mars Avril Mai Juin Juillet Août Septembre Octobre Novembre Décembre
V/Λ2013 > Janvier Février Mars Avril Mai Juin Juillet Août Septembre Octobre Novembre Décembre
V/Λ2012 > Janvier Février Mars Avril Mai Juin Juillet Août Septembre Octobre Novembre Décembre
V/Λ2011 > Janvier Février Mars Avril Mai Juin Juillet Août Septembre Octobre Novembre Décembre
V/Λ2010 > Janvier Février Mars Avril Mai Juin Juillet Août Septembre Octobre Novembre Décembre
V/Λ2009 > Janvier Février Mars Avril Mai Juin Juillet Août Septembre Octobre Novembre Décembre
V/Λ2008 > Janvier Février Mars Avril Mai Juin Juillet Août Septembre Octobre Novembre Décembre
V/Λ2007 > Janvier Février Mars Avril Mai Juin Juillet Août Septembre Octobre Novembre Décembre
V/Λ2006 > Janvier Février Mars Avril Mai Juin Juillet Août Septembre Octobre Novembre Décembre
V/Λ2005 > Janvier Février Mars Avril Mai Juin Juillet Août Septembre Octobre Novembre Décembre
V/Λ2004 > Janvier Février Mars Avril Mai Juin Juillet Août Septembre Octobre Novembre Décembre
V/Λ2003 > Janvier Février Mars Avril Mai Juin Juillet Août Septembre Octobre Novembre Décembre
V/Λ2002 > Janvier Février Mars Avril Mai Juin Juillet Août Septembre Octobre Novembre Décembre

Rapport pour Mars 2018
                   Monthly Climatological Summary for mars 2018

Name:    City: Meyenheim   State: Alsace, FR
Elevation: 210 m  Lat: N 47 54 42   Lon: E 007 21 20

                  Temperature (°C), Rain (mm), Wind Speed (km/h)

                                      Heat  Cool        Avg
    Mean                              Deg   Deg         Wind                 Dom
Day Temp  High   Time   Low    Time   Days  Days  Rain  Speed High   Time    Dir
----------------------------------------------------------------------------------
01  -2.3   0.6   13:39  -4.8   06:50  20.6   0.0   0.0   6.6  27.4   00:36     N
02  -1.3   1.4   13:05  -2.8   23:03  19.6   0.0   0.2   2.4  18.0   08:43     N
03  -1.5   0.8   19:51  -3.8   05:24  19.8   0.0   1.0   1.1  10.8   15:09     N
04   5.9  14.0   14:43  -0.8   06:59  12.4   0.0   0.8   2.9  33.9   20:35    SO
05   6.0  14.0   15:00  -0.2   07:41  12.3   0.0   0.0   1.2  12.3   00:11   NNO
06   5.0  10.8   14:35   0.5   04:30  13.3   0.0   0.2   0.6  13.7   17:10    SO
07   5.8   9.9   16:19   2.2   02:18  12.5   0.0   1.8   7.6  43.3   10:55   SSO
08   8.1  14.0   15:34   2.9   05:33  10.2   0.0   0.2   7.7  39.7   15:31   SSO
09  11.3  18.0   16:34   6.3   01:04   7.0   0.0   0.0   4.9  29.6   12:36     S
10  10.3  15.5   15:55   7.5   06:48   8.0   0.0   3.6   4.3  31.0   09:22     S
11  10.1  13.0   12:46   7.9   06:41   8.2   0.0   1.2   2.2  17.3   09:10   SSO
12   9.6  14.4   16:28   6.3   03:08   8.7   0.0   7.6   7.2  44.7   16:49    SO
13   7.1   9.3   17:26   4.8   07:03  11.2   0.0   1.0   8.6  53.4   10:09   SSO
14   8.3  16.1   16:30   2.9   23:46  10.0   0.0   0.0   1.5  23.1   09:09     N
15   5.1   9.5   18:03   1.0   06:13  13.2   0.0   0.4   2.7  35.3   18:01   OSO
16   9.1  16.8   16:33   4.2   23:35   9.2   0.0   0.2   4.0  25.2   09:22   SSO
17   2.4   4.6   12:54  -1.7   23:59  15.9   0.0   0.4   7.8  36.0   16:10     N
18  -1.2   0.4   15:49  -3.0   06:35  19.5   0.0   3.0   8.2  35.3   18:33     N
19   0.2   2.0   16:02  -1.1   05:54  18.1   0.0   5.0   5.6  37.5   23:18     N
20   1.1   5.6   13:26  -1.9   07:41  17.2   0.0   1.6   9.8  47.6   07:43     N
21   2.1   7.5   15:41  -2.7   23:54  16.2   0.0   0.4   7.4  47.6   09:36     N
22   1.3   7.9   12:37  -5.0   06:46  17.0   0.0   0.0   3.5  26.0   17:11   SSO
23   4.7  10.9   12:18  -0.1   23:59  13.6   0.0   0.2   1.9  30.3   05:56   SSO
24   3.8  13.5   16:49  -2.3   06:42  14.5   0.0   0.0   1.3  13.0   13:58   NNE
25   6.8  16.3   16:42  -1.7   07:49  11.0   0.0   0.0   1.7  20.9   18:39     N
26   6.4  12.3   16:09   1.5   06:57  11.9   0.0   1.6   0.7  29.6   09:21     N
27   7.2  12.8   15:08   2.8   06:19  11.1   0.0   0.4   4.7  32.4   09:51   SSO
28   9.6  11.5   14:27   7.5   00:00   8.7   0.0   4.8   7.3  41.8   13:04   SSO
29   7.1  11.5   14:49   2.8   06:39  11.2   0.0   0.2   2.8  31.7   00:11    SO
30   5.4  12.3   14:29   0.4   07:21  12.9   0.0   3.0   2.0  23.8   16:22   SSO
31   7.2  13.5   17:07   3.2   07:37  11.1   0.0   9.8   1.5  37.5   18:45     S
----------------------------------------------------------------------------------
     5.2  18.0     9    -5.0    22   406.1   0.0  48.6   4.3  53.4    13     OSO

Max >=  27.0  0
Max <=   0.0  0
Min <= -10.0  0
Min <= -18.0  0
Max Rain: 9.8 on day 31
Days of Rain: 24 (>= 0.2 mm)  7 (>= 2.0 mm)  0 (>= 20.0 mm)
Heat Base: 18.3  Cool Base: 18.3  Method: Integration


Mise à jour : 18/10/2019 06:20:06
powered by Cumulus v3.0.0 (3043)