METEO Meyenheim

 Latitude N 47° 54' 42"    Longitude E 07° 21' 22"    Altitude 210 m

Rapports de type NOAA
Selectionner un rapport Annuel ou mensuel
V/Λ2019 > Janvier Février Mars Avril Mai Juin Juillet Août Septembre Octobre Novembre Décembre
V/Λ2018 > Janvier Février Mars Avril Mai Juin Juillet Août Septembre Octobre Novembre Décembre
V/Λ2017 > Janvier Février Mars Avril Mai Juin Juillet Août Septembre Octobre Novembre Décembre
V/Λ2016 > Janvier Février Mars Avril Mai Juin Juillet Août Septembre Octobre Novembre Décembre
V/Λ2015 > Janvier Février Mars Avril Mai Juin Juillet Août Septembre Octobre Novembre Décembre
V/Λ2014 > Janvier Février Mars Avril Mai Juin Juillet Août Septembre Octobre Novembre Décembre
V/Λ2013 > Janvier Février Mars Avril Mai Juin Juillet Août Septembre Octobre Novembre Décembre
V/Λ2012 > Janvier Février Mars Avril Mai Juin Juillet Août Septembre Octobre Novembre Décembre
V/Λ2011 > Janvier Février Mars Avril Mai Juin Juillet Août Septembre Octobre Novembre Décembre
V/Λ2010 > Janvier Février Mars Avril Mai Juin Juillet Août Septembre Octobre Novembre Décembre
V/Λ2009 > Janvier Février Mars Avril Mai Juin Juillet Août Septembre Octobre Novembre Décembre
V/Λ2008 > Janvier Février Mars Avril Mai Juin Juillet Août Septembre Octobre Novembre Décembre
V/Λ2007 > Janvier Février Mars Avril Mai Juin Juillet Août Septembre Octobre Novembre Décembre
V/Λ2006 > Janvier Février Mars Avril Mai Juin Juillet Août Septembre Octobre Novembre Décembre
V/Λ2005 > Janvier Février Mars Avril Mai Juin Juillet Août Septembre Octobre Novembre Décembre
V/Λ2004 > Janvier Février Mars Avril Mai Juin Juillet Août Septembre Octobre Novembre Décembre
V/Λ2003 > Janvier Février Mars Avril Mai Juin Juillet Août Septembre Octobre Novembre Décembre
V/Λ2002 > Janvier Février Mars Avril Mai Juin Juillet Août Septembre Octobre Novembre Décembre

Rapport pour Avril 2018
                   Monthly Climatological Summary for avr. 2018

Name:    City: Meyenheim   State: Alsace, FR
Elevation: 210 m  Lat: N 47 54 42   Lon: E 007 21 20

                  Temperature (°C), Rain (mm), Wind Speed (km/h)

                                      Heat  Cool        Avg
    Mean                              Deg   Deg         Wind                 Dom
Day Temp  High   Time   Low    Time   Days  Days  Rain  Speed High   Time    Dir
----------------------------------------------------------------------------------
01   6.7  11.0   17:47   3.4   23:58  11.5   0.0   0.8   5.6  32.4   16:42    SO
02   8.2  17.6   15:57  -0.4   07:06  10.1   0.0   0.0   2.0  19.5   12:53   SSO
03  14.9  21.0   13:48   9.5   01:17   3.9   0.4   0.0   6.6  33.9   07:11     S
04  11.2  18.7   12:07   7.9   22:37   7.1   0.0   5.0   4.0  36.8   13:10   SSO
05   9.6  15.1   14:11   5.0   23:06   8.0   0.0   0.4   5.8  43.3   12:50    SO
06   8.8  18.8   17:38   0.3   06:34   9.5   0.0   0.0   1.9  15.1   09:10     N
07  13.2  26.1   16:49   2.3   06:40   6.6   1.5   0.0   1.0  10.8   14:21   SSE
08  15.6  25.3   15:05   7.0   07:25   4.3   1.6   0.0   1.7  15.1   12:12     N
09  14.3  22.6   15:49   8.8   05:47   4.4   0.4   0.2   3.6  32.4   12:05   SSO
10  10.5  14.0   11:11   5.1   23:51   7.8   0.0   2.8   1.6  31.0   22:02     O
11  10.5  19.1   15:22   1.4   06:47   7.8   0.0   0.0   6.2  36.8   18:20     N
12  14.7  22.8   16:54   8.5   06:50   4.3   0.7   0.0   4.6  44.7   10:28    SO
13  11.9  18.8   15:10   7.6   23:59   6.4   0.0   4.2   2.7  27.4   06:10    SO
14  12.6  21.0   14:44   5.6   04:51   6.0   0.3   0.2   1.3  10.8   05:40   ONO
15  15.0  22.6   16:01   9.3   06:44   3.9   0.6   2.0   2.3  31.7   07:17     N
16  14.7  22.2   14:19   8.6   07:21   3.9   0.4   0.2   0.9  13.7   14:41   ONO
17  15.6  25.9   17:36   6.4   07:00   4.4   1.7   0.0   1.4  19.5   17:00     N
18  17.1  27.8   16:54   7.3   05:30   3.9   2.6   0.0   3.8  32.4   14:33     N
19  18.0  29.4   16:49   7.6   05:40   3.4   3.1   0.0   1.1  14.4   12:36     N
20  18.6  30.1   17:12   8.2   06:50   3.2   3.5   0.0   0.9  11.5   17:17   NNE
21  19.6  31.1   15:38   9.3   06:14   2.7   4.0   0.0   0.8  31.0   06:37     S
22  20.6  29.8   15:02  12.1   07:00   1.8   4.1   0.0   4.3  28.8   14:27   SSO
23  15.9  21.5   10:43  12.2   23:11   2.7   0.3  10.2   2.1  45.4   11:33   SSO
24  16.5  24.2   16:44  10.4   04:47   3.3   1.5   0.2   3.0  20.9   14:40    SO
25  16.8  23.4   13:21  11.3   02:56   2.6   1.2   0.0   6.3  42.5   11:44   OSO
26  13.2  19.4   16:04   8.3   23:01   5.2   0.0   1.0   3.1  25.2   03:57     O
27  13.7  23.6   16:32   4.3   06:23   5.6   1.0   0.0   2.8  35.3   19:32    SO
28  13.9  21.0   15:44  10.2   23:19   4.6   0.3   3.8   2.3  24.5   21:39     N
29  15.3  23.6   15:55   7.5   06:10   4.1   1.1   0.2   2.8  44.7   23:30   NNO
30  13.7  19.1   15:46   9.5   06:18   4.7   0.0   0.2  11.3  54.1   12:41    SO
----------------------------------------------------------------------------------
    14.0  31.1    21    -0.4     2   157.7  30.3  31.4   3.3  54.1    30     OSO

Max >=  27.0  5
Max <=   0.0  0
Min <= -10.0  0
Min <= -18.0  0
Max Rain: 10.2 on day 23
Days of Rain: 15 (>= 0.2 mm)  6 (>= 2.0 mm)  0 (>= 20.0 mm)
Heat Base: 18.3  Cool Base: 18.3  Method: Integration


Mise à jour : 18/10/2019 06:32:06
powered by Cumulus v3.0.0 (3043)