METEO Meyenheim

 Latitude N 47° 54' 42"    Longitude E 07° 21' 22"    Altitude 210 m

Rapports de type NOAA
Selectionner un rapport Annuel ou mensuel
V/Λ2019 > Janvier Février Mars Avril Mai Juin Juillet Août Septembre Octobre Novembre Décembre
V/Λ2018 > Janvier Février Mars Avril Mai Juin Juillet Août Septembre Octobre Novembre Décembre
V/Λ2017 > Janvier Février Mars Avril Mai Juin Juillet Août Septembre Octobre Novembre Décembre
V/Λ2016 > Janvier Février Mars Avril Mai Juin Juillet Août Septembre Octobre Novembre Décembre
V/Λ2015 > Janvier Février Mars Avril Mai Juin Juillet Août Septembre Octobre Novembre Décembre
V/Λ2014 > Janvier Février Mars Avril Mai Juin Juillet Août Septembre Octobre Novembre Décembre
V/Λ2013 > Janvier Février Mars Avril Mai Juin Juillet Août Septembre Octobre Novembre Décembre
V/Λ2012 > Janvier Février Mars Avril Mai Juin Juillet Août Septembre Octobre Novembre Décembre
V/Λ2011 > Janvier Février Mars Avril Mai Juin Juillet Août Septembre Octobre Novembre Décembre
V/Λ2010 > Janvier Février Mars Avril Mai Juin Juillet Août Septembre Octobre Novembre Décembre
V/Λ2009 > Janvier Février Mars Avril Mai Juin Juillet Août Septembre Octobre Novembre Décembre
V/Λ2008 > Janvier Février Mars Avril Mai Juin Juillet Août Septembre Octobre Novembre Décembre
V/Λ2007 > Janvier Février Mars Avril Mai Juin Juillet Août Septembre Octobre Novembre Décembre
V/Λ2006 > Janvier Février Mars Avril Mai Juin Juillet Août Septembre Octobre Novembre Décembre
V/Λ2005 > Janvier Février Mars Avril Mai Juin Juillet Août Septembre Octobre Novembre Décembre
V/Λ2004 > Janvier Février Mars Avril Mai Juin Juillet Août Septembre Octobre Novembre Décembre
V/Λ2003 > Janvier Février Mars Avril Mai Juin Juillet Août Septembre Octobre Novembre Décembre
V/Λ2002 > Janvier Février Mars Avril Mai Juin Juillet Août Septembre Octobre Novembre Décembre

Rapport pour Mai 2018
                   Monthly Climatological Summary for mai 2018

Name:    City: Meyenheim   State: Alsace, FR
Elevation: 210 m  Lat: N 47 54 42   Lon: E 007 21 20

                  Temperature (°C), Rain (mm), Wind Speed (km/h)

                                      Heat  Cool        Avg
    Mean                              Deg   Deg         Wind                 Dom
Day Temp  High   Time   Low    Time   Days  Days  Rain  Speed High   Time    Dir
----------------------------------------------------------------------------------
01  11.6  17.4   17:06   8.7   06:29   6.7   0.0   0.0   4.1  26.0   00:19    SO
02  12.7  18.6   16:07   8.0   01:30   5.6   0.0   0.0   3.8  23.8   03:25     N
03  13.3  16.9   15:22  10.4   04:35   5.0   0.0   0.0   4.9  30.3   05:47     N
04  16.5  22.7   16:35  11.5   06:28   2.7   0.9   0.0  11.5  39.7   17:35     N
05  18.6  25.8   17:12  11.8   06:42   1.9   2.2   0.0  11.6  40.4   00:39     N
06  20.0  27.5   16:02  13.7   06:59   1.2   2.9   0.0   8.7  33.9   18:15     N
07  19.8  27.4   16:01  12.2   06:11   1.5   3.0   0.0   6.2  35.3   15:21     N
08  20.1  28.4   17:13  10.6   06:06   1.7   3.5   0.0   2.2  15.1   14:16     N
09  18.3  27.4   14:51  10.2   06:53   2.4   2.4   0.0   1.6  20.2   15:00   OSO
10  13.6  16.5   18:07   9.2   23:33   4.7   0.0   6.6   3.4  25.2   02:05   SSO
11  15.3  23.2   16:21   7.5   06:11   4.2   1.1   0.0   1.8  16.6   09:49     N
12  18.1  26.7   16:34   9.7   06:10   2.6   2.5   0.0   1.0  10.8   15:31   ONO
13  12.1  19.0   00:30   9.8   23:53   6.2   0.0   7.8   2.8  34.6   01:34   SSO
14  11.3  14.9   14:26   8.8   04:37   7.0   0.0   6.6   2.5  15.9   00:16   SSO
15  14.2  22.4   16:58  11.1   05:38   4.6   0.4   8.0   3.2  29.6   13:49   NNO
16  12.5  18.8   15:40  10.0   05:31   5.8   0.0  17.4   2.5  24.5   14:00    SO
17  13.7  19.2   15:17   8.8   04:02   4.6   0.0   1.4   1.0  13.7   17:37   NNE
18  15.4  22.4   15:05  10.1   05:24   3.5   0.6   0.0   2.8  18.7   19:06     N
19  15.4  21.8   14:31   8.8   05:42   3.5   0.6   0.0   4.5  24.5   01:06     N
20  15.7  21.6   15:25   9.9   05:31   3.0   0.5   0.0   5.7  26.0   18:44     N
21  17.3  26.6   16:59  10.6   05:57   2.7   1.8   0.0   2.3  19.5   18:18     N
22  17.6  26.8   14:19  10.6   06:03   2.7   2.0   0.0   1.7  28.1   23:01     N
23  17.9  25.0   13:22  12.1   06:00   1.9   1.5   0.6   1.6  27.4   02:39     N
24  19.3  26.4   15:53  14.4   05:49   1.5   2.4   2.2   2.2  31.7   18:58    SO
25  20.1  28.5   15:22  11.7   05:51   1.8   3.6   0.0   1.7  18.7   16:28   NNE
26  21.7  30.0   15:32  13.1   05:45   1.1   4.5   0.0   1.8  23.8   16:26     N
27  22.0  29.9   13:59  15.9   05:47   0.2   3.9   0.0   1.9  20.9   19:00   NNO
28  21.9  29.1   15:28  16.0   05:37   0.5   4.1   3.4   1.8  33.2   00:12     O
29  20.3  26.3   16:37  16.9   05:29   0.4   2.3   0.2   2.2  23.1   10:41    SO
30  21.4  30.1   14:23  14.2   03:53   1.0   4.1   2.4   2.2  24.5   23:21   ONO
31  19.3  27.2   15:25  15.0   23:26   1.3   2.3  29.0   2.4  41.8   19:48    SO
----------------------------------------------------------------------------------
    17.0  30.1    30     7.5    11    93.5  53.1  85.6   3.5  41.8    31     NNO

Max >=  27.0 10
Max <=   0.0  0
Min <= -10.0  0
Min <= -18.0  0
Max Rain: 29.0 on day 31
Days of Rain: 12 (>= 0.2 mm)  9 (>= 2.0 mm)  1 (>= 20.0 mm)
Heat Base: 18.3  Cool Base: 18.3  Method: Integration


Mise à jour : 17/09/2019 07:09:52
powered by Cumulus v3.0.0 (3043)