METEO Meyenheim

 Latitude N 47° 54' 42"    Longitude E 07° 21' 22"    Altitude 210 m

Rapports de type NOAA
Selectionner un rapport Annuel ou mensuel
V/Λ2019 > Janvier Février Mars Avril Mai Juin Juillet Août Septembre Octobre Novembre Décembre
V/Λ2018 > Janvier Février Mars Avril Mai Juin Juillet Août Septembre Octobre Novembre Décembre
V/Λ2017 > Janvier Février Mars Avril Mai Juin Juillet Août Septembre Octobre Novembre Décembre
V/Λ2016 > Janvier Février Mars Avril Mai Juin Juillet Août Septembre Octobre Novembre Décembre
V/Λ2015 > Janvier Février Mars Avril Mai Juin Juillet Août Septembre Octobre Novembre Décembre
V/Λ2014 > Janvier Février Mars Avril Mai Juin Juillet Août Septembre Octobre Novembre Décembre
V/Λ2013 > Janvier Février Mars Avril Mai Juin Juillet Août Septembre Octobre Novembre Décembre
V/Λ2012 > Janvier Février Mars Avril Mai Juin Juillet Août Septembre Octobre Novembre Décembre
V/Λ2011 > Janvier Février Mars Avril Mai Juin Juillet Août Septembre Octobre Novembre Décembre
V/Λ2010 > Janvier Février Mars Avril Mai Juin Juillet Août Septembre Octobre Novembre Décembre
V/Λ2009 > Janvier Février Mars Avril Mai Juin Juillet Août Septembre Octobre Novembre Décembre
V/Λ2008 > Janvier Février Mars Avril Mai Juin Juillet Août Septembre Octobre Novembre Décembre
V/Λ2007 > Janvier Février Mars Avril Mai Juin Juillet Août Septembre Octobre Novembre Décembre
V/Λ2006 > Janvier Février Mars Avril Mai Juin Juillet Août Septembre Octobre Novembre Décembre
V/Λ2005 > Janvier Février Mars Avril Mai Juin Juillet Août Septembre Octobre Novembre Décembre
V/Λ2004 > Janvier Février Mars Avril Mai Juin Juillet Août Septembre Octobre Novembre Décembre
V/Λ2003 > Janvier Février Mars Avril Mai Juin Juillet Août Septembre Octobre Novembre Décembre
V/Λ2002 > Janvier Février Mars Avril Mai Juin Juillet Août Septembre Octobre Novembre Décembre

Rapport pour Juin 2018
                   Monthly Climatological Summary for juin 2018

Name:    City: Meyenheim   State: Alsace, FR
Elevation: 210 m  Lat: N 47 54 42   Lon: E 007 21 20

                  Temperature (°C), Rain (mm), Wind Speed (km/h)

                                      Heat  Cool        Avg
    Mean                              Deg   Deg         Wind                 Dom
Day Temp  High   Time   Low    Time   Days  Days  Rain  Speed High   Time    Dir
----------------------------------------------------------------------------------
01  18.8  26.5   16:21  12.8   05:42   1.7   2.2   0.2   3.0  23.1   12:34   SSO
02  19.5  26.5   16:25  12.9   05:32   1.5   2.8   0.0   1.6  25.2   12:53     N
03  21.0  28.5   17:30  14.0   04:36   1.1   3.9   0.0   3.0  29.6   14:11     N
04  21.5  29.5   16:39  15.5   06:13   0.5   3.7   2.2   3.5  34.6   19:06   NNO
05  21.2  29.2   16:31  15.5   06:14   0.7   3.6   0.2   1.5  14.4   16:34   SSO
06  21.1  28.5   17:12  16.6   05:49   0.2   3.0   2.2   1.6  27.4   18:41   OSO
07  20.1  25.1   17:06  16.9   05:39   0.3   2.1  15.4   1.6  21.6   15:30     N
08  21.1  28.8   16:10  14.6   04:20   0.8   3.6   0.0   1.7  14.4   17:40     N
09  20.9  28.7   15:00  16.9   03:26   0.3   2.9   1.2   1.5  22.4   16:24   SSO
10  21.4  29.0   17:29  15.7   04:57   0.6   3.7   0.0   1.2  13.0   16:23    SO
11  19.9  24.6   13:05  16.6   05:28   0.2   1.8   1.0   1.7  30.3   14:32   SSO
12  18.7  23.6   15:02  14.4   23:37   0.6   1.0   9.8   3.3  23.8   22:34    SO
13  16.3  20.6   15:34  14.0   00:53   2.2   0.2   0.2   7.1  31.7   09:59     N
14  16.5  23.4   17:10   8.8   05:36   3.1   1.2   0.0   1.6  14.4   09:22     N
15  19.4  26.1   16:28  13.6   06:02   1.4   2.5   0.0   2.8  19.5   16:46     N
16  20.0  27.7   16:43  13.1   06:03   1.3   3.0   0.0   0.7  10.8   13:49   NNO
17  19.4  24.6   15:12  15.3   06:04   0.6   1.7   1.8   1.1  14.4   15:37   ONO
18  19.5  26.9   15:26  13.1   06:21   1.3   2.5   0.0   1.0  14.4   21:45     S
19  20.9  29.4   16:58  13.7   03:22   1.3   3.9   0.0   2.0  17.3   17:36   NNE
20  23.5  31.4   16:43  16.0   06:47   0.2   5.4   0.0   1.9  18.0   10:38   NNE
21  21.9  29.1   16:06  16.1   06:06   0.4   4.0   0.0   3.2  35.3   18:13   NNO
22  15.6  22.7   16:22   9.2   04:45   3.4   0.7   0.0   3.8  25.2   15:53     N
23  15.7  23.2   15:32   7.5   05:35   3.8   1.2   0.0   3.9  22.4   16:14     N
24  17.3  24.0   16:15  11.6   04:39   2.4   1.4   0.0   4.4  22.4   17:20     N
25  18.5  24.8   14:18  13.1   01:12   1.8   2.0   0.0   5.6  28.1   13:32     N
26  20.2  28.1   16:10  12.3   06:28   1.6   3.5   0.0   4.3  34.6   13:50     N
27  21.3  28.3   14:35  15.0   05:45   0.7   3.7   0.0   7.5  45.4   19:12     N
28  19.7  27.4   14:12  13.4   05:40   1.2   2.6   0.0   5.9  34.6   10:59     N
29  22.2  29.2   17:49  16.1   05:55   0.2   4.1   0.0   5.7  25.2   08:54     N
30  23.8  32.4   15:57  15.2   05:24   0.6   6.2   0.0   2.6  36.8   18:51     N
----------------------------------------------------------------------------------
    19.9  32.4    30     7.5    23    36.0  84.1  34.2   3.0  45.4    27       N

Max >=  27.0 16
Max <=   0.0  0
Min <= -10.0  0
Min <= -18.0  0
Max Rain: 15.4 on day 7
Days of Rain: 10 (>= 0.2 mm)  4 (>= 2.0 mm)  0 (>= 20.0 mm)
Heat Base: 18.3  Cool Base: 18.3  Method: Integration


Mise à jour : 17/09/2019 07:23:52
powered by Cumulus v3.0.0 (3043)