METEO Meyenheim

 Latitude N 47° 54' 42"    Longitude E 07° 21' 22"    Altitude 210 m

Rapports de type NOAA
Selectionner un rapport Annuel ou mensuel
V/Λ2019 > Janvier Février Mars Avril Mai Juin Juillet Août Septembre Octobre Novembre Décembre
V/Λ2018 > Janvier Février Mars Avril Mai Juin Juillet Août Septembre Octobre Novembre Décembre
V/Λ2017 > Janvier Février Mars Avril Mai Juin Juillet Août Septembre Octobre Novembre Décembre
V/Λ2016 > Janvier Février Mars Avril Mai Juin Juillet Août Septembre Octobre Novembre Décembre
V/Λ2015 > Janvier Février Mars Avril Mai Juin Juillet Août Septembre Octobre Novembre Décembre
V/Λ2014 > Janvier Février Mars Avril Mai Juin Juillet Août Septembre Octobre Novembre Décembre
V/Λ2013 > Janvier Février Mars Avril Mai Juin Juillet Août Septembre Octobre Novembre Décembre
V/Λ2012 > Janvier Février Mars Avril Mai Juin Juillet Août Septembre Octobre Novembre Décembre
V/Λ2011 > Janvier Février Mars Avril Mai Juin Juillet Août Septembre Octobre Novembre Décembre
V/Λ2010 > Janvier Février Mars Avril Mai Juin Juillet Août Septembre Octobre Novembre Décembre
V/Λ2009 > Janvier Février Mars Avril Mai Juin Juillet Août Septembre Octobre Novembre Décembre
V/Λ2008 > Janvier Février Mars Avril Mai Juin Juillet Août Septembre Octobre Novembre Décembre
V/Λ2007 > Janvier Février Mars Avril Mai Juin Juillet Août Septembre Octobre Novembre Décembre
V/Λ2006 > Janvier Février Mars Avril Mai Juin Juillet Août Septembre Octobre Novembre Décembre
V/Λ2005 > Janvier Février Mars Avril Mai Juin Juillet Août Septembre Octobre Novembre Décembre
V/Λ2004 > Janvier Février Mars Avril Mai Juin Juillet Août Septembre Octobre Novembre Décembre
V/Λ2003 > Janvier Février Mars Avril Mai Juin Juillet Août Septembre Octobre Novembre Décembre
V/Λ2002 > Janvier Février Mars Avril Mai Juin Juillet Août Septembre Octobre Novembre Décembre

Rapport pour Juillet 2018
                   Monthly Climatological Summary for juil. 2018

Name:    City: Meyenheim   State: Alsace, FR
Elevation: 210 m  Lat: N 47 54 42   Lon: E 007 21 20

                  Temperature (°C), Rain (mm), Wind Speed (km/h)

                                      Heat  Cool        Avg
    Mean                              Deg   Deg         Wind                 Dom
Day Temp  High   Time   Low    Time   Days  Days  Rain  Speed High   Time    Dir
----------------------------------------------------------------------------------
01  23.7  30.9   16:49  16.9   05:45   0.1   5.5   0.0   5.9  33.9   22:26     N
02  23.5  31.4   16:41  16.0   05:16   0.3   5.5   0.0   3.8  18.7   17:05     N
03  21.6  29.0   18:02  16.0   05:49   0.3   3.6   0.0   1.9  19.5   12:36     S
04  23.5  31.6   16:13  16.9   05:52   0.1   5.4   1.4   2.8  24.5   13:27    NO
05  19.3  24.4   17:13  17.4   10:58   0.1   1.1   4.8   2.0  17.3   04:56    SO
06  20.1  27.0   14:59  16.7   23:57   0.4   2.2   3.6   2.0  26.0   22:23    SO
07  21.0  29.0   15:27  13.3   05:28   1.3   4.0   0.2   1.4  21.6   14:06     N
08  22.0  29.2   15:52  14.2   05:46   0.6   4.3   0.0   3.0  23.1   16:24     N
09  21.4  30.1   16:25  12.2   05:39   1.4   4.4   0.0   4.2  20.9   11:46     N
10  19.7  26.9   13:12  14.5   06:32   0.7   2.2   0.0   2.5  17.3   20:12     N
11  17.7  25.3   16:02  11.6   06:52   2.2   1.6   0.0   2.0  22.4   21:53     N
12  18.7  27.5   14:44   9.7   06:17   2.7   3.1   0.0   2.6  24.5   15:31     N
13  21.2  31.0   17:08  12.1   06:05   1.7   4.6   0.0   1.8  14.4   12:26   NNE
14  22.3  30.9   13:54  13.7   05:54   1.0   5.0   0.0   1.2  24.5   13:56   NNE
15  20.4  30.5   12:55  15.4   06:43   0.6   2.8   4.2   2.4  26.7   17:30    NO
16  21.3  30.5   16:51  12.7   06:07   1.4   4.3   0.0   2.0  17.3   18:16     N
17  20.2  28.6   12:05  13.9   05:49   1.0   2.9  12.2   2.1  26.0   13:00   OSO
18  22.0  30.5   16:09  14.0   06:07   1.1   4.8   0.0   2.5  31.0   13:06     N
19  23.4  30.9   16:39  16.5   05:47   0.2   5.3   0.0   4.8  33.2   17:59     N
20  20.5  32.0   13:56  16.1   05:58   0.4   2.6  31.2   1.9  46.1   15:39   NNO
21  19.1  23.6   16:05  15.3   06:46   0.7   1.5   1.0   1.2  18.0   01:00   SSO
22  20.2  28.4   14:44  14.0   05:57   1.2   3.1   0.0   1.4  24.5   15:42     N
23  22.1  29.4   16:27  14.6   06:19   0.8   4.6   0.0   2.0  20.9   14:37     N
24  23.6  32.1   16:08  15.4   06:12   0.5   5.8   0.0   2.1  14.4   14:02     N
25  25.1  33.7   16:30  16.9   06:16   0.1   6.9   0.0   1.1  17.3   15:59   NNO
26  25.3  34.5   15:54  16.6   06:09   0.2   7.2   0.0   3.3  24.5   17:05     N
27  24.7  34.2   15:58  15.3   06:05   0.4   6.8   0.0   1.5  17.3   15:57     N
28  22.1  26.6   18:01  18.1   02:25   0.0   3.8   0.6   4.7  35.3   11:03   SSO
29  23.7  33.0   16:58  15.7   05:58   0.5   5.8   0.0   1.5  15.9   17:40    SO
30  24.7  35.4   15:23  15.1   05:24   0.6   7.0   0.0   0.9  31.0   09:42     N
31  25.2  35.2   16:01  16.5   06:11   0.2   7.2   0.0   2.1  18.7   16:22     N
----------------------------------------------------------------------------------
    21.9  35.4    30     9.7    12    22.8 134.9  59.2   2.4  46.1    20     NNO

Max >=  27.0 26
Max <=   0.0  0
Min <= -10.0  0
Min <= -18.0  0
Max Rain: 31.2 on day 20
Days of Rain: 9 (>= 0.2 mm)  5 (>= 2.0 mm)  1 (>= 20.0 mm)
Heat Base: 18.3  Cool Base: 18.3  Method: Integration


Mise à jour : 21/08/2019 06:35:18
powered by Cumulus v3.0.0 (3043)