METEO Meyenheim

 Latitude N 47° 54' 42"    Longitude E 07° 21' 22"    Altitude 210 m

Rapports de type NOAA
Selectionner un rapport Annuel ou mensuel
V/Λ2019 > Janvier Février Mars Avril Mai Juin Juillet Août Septembre Octobre Novembre Décembre
V/Λ2018 > Janvier Février Mars Avril Mai Juin Juillet Août Septembre Octobre Novembre Décembre
V/Λ2017 > Janvier Février Mars Avril Mai Juin Juillet Août Septembre Octobre Novembre Décembre
V/Λ2016 > Janvier Février Mars Avril Mai Juin Juillet Août Septembre Octobre Novembre Décembre
V/Λ2015 > Janvier Février Mars Avril Mai Juin Juillet Août Septembre Octobre Novembre Décembre
V/Λ2014 > Janvier Février Mars Avril Mai Juin Juillet Août Septembre Octobre Novembre Décembre
V/Λ2013 > Janvier Février Mars Avril Mai Juin Juillet Août Septembre Octobre Novembre Décembre
V/Λ2012 > Janvier Février Mars Avril Mai Juin Juillet Août Septembre Octobre Novembre Décembre
V/Λ2011 > Janvier Février Mars Avril Mai Juin Juillet Août Septembre Octobre Novembre Décembre
V/Λ2010 > Janvier Février Mars Avril Mai Juin Juillet Août Septembre Octobre Novembre Décembre
V/Λ2009 > Janvier Février Mars Avril Mai Juin Juillet Août Septembre Octobre Novembre Décembre
V/Λ2008 > Janvier Février Mars Avril Mai Juin Juillet Août Septembre Octobre Novembre Décembre
V/Λ2007 > Janvier Février Mars Avril Mai Juin Juillet Août Septembre Octobre Novembre Décembre
V/Λ2006 > Janvier Février Mars Avril Mai Juin Juillet Août Septembre Octobre Novembre Décembre
V/Λ2005 > Janvier Février Mars Avril Mai Juin Juillet Août Septembre Octobre Novembre Décembre
V/Λ2004 > Janvier Février Mars Avril Mai Juin Juillet Août Septembre Octobre Novembre Décembre
V/Λ2003 > Janvier Février Mars Avril Mai Juin Juillet Août Septembre Octobre Novembre Décembre
V/Λ2002 > Janvier Février Mars Avril Mai Juin Juillet Août Septembre Octobre Novembre Décembre

Rapport pour Août 2018
                   Monthly Climatological Summary for août 2018

Name:    City: Meyenheim   State: Alsace, FR
Elevation: 210 m  Lat: N 47 54 42   Lon: E 007 21 20

                  Temperature (°C), Rain (mm), Wind Speed (km/h)

                                      Heat  Cool        Avg
    Mean                              Deg   Deg         Wind                 Dom
Day Temp  High   Time   Low    Time   Days  Days  Rain  Speed High   Time    Dir
----------------------------------------------------------------------------------
01  24.8  31.7   14:22  19.5   05:24   0.0   6.5   0.0   5.4  38.2   14:25     N
02  24.8  33.2   16:47  17.4   05:54   0.1   6.6   0.0   4.4  23.1   18:08     N
03  27.6  35.4   16:27  20.4   06:14   0.0   9.4   0.0   5.7  26.7   18:10     N
04  27.9  36.7   15:40  21.1   06:36   0.0   9.6   0.0   1.7  21.6   15:51     N
05  26.0  33.9   16:17  18.5   06:08   0.0   7.7   0.0   5.5  28.1   09:44     N
06  26.8  35.5   16:25  19.2   05:36   0.0   8.5   0.0   2.2  13.7   00:59     N
07  26.3  35.2   13:09  21.2   05:57   0.0   8.0   0.0   3.4  26.7   16:14   SSO
08  25.6  32.1   15:42  19.9   23:52   0.0   7.3   0.0   4.8  32.4   04:18   SSO
09  22.1  31.4   12:59  18.0   03:00   0.0   3.8   2.0   4.8  62.7   13:21    SO
10  19.5  27.8   15:55  12.1   06:44   1.4   2.7   0.0   2.9  20.2   14:37    SO
11  19.5  28.3   15:20  11.8   04:31   1.9   3.1   0.0   2.4  23.1   13:11    SO
12  20.7  31.6   17:09  10.6   06:04   2.1   4.5   0.0   2.5  28.8   15:09   SSO
13  20.1  27.5   15:24  16.7   03:52   0.3   2.1   2.8   5.0  55.5   07:42   SSO
14  20.9  28.5   15:47  15.8   07:09   0.4   3.0   0.2   2.2  15.9   15:51   NNO
15  20.3  29.0   14:56  12.4   06:44   1.6   3.5   0.0   1.6  23.1   18:47     N
16  22.2  32.3   16:18  13.9   05:42   1.0   5.0   0.0   1.1  11.5   14:31   NNE
17  21.1  32.2   12:36  15.1   05:27   0.6   3.3   1.8   2.0  30.3   15:03   OSO
18  21.5  28.5   16:55  16.5   05:53   0.3   3.6   0.0   2.5  17.3   12:10     N
19  22.6  31.0   16:59  16.4   03:18   0.4   4.7   0.0   1.3  13.0   11:28   NNE
20  22.4  31.3   16:33  14.0   06:59   0.9   5.0   0.0   2.1  18.0   19:21   NNE
21  23.3  32.2   15:41  15.4   07:12   0.5   5.5   0.0   2.1  16.6   14:20     N
22  24.0  34.3   16:04  16.4   06:29   0.3   6.0   0.0   1.3  18.7   17:56   NNO
23  23.3  32.5   16:11  17.7   06:58   0.0   5.1   0.4   3.0  24.5   19:46   OSO
24  18.9  25.6   13:05  13.6   23:50   0.9   1.5   0.8   3.3  26.7   11:52    SO
25  13.1  17.2   13:57  10.0   23:59   5.2   0.0   1.6   2.9  25.2   14:07   SSO
26  13.9  22.7   17:11   5.8   06:20   5.4   0.9   0.2   1.2  13.7   12:19     S
27  19.1  27.6   14:17  13.5   06:55   1.5   2.3   0.0   4.4  30.3   13:47    SO
28  20.5  28.7   16:15  13.7   03:03   1.2   3.3   0.0   2.0  13.7   11:09     N
29  19.7  30.9   13:23  13.5   05:53   1.3   2.7   2.0   4.2  33.2   12:05    SO
30  18.5  23.9   16:06  15.0   07:22   1.0   1.2   0.2   2.7  31.0   00:49    NO
31  14.2  15.6   03:23  12.2   23:53   4.1   0.0   4.6   3.5  19.5   09:57     N
----------------------------------------------------------------------------------
    21.7  36.7     4     5.8    26    32.4 136.4  16.6   3.0  62.7     9     ONO

Max >=  27.0 26
Max <=   0.0  0
Min <= -10.0  0
Min <= -18.0  0
Max Rain: 4.6 on day 31
Days of Rain: 11 (>= 0.2 mm)  4 (>= 2.0 mm)  0 (>= 20.0 mm)
Heat Base: 18.3  Cool Base: 18.3  Method: Integration


Mise à jour : 17/09/2019 06:12:52
powered by Cumulus v3.0.0 (3043)