METEO Meyenheim

 Latitude N 47° 54' 42"    Longitude E 07° 21' 22"    Altitude 210 m

Rapports de type NOAA
Selectionner un rapport Annuel ou mensuel
V/Λ2019 > Janvier Février Mars Avril Mai Juin Juillet Août Septembre Octobre Novembre Décembre
V/Λ2018 > Janvier Février Mars Avril Mai Juin Juillet Août Septembre Octobre Novembre Décembre
V/Λ2017 > Janvier Février Mars Avril Mai Juin Juillet Août Septembre Octobre Novembre Décembre
V/Λ2016 > Janvier Février Mars Avril Mai Juin Juillet Août Septembre Octobre Novembre Décembre
V/Λ2015 > Janvier Février Mars Avril Mai Juin Juillet Août Septembre Octobre Novembre Décembre
V/Λ2014 > Janvier Février Mars Avril Mai Juin Juillet Août Septembre Octobre Novembre Décembre
V/Λ2013 > Janvier Février Mars Avril Mai Juin Juillet Août Septembre Octobre Novembre Décembre
V/Λ2012 > Janvier Février Mars Avril Mai Juin Juillet Août Septembre Octobre Novembre Décembre
V/Λ2011 > Janvier Février Mars Avril Mai Juin Juillet Août Septembre Octobre Novembre Décembre
V/Λ2010 > Janvier Février Mars Avril Mai Juin Juillet Août Septembre Octobre Novembre Décembre
V/Λ2009 > Janvier Février Mars Avril Mai Juin Juillet Août Septembre Octobre Novembre Décembre
V/Λ2008 > Janvier Février Mars Avril Mai Juin Juillet Août Septembre Octobre Novembre Décembre
V/Λ2007 > Janvier Février Mars Avril Mai Juin Juillet Août Septembre Octobre Novembre Décembre
V/Λ2006 > Janvier Février Mars Avril Mai Juin Juillet Août Septembre Octobre Novembre Décembre
V/Λ2005 > Janvier Février Mars Avril Mai Juin Juillet Août Septembre Octobre Novembre Décembre
V/Λ2004 > Janvier Février Mars Avril Mai Juin Juillet Août Septembre Octobre Novembre Décembre
V/Λ2003 > Janvier Février Mars Avril Mai Juin Juillet Août Septembre Octobre Novembre Décembre
V/Λ2002 > Janvier Février Mars Avril Mai Juin Juillet Août Septembre Octobre Novembre Décembre

Rapport pour Octobre 2018
                   Monthly Climatological Summary for oct. 2018

Name:    City: Meyenheim   State: Alsace, FR
Elevation: 210 m  Lat: N 47 54 42   Lon: E 007 21 20

                  Temperature (°C), Rain (mm), Wind Speed (km/h)

                                      Heat  Cool        Avg
    Mean                              Deg   Deg         Wind                 Dom
Day Temp  High   Time   Low    Time   Days  Days  Rain  Speed High   Time    Dir
----------------------------------------------------------------------------------
01  11.8  15.6   00:00   8.3   23:03   6.5   0.0   0.4   1.3  18.0   13:37     N
02   9.6  15.9   12:56   4.2   03:53   8.7   0.0   0.0   4.3  29.6   15:12    SO
03  13.2  18.8   13:11  10.6   23:20   5.1   0.0   0.0   3.3  22.4   13:30   SSO
04  12.6  21.0   16:47   7.3   07:55   6.1   0.3   0.0   2.4  19.5   14:37     N
05  13.4  26.5   16:21   4.7   06:59   6.4   1.5   0.0   0.8  11.5   12:19     S
06  16.2  24.3   12:39  10.3   06:36   3.4   1.4   0.0   3.3  27.4   13:20   SSO
07  16.2  23.1   16:16  10.4   08:06   3.1   1.0   0.0   3.7  24.5   22:51     N
08  12.4  19.7   16:26   8.3   07:28   5.9   0.0   0.0   2.1  21.6   00:25   NNE
09  12.7  21.9   15:21   6.5   07:09   6.2   0.5   0.0   1.1  13.0   15:49     N
10  12.7  21.4   16:34   7.3   05:16   5.9   0.3   0.0   1.3  14.4   18:15     N
11  12.3  23.2   16:28   6.2   06:36   6.5   0.5   0.0   0.4  33.2   23:13     S
12  16.5  27.8   16:33   7.9   07:56   4.1   2.3   0.0   2.0  26.0   10:30     S
13  15.7  27.0   17:28   8.0   07:54   4.4   1.8   0.0   0.8  11.5   09:50     S
14  15.3  26.8   16:24   8.0   08:16   4.8   1.8   0.0   1.1  13.0   14:40     S
15  13.7  24.5   16:35   6.3   08:10   5.8   1.3   0.0   1.9  20.9   14:09   NNO
16  12.5  23.2   15:41   5.7   07:31   6.5   0.7   0.0   0.8  11.5   16:26     N
17  12.4  22.0   15:23   4.9   07:39   6.6   0.7   0.0   1.5  16.6   15:33     N
18  13.8  21.6   15:39   6.4   08:23   5.0   0.5   0.0   5.1  25.2   14:56     N
19  12.5  18.6   16:56   8.1   23:55   5.8   0.0   0.0   2.8  36.8   09:30     N
20   9.4  17.0   16:33   3.9   07:36   8.9   0.0   0.0   1.2  14.4   15:05     N
21   8.9  16.1   16:44   4.1   07:24   9.4   0.0   0.0   1.0  13.7   17:24   NNE
22   8.5  16.6   16:20   0.5   06:37   9.8   0.0   0.0   4.7  45.4   16:38     N
23  10.2  15.9   15:07   3.2   08:48   8.1   0.0   0.0   2.4  31.0   02:15    SO
24  11.1  15.0   16:40   7.1   01:37   7.2   0.0   0.0   1.0  27.4   03:15   SSO
25  10.9  18.3   16:42   5.2   08:19   7.4   0.0   0.0   0.7  23.1   00:44   SSO
26   9.8  15.3   13:52   5.5   03:25   8.5   0.0   0.0   2.7  23.8   12:01     S
27   6.9   8.3   00:58   5.3   22:48  11.4   0.0   6.8   1.5  18.0   20:57     N
28   4.8   5.5   01:35   3.8   20:53  14.1   0.0   9.4  10.9  44.0   20:58   NNO
29   4.9   6.3   12:00   3.9   00:22  13.4   0.0   1.8   8.8  51.9   20:09   NNO
30   5.1   6.8   15:42   2.5   07:29  13.2   0.0   3.8  11.6  52.6   11:41   SSO
31   4.4   7.7   14:30   1.1   03:24  13.9   0.0   0.0   0.5  10.8   13:55   NNO
----------------------------------------------------------------------------------
    11.3  27.8    12     0.5    22   232.1  14.6  22.2   2.8  52.6    30      NO

Max >=  27.0  2
Max <=   0.0  0
Min <= -10.0  0
Min <= -18.0  0
Max Rain: 9.4 on day 28
Days of Rain: 5 (>= 0.2 mm)  3 (>= 2.0 mm)  0 (>= 20.0 mm)
Heat Base: 18.3  Cool Base: 18.3  Method: Integration


Mise à jour : 17/09/2019 07:14:52
powered by Cumulus v3.0.0 (3043)