METEO Meyenheim

 Latitude N 47° 54' 42"    Longitude E 07° 21' 22"    Altitude 210 m

Rapports de type NOAA
Selectionner un rapport Annuel ou mensuel
V/Λ2019 > Janvier Février Mars Avril Mai Juin Juillet Août Septembre Octobre Novembre Décembre
V/Λ2018 > Janvier Février Mars Avril Mai Juin Juillet Août Septembre Octobre Novembre Décembre
V/Λ2017 > Janvier Février Mars Avril Mai Juin Juillet Août Septembre Octobre Novembre Décembre
V/Λ2016 > Janvier Février Mars Avril Mai Juin Juillet Août Septembre Octobre Novembre Décembre
V/Λ2015 > Janvier Février Mars Avril Mai Juin Juillet Août Septembre Octobre Novembre Décembre
V/Λ2014 > Janvier Février Mars Avril Mai Juin Juillet Août Septembre Octobre Novembre Décembre
V/Λ2013 > Janvier Février Mars Avril Mai Juin Juillet Août Septembre Octobre Novembre Décembre
V/Λ2012 > Janvier Février Mars Avril Mai Juin Juillet Août Septembre Octobre Novembre Décembre
V/Λ2011 > Janvier Février Mars Avril Mai Juin Juillet Août Septembre Octobre Novembre Décembre
V/Λ2010 > Janvier Février Mars Avril Mai Juin Juillet Août Septembre Octobre Novembre Décembre
V/Λ2009 > Janvier Février Mars Avril Mai Juin Juillet Août Septembre Octobre Novembre Décembre
V/Λ2008 > Janvier Février Mars Avril Mai Juin Juillet Août Septembre Octobre Novembre Décembre
V/Λ2007 > Janvier Février Mars Avril Mai Juin Juillet Août Septembre Octobre Novembre Décembre
V/Λ2006 > Janvier Février Mars Avril Mai Juin Juillet Août Septembre Octobre Novembre Décembre
V/Λ2005 > Janvier Février Mars Avril Mai Juin Juillet Août Septembre Octobre Novembre Décembre
V/Λ2004 > Janvier Février Mars Avril Mai Juin Juillet Août Septembre Octobre Novembre Décembre
V/Λ2003 > Janvier Février Mars Avril Mai Juin Juillet Août Septembre Octobre Novembre Décembre
V/Λ2002 > Janvier Février Mars Avril Mai Juin Juillet Août Septembre Octobre Novembre Décembre

Rapport pour Novembre 2018
                   Monthly Climatological Summary for nov. 2018

Name:    City: Meyenheim   State: Alsace, FR
Elevation: 210 m  Lat: N 47 54 42   Lon: E 007 21 20

                  Temperature (°C), Rain (mm), Wind Speed (km/h)

                                      Heat  Cool        Avg
    Mean                              Deg   Deg         Wind                 Dom
Day Temp  High   Time   Low    Time   Days  Days  Rain  Speed High   Time    Dir
----------------------------------------------------------------------------------
01   6.9  13.5   14:37   2.2   03:51  11.4   0.0   1.0   1.5  15.9   18:20   SSO
02   7.5  11.4   14:52   3.5   06:25  10.8   0.0   0.2   0.8  14.4   00:03    NO
03   9.2  12.4   15:07   7.3   07:28   9.1   0.0   0.0   6.0  41.1   07:49   NNO
04   8.8  13.5   12:10   4.9   08:05   9.5   0.0   0.0   0.7  10.1   15:56     N
05   7.9  12.7   13:49   5.0   00:00  10.4   0.0   0.0   0.5  10.8   12:58   ESE
06   6.9   9.5   22:13   5.3   07:08  11.4   0.0   0.2   0.3  10.8   22:05   SSE
07  10.1  16.9   12:04   4.1   07:15   8.2   0.0   1.0   1.8  20.9   19:18     S
08  10.4  14.3   14:20   6.9   23:56   7.9   0.0   0.2   2.8  24.5   02:20    SO
09   9.0  15.5   14:31   5.7   23:19   9.3   0.0   0.0   0.9  15.1   11:55     S
10  10.5  15.1   14:06   6.8   00:09   7.8   0.0   4.8   3.2  35.3   23:13     S
11  11.4  16.2   14:34   9.1   22:36   6.9   0.0   3.0   3.3  28.8   06:22     S
12  12.9  19.9   14:12   7.9   05:56   5.5   0.1   0.0   3.1  22.4   13:03     S
13  10.3  15.0   14:35   3.8   23:38   8.0   0.0   1.4   2.0  16.6   10:50     S
14   5.9  10.5   14:16   2.3   03:28  12.4   0.0   0.2   0.7  10.8   10:38   NNO
15   7.1   8.3   11:19   6.2   07:10  11.2   0.0   0.2   0.5  31.0   12:51     E
16   5.3   6.3   01:04   2.2   23:52  13.0   0.0   0.4   1.6  28.1   16:36   NNO
17   3.0   6.8   14:37   0.2   04:01  15.2   0.0   0.0   4.0  34.6   20:39   NNO
18   1.9   6.3   13:23  -1.1   06:14  16.4   0.0   0.0   3.4  27.4   22:09   NNO
19   1.1   4.0   12:42  -0.8   00:14  17.2   0.0   0.2  10.0  42.5   11:35   NNO
20   0.7   4.2   14:08  -3.1   06:53  17.6   0.0   0.0   1.6  17.3   02:40   NNO
21  -0.3   1.4   14:07  -2.4   04:19  18.6   0.0   0.0   1.3  13.7   13:51   NNO
22   0.4   6.3   14:28  -3.0   05:10  17.9   0.0   0.0   0.2   5.8   13:05    SE
23  -0.1   1.7   23:36  -2.4   03:30  18.4   0.0   3.0   0.7   9.4   10:40   NNO
24   5.4  12.3   12:14   1.1   23:55  12.9   0.0   1.8   2.4  26.0   09:33     S
25   3.1   7.5   13:10  -1.6   08:02  15.2   0.0   0.2   0.6  10.8   21:04    NO
26   4.8   6.4   13:28   3.9   06:11  13.5   0.0   0.0   3.9  17.3   15:05   NNO
27   4.1   5.6   13:23   3.4   20:54  14.2   0.0   2.4   0.2  31.0   15:25     S
28   4.4   6.9   14:43   1.4   04:53  13.9   0.0   0.0   2.2  16.6   12:57     S
29   5.5   8.3   15:18   2.7   07:46  12.8   0.0   0.2   2.4  33.9   12:26   SSO
30   6.2   8.2   12:37   2.9   00:00  12.1   0.0   2.0   3.3  28.8   11:22     S
----------------------------------------------------------------------------------
     6.0  19.9    12    -3.1    20   368.7   0.1  22.4   2.2  42.5    19     ONO

Max >=  27.0  0
Max <=   0.0  0
Min <= -10.0  0
Min <= -18.0  0
Max Rain: 4.8 on day 10
Days of Rain: 18 (>= 0.2 mm)  5 (>= 2.0 mm)  0 (>= 20.0 mm)
Heat Base: 18.3  Cool Base: 18.3  Method: Integration


Mise à jour : 20/11/2019 08:45:03
powered by Cumulus v3.0.0 (3043)