METEO Meyenheim

 Latitude N 47° 54' 42"    Longitude E 07° 21' 22"    Altitude 210 m

Rapports de type NOAA
Selectionner un rapport Annuel ou mensuel
V/Λ2019 > Janvier Février Mars Avril Mai Juin Juillet Août Septembre Octobre Novembre Décembre
V/Λ2018 > Janvier Février Mars Avril Mai Juin Juillet Août Septembre Octobre Novembre Décembre
V/Λ2017 > Janvier Février Mars Avril Mai Juin Juillet Août Septembre Octobre Novembre Décembre
V/Λ2016 > Janvier Février Mars Avril Mai Juin Juillet Août Septembre Octobre Novembre Décembre
V/Λ2015 > Janvier Février Mars Avril Mai Juin Juillet Août Septembre Octobre Novembre Décembre
V/Λ2014 > Janvier Février Mars Avril Mai Juin Juillet Août Septembre Octobre Novembre Décembre
V/Λ2013 > Janvier Février Mars Avril Mai Juin Juillet Août Septembre Octobre Novembre Décembre
V/Λ2012 > Janvier Février Mars Avril Mai Juin Juillet Août Septembre Octobre Novembre Décembre
V/Λ2011 > Janvier Février Mars Avril Mai Juin Juillet Août Septembre Octobre Novembre Décembre
V/Λ2010 > Janvier Février Mars Avril Mai Juin Juillet Août Septembre Octobre Novembre Décembre
V/Λ2009 > Janvier Février Mars Avril Mai Juin Juillet Août Septembre Octobre Novembre Décembre
V/Λ2008 > Janvier Février Mars Avril Mai Juin Juillet Août Septembre Octobre Novembre Décembre
V/Λ2007 > Janvier Février Mars Avril Mai Juin Juillet Août Septembre Octobre Novembre Décembre
V/Λ2006 > Janvier Février Mars Avril Mai Juin Juillet Août Septembre Octobre Novembre Décembre
V/Λ2005 > Janvier Février Mars Avril Mai Juin Juillet Août Septembre Octobre Novembre Décembre
V/Λ2004 > Janvier Février Mars Avril Mai Juin Juillet Août Septembre Octobre Novembre Décembre
V/Λ2003 > Janvier Février Mars Avril Mai Juin Juillet Août Septembre Octobre Novembre Décembre
V/Λ2002 > Janvier Février Mars Avril Mai Juin Juillet Août Septembre Octobre Novembre Décembre

Rapport pour Décembre 2018
                   Monthly Climatological Summary for déc. 2018

Name:    City: Meyenheim   State: Alsace, FR
Elevation: 210 m  Lat: N 47 54 42   Lon: E 007 21 20

                  Temperature (°C), Rain (mm), Wind Speed (km/h)

                                      Heat  Cool        Avg
    Mean                              Deg   Deg         Wind                 Dom
Day Temp  High   Time   Low    Time   Days  Days  Rain  Speed High   Time    Dir
----------------------------------------------------------------------------------
01   7.2  10.4   13:29   3.3   08:03  11.1   0.0   0.2   4.7  28.8   23:13     S
02  10.3  12.6   14:18   7.5   06:46   8.0   0.0   2.8  10.2  44.0   13:09     S
03  12.4  14.2   12:37  10.7   23:29   5.9   0.0   5.0  12.6  48.3   01:02     S
04   9.3  12.0   12:39   6.9   23:31   9.0   0.0   1.8   2.9  24.5   10:22   SSO
05   7.2   9.7   14:41   5.6   07:25  11.1   0.0   0.2   0.3  15.1   22:59     S
06  10.6  13.7   13:40   6.8   01:26   7.6   0.0   0.4   6.6  38.9   23:01     S
07  10.9  14.2   13:18   7.6   23:48   7.4   0.0   1.4  10.3  60.6   20:24   SSO
08   6.8   8.6   23:45   5.5   03:06  11.5   0.0   2.6  11.1  44.0   12:33   SSO
09   8.4  11.1   02:54   6.3   22:14   9.9   0.0   5.8  10.3  59.8   03:42   OSO
10   6.0   9.5   13:36   3.2   20:55  12.2   0.0   0.6   2.6  28.1   00:43   OSO
11   2.7   6.3   13:20  -1.0   23:54  15.6   0.0   0.0   0.8  10.8   00:23   NNO
12  -0.4   2.5   14:50  -3.5   09:06  18.7   0.0   0.0   3.2  36.0   19:25     N
13   0.5   1.7   15:02  -0.3   00:54  17.8   0.0   0.0   6.9  24.5   14:47   NNO
14  -0.1   1.0   14:59  -1.7   08:05  18.4   0.0   0.0   3.9  18.0   02:41   NNO
15   0.0   1.0   13:08  -1.7   18:06  18.3   0.0   0.2   1.2  28.1   12:42   OSO
16   2.2   8.1   13:42  -1.1   02:42  16.1   0.0   2.4   3.7  33.9   08:40     S
17   3.8   8.4   14:22   0.0   00:00  14.5   0.0   0.2   2.8  24.5   12:49   SSO
18   2.2   6.3   14:22  -0.8   06:41  16.1   0.0   0.2   2.2  14.4   22:57   SSO
19   4.1   6.3   14:48   1.6   00:30  14.2   0.0   0.2   5.3  32.4   22:57     S
20   6.1   8.2   12:02   4.1   20:00  12.2   0.0   1.2   6.7  38.2   02:03     S
21   8.6  11.6   23:55   5.5   05:13   9.7   0.0   6.2  12.0  57.7   12:48     S
22  11.4  13.3   11:56   9.7   19:32   6.9   0.0   1.0   8.8  41.8   02:50     S
23  10.2  12.1   21:11   8.7   04:52   8.1   0.0   1.0   9.2  49.7   18:47     S
24   7.2  12.3   00:43   0.5   23:28  11.1   0.0   1.2   6.1  51.2   00:59     O
25  -0.1   1.3   00:03  -2.0   08:32  18.4   0.0   0.2   1.3  11.5   04:33    NO
26  -0.3   0.6   02:42  -1.4   08:33  18.6   0.0   0.0   0.8  12.3   16:29   SSE
27   0.0   3.5   14:33  -1.1   07:11  18.3   0.0   0.0   0.9   9.4   09:56   SSE
28  -0.1   0.9   21:53  -1.6   06:05  18.4   0.0   0.0   1.6  23.8   22:09   NNO
29   1.0   2.5   13:35   0.0   19:25  17.3   0.0   0.0   1.9  20.2   23:47     S
30   3.0   5.1   13:51   1.4   03:12  15.3   0.0   0.0   2.3  21.6   00:04   SSE
31   5.0   7.0   14:10   3.2   00:32  13.3   0.0   1.2   0.9  13.0   03:53     S
----------------------------------------------------------------------------------
     5.0  14.2     3    -3.5    12   411.0   0.0  36.0   5.0  60.6     7     SSO

Max >=  27.0  0
Max <=   0.0  0
Min <= -10.0  0
Min <= -18.0  0
Max Rain: 6.2 on day 21
Days of Rain: 22 (>= 0.2 mm)  6 (>= 2.0 mm)  0 (>= 20.0 mm)
Heat Base: 18.3  Cool Base: 18.3  Method: Integration


Mise à jour : 18/10/2019 05:31:06
powered by Cumulus v3.0.0 (3043)