METEO Meyenheim

 Latitude N 47° 54' 42"    Longitude E 07° 21' 22"    Altitude 210 m

Rapports de type NOAA
Selectionner un rapport Annuel ou mensuel
V/Λ2019 > Janvier Février Mars Avril Mai Juin Juillet Août Septembre Octobre Novembre Décembre
V/Λ2018 > Janvier Février Mars Avril Mai Juin Juillet Août Septembre Octobre Novembre Décembre
V/Λ2017 > Janvier Février Mars Avril Mai Juin Juillet Août Septembre Octobre Novembre Décembre
V/Λ2016 > Janvier Février Mars Avril Mai Juin Juillet Août Septembre Octobre Novembre Décembre
V/Λ2015 > Janvier Février Mars Avril Mai Juin Juillet Août Septembre Octobre Novembre Décembre
V/Λ2014 > Janvier Février Mars Avril Mai Juin Juillet Août Septembre Octobre Novembre Décembre
V/Λ2013 > Janvier Février Mars Avril Mai Juin Juillet Août Septembre Octobre Novembre Décembre
V/Λ2012 > Janvier Février Mars Avril Mai Juin Juillet Août Septembre Octobre Novembre Décembre
V/Λ2011 > Janvier Février Mars Avril Mai Juin Juillet Août Septembre Octobre Novembre Décembre
V/Λ2010 > Janvier Février Mars Avril Mai Juin Juillet Août Septembre Octobre Novembre Décembre
V/Λ2009 > Janvier Février Mars Avril Mai Juin Juillet Août Septembre Octobre Novembre Décembre
V/Λ2008 > Janvier Février Mars Avril Mai Juin Juillet Août Septembre Octobre Novembre Décembre
V/Λ2007 > Janvier Février Mars Avril Mai Juin Juillet Août Septembre Octobre Novembre Décembre
V/Λ2006 > Janvier Février Mars Avril Mai Juin Juillet Août Septembre Octobre Novembre Décembre
V/Λ2005 > Janvier Février Mars Avril Mai Juin Juillet Août Septembre Octobre Novembre Décembre
V/Λ2004 > Janvier Février Mars Avril Mai Juin Juillet Août Septembre Octobre Novembre Décembre
V/Λ2003 > Janvier Février Mars Avril Mai Juin Juillet Août Septembre Octobre Novembre Décembre
V/Λ2002 > Janvier Février Mars Avril Mai Juin Juillet Août Septembre Octobre Novembre Décembre

Rapport pour Janvier 2019
                   Monthly Climatological Summary for janv. 2019

Name:    City: Meyenheim   State: Alsace, FR
Elevation: 210 m  Lat: N 47 54 42   Lon: E 007 21 20

                  Temperature (°C), Rain (mm), Wind Speed (km/h)

                                      Heat  Cool        Avg
    Mean                              Deg   Deg         Wind                 Dom
Day Temp  High   Time   Low    Time   Days  Days  Rain  Speed High   Time    Dir
----------------------------------------------------------------------------------
01   5.6   7.9   13:38   3.6   09:00  12.7   0.0   0.0   1.7  22.4   20:18   SSO
02   3.2   6.2   14:24  -1.4   23:41  15.1   0.0   0.2   3.6  32.4   11:16    NO
03  -0.8   2.8   13:21  -4.7   08:43  19.1   0.0   0.0   0.4  19.5   10:55    SE
04   1.0   4.3   13:40  -1.1   08:40  17.3   0.0   0.2   0.8  12.3   22:21   NNO
05   2.2   3.5   15:20   0.8   05:35  16.1   0.0   0.4   2.5  15.9   12:59     S
06   3.8   7.3   13:48   2.3   05:47  14.5   0.0   0.6   0.7  13.0   16:55     E
07   3.0   4.2   14:01   2.2   06:31  15.3   0.0   0.0   1.0  17.3   23:56     S
08   4.1   6.3   14:01   2.6   01:30  14.2   0.0   1.0   8.0  46.1   03:21   SSO
09   2.2   4.5   00:17   0.3   20:05  16.1   0.0   1.6   2.3  32.4   00:47   ONO
10   0.8   2.0   14:00  -1.2   23:17  17.5   0.0   0.4   3.2  31.0   07:52   NNO
11  -0.4   1.1   14:11  -2.4   07:56  18.7   0.0   0.0   2.2  40.4   16:08     S
12   2.4   4.3   12:35   0.6   00:00  15.9   0.0   0.6   6.8  44.7   19:33     S
13   6.4   8.8   20:56   3.5   00:00  11.9   0.0   0.6   9.3  48.3   18:50     S
14   5.5   7.9   00:00   1.3   23:40  12.8   0.0   1.4   2.9  23.8   17:11   OSO
15   3.7   8.2   13:51   1.0   23:59  14.6   0.0   0.0   2.1  33.9   11:12   SSO
16   2.9   8.4   15:15  -1.7   08:22  15.4   0.0   0.2   4.3  35.3   21:17     S
17   6.1   9.2   14:02   2.0   23:59  12.2   0.0   1.2   6.8  38.9   14:44   SSO
18   0.2   4.2   13:49  -3.4   08:08  18.1   0.0   0.2   1.9  21.6   17:16   NNO
19  -2.4   3.3   13:54  -5.9   08:09  20.7   0.0   0.0   0.5  15.9   20:40    SE
20  -1.5   0.6   14:20  -3.7   00:00  19.8   0.0   0.0   2.0  31.0   15:26     N
21  -1.3  -0.8   03:44  -2.1   20:41  19.6   0.0   0.0   3.2  31.7   12:39     N
22  -0.8   1.0   14:37  -2.4   23:32  19.1   0.0   0.0   3.6  28.1   05:55     S
23  -0.7   1.4   12:33  -2.3   00:00  19.0   0.0   0.4   4.4  28.1   02:29   NNO
24  -1.4  -0.5   14:11  -2.3   07:20  19.7   0.0   0.0   2.2  15.9   00:54   NNO
25  -0.7   3.4   14:27  -3.2   05:41  18.9   0.0   0.0   3.3  28.8   23:37     S
26   3.7   6.3   12:39   1.1   05:03  14.7   0.0   0.2   9.2  46.1   02:36     S
27   5.8  10.3   13:56   2.1   23:45  12.5   0.0   1.2   9.9  52.6   10:24     S
28   2.1   4.0   12:20   0.5   08:09  16.2   0.0   1.6   6.3  43.3   06:50     S
29   1.5   5.5   14:39  -1.0   21:54  16.8   0.0   0.0   1.8  16.6   11:59   SSO
30   1.2   3.6   15:28  -0.7   23:14  17.1   0.0   1.2   7.8  52.6   12:52   SSO
31   1.3   5.4   14:04  -1.7   08:49  17.0   0.0   2.2   2.9  39.7   02:37     S
----------------------------------------------------------------------------------
     1.9  10.3    27    -5.9    19   508.6   0.0  15.4   3.8  52.6    27     SSO

Max >=  27.0  0
Max <=   0.0  2
Min <= -10.0  0
Min <= -18.0  0
Max Rain: 2.2 on day 31
Days of Rain: 19 (>= 0.2 mm)  1 (>= 2.0 mm)  0 (>= 20.0 mm)
Heat Base: 18.3  Cool Base: 18.3  Method: Integration


Mise à jour : 14/12/2019 19:47:29
powered by Cumulus v3.0.0 (3043)