METEO Meyenheim

 Latitude N 47° 54' 42"    Longitude E 07° 21' 22"    Altitude 210 m

Rapports de type NOAA
Selectionner un rapport Annuel ou mensuel
V/Λ2019 > Janvier Février Mars Avril Mai Juin Juillet Août Septembre Octobre Novembre Décembre
V/Λ2018 > Janvier Février Mars Avril Mai Juin Juillet Août Septembre Octobre Novembre Décembre
V/Λ2017 > Janvier Février Mars Avril Mai Juin Juillet Août Septembre Octobre Novembre Décembre
V/Λ2016 > Janvier Février Mars Avril Mai Juin Juillet Août Septembre Octobre Novembre Décembre
V/Λ2015 > Janvier Février Mars Avril Mai Juin Juillet Août Septembre Octobre Novembre Décembre
V/Λ2014 > Janvier Février Mars Avril Mai Juin Juillet Août Septembre Octobre Novembre Décembre
V/Λ2013 > Janvier Février Mars Avril Mai Juin Juillet Août Septembre Octobre Novembre Décembre
V/Λ2012 > Janvier Février Mars Avril Mai Juin Juillet Août Septembre Octobre Novembre Décembre
V/Λ2011 > Janvier Février Mars Avril Mai Juin Juillet Août Septembre Octobre Novembre Décembre
V/Λ2010 > Janvier Février Mars Avril Mai Juin Juillet Août Septembre Octobre Novembre Décembre
V/Λ2009 > Janvier Février Mars Avril Mai Juin Juillet Août Septembre Octobre Novembre Décembre
V/Λ2008 > Janvier Février Mars Avril Mai Juin Juillet Août Septembre Octobre Novembre Décembre
V/Λ2007 > Janvier Février Mars Avril Mai Juin Juillet Août Septembre Octobre Novembre Décembre
V/Λ2006 > Janvier Février Mars Avril Mai Juin Juillet Août Septembre Octobre Novembre Décembre
V/Λ2005 > Janvier Février Mars Avril Mai Juin Juillet Août Septembre Octobre Novembre Décembre
V/Λ2004 > Janvier Février Mars Avril Mai Juin Juillet Août Septembre Octobre Novembre Décembre
V/Λ2003 > Janvier Février Mars Avril Mai Juin Juillet Août Septembre Octobre Novembre Décembre
V/Λ2002 > Janvier Février Mars Avril Mai Juin Juillet Août Septembre Octobre Novembre Décembre

Rapport pour Février 2019
                   Monthly Climatological Summary for févr. 2019

Name:    City: Meyenheim   State: Alsace, FR
Elevation: 210 m  Lat: N 47 54 42   Lon: E 007 21 20

                  Temperature (°C), Rain (mm), Wind Speed (km/h)

                                      Heat  Cool        Avg
    Mean                              Deg   Deg         Wind                 Dom
Day Temp  High   Time   Low    Time   Days  Days  Rain  Speed High   Time    Dir
----------------------------------------------------------------------------------
01   2.8   4.7   14:54   0.6   00:00  15.5   0.0   8.4   0.3  18.7   02:41   OSO
02   4.8   9.9   13:48   1.2   08:55  13.5   0.0   0.0   2.3  22.4   15:04     S
03   2.7   4.3   00:00  -1.2   23:59  15.6   0.0   2.0   4.2  37.5   10:17   NNO
04   0.1   5.5   14:01  -4.0   06:45  18.2   0.0   0.2   1.0  13.7   21:35     S
05   0.5   7.1   14:48  -3.8   07:59  17.8   0.0   0.0   1.4  10.8   13:22     S
06   0.1   7.0   14:46  -3.9   04:47  18.2   0.0   0.0   3.2  31.0   21:40     S
07   2.7   6.9   15:34  -1.8   00:32  15.6   0.0   0.2   5.5  39.7   11:52     S
08   6.2  10.2   15:05   2.6   05:36  12.1   0.0   0.0   7.6  39.7   14:23     S
09   8.2  11.7   13:47   3.5   00:50  10.1   0.0   0.6   9.3  51.9   05:04   SSO
10   7.9  13.2   10:43   4.5   20:36  10.4   0.0  12.6  10.8  67.8   12:14   SSO
11   3.9   8.8   12:26   0.3   23:59  14.4   0.0   4.2   3.2  31.0   00:08   SSO
12   2.3   8.1   13:42  -0.4   23:55  16.0   0.0   0.0   1.4  13.7   08:01   SSO
13   1.6   8.8   14:55  -2.7   07:23  16.7   0.0   0.2   0.6  28.1   14:55     N
14   3.1  12.4   15:06  -2.4   06:36  15.2   0.0   0.0   0.6   7.2   09:58    SE
15   3.3  13.4   15:02  -2.7   07:52  15.0   0.0   0.2   0.3   7.2   12:38   NNE
16   6.0  17.9   15:05  -1.2   06:05  12.3   0.0   0.0   1.6  13.0   12:38     S
17   7.2  19.9   14:57  -0.7   08:00  11.2   0.1   0.0   1.8  20.9   10:47     S
18   7.6  18.1   15:06  -0.6   07:57  10.7   0.0   0.0   2.6  16.6   12:41     S
19   7.7  15.2   13:23   3.1   06:40  10.6   0.0   0.0   3.2  20.9   10:59   SSE
20   6.0  15.2   13:15  -0.4   06:56  12.3   0.0   0.0   0.6  10.8   10:58   SSE
21   7.2  18.9   16:03  -0.4   07:42  11.1   0.0   0.0   1.2  13.0   13:21     S
22   8.2  14.0   13:18   3.5   00:25  10.1   0.0   0.0   3.4  33.9   13:58   NNO
23   6.9  12.5   15:00   3.3   07:41  11.4   0.0   0.0   9.5  34.6   08:26   NNO
24   5.5  13.2   16:08  -0.4   06:45  12.8   0.0   0.0   3.4  24.5   01:10     N
25   6.6  16.1   16:11   0.5   07:33  11.7   0.0   0.0   1.9  34.6   13:28     N
26   7.0  17.7   16:00  -0.9   07:40  11.3   0.0   0.0   1.3  12.3   09:59   NNO
27   7.3  19.5   17:06  -1.0   07:15  11.0   0.0   0.0   0.6  20.9   13:26   NNO
28  10.7  19.9   14:48   2.2   05:30   7.8   0.1   0.0   7.0  38.9   15:33   SSO
----------------------------------------------------------------------------------
     5.1  19.9    17    -4.0     4   368.6   0.2  28.6   3.2  67.8    10     SSO

Max >=  27.0  0
Max <=   0.0  0
Min <= -10.0  0
Min <= -18.0  0
Max Rain: 12.6 on day 10
Days of Rain: 9 (>= 0.2 mm)  4 (>= 2.0 mm)  0 (>= 20.0 mm)
Heat Base: 18.3  Cool Base: 18.3  Method: Integration


Mise à jour : 17/09/2019 07:00:52
powered by Cumulus v3.0.0 (3043)