METEO Meyenheim

 Latitude N 47° 54' 42"    Longitude E 07° 21' 22"    Altitude 210 m

Rapports de type NOAA
Selectionner un rapport Annuel ou mensuel
V/Λ2019 > Janvier Février Mars Avril Mai Juin Juillet Août Septembre Octobre Novembre Décembre
V/Λ2018 > Janvier Février Mars Avril Mai Juin Juillet Août Septembre Octobre Novembre Décembre
V/Λ2017 > Janvier Février Mars Avril Mai Juin Juillet Août Septembre Octobre Novembre Décembre
V/Λ2016 > Janvier Février Mars Avril Mai Juin Juillet Août Septembre Octobre Novembre Décembre
V/Λ2015 > Janvier Février Mars Avril Mai Juin Juillet Août Septembre Octobre Novembre Décembre
V/Λ2014 > Janvier Février Mars Avril Mai Juin Juillet Août Septembre Octobre Novembre Décembre
V/Λ2013 > Janvier Février Mars Avril Mai Juin Juillet Août Septembre Octobre Novembre Décembre
V/Λ2012 > Janvier Février Mars Avril Mai Juin Juillet Août Septembre Octobre Novembre Décembre
V/Λ2011 > Janvier Février Mars Avril Mai Juin Juillet Août Septembre Octobre Novembre Décembre
V/Λ2010 > Janvier Février Mars Avril Mai Juin Juillet Août Septembre Octobre Novembre Décembre
V/Λ2009 > Janvier Février Mars Avril Mai Juin Juillet Août Septembre Octobre Novembre Décembre
V/Λ2008 > Janvier Février Mars Avril Mai Juin Juillet Août Septembre Octobre Novembre Décembre
V/Λ2007 > Janvier Février Mars Avril Mai Juin Juillet Août Septembre Octobre Novembre Décembre
V/Λ2006 > Janvier Février Mars Avril Mai Juin Juillet Août Septembre Octobre Novembre Décembre
V/Λ2005 > Janvier Février Mars Avril Mai Juin Juillet Août Septembre Octobre Novembre Décembre
V/Λ2004 > Janvier Février Mars Avril Mai Juin Juillet Août Septembre Octobre Novembre Décembre
V/Λ2003 > Janvier Février Mars Avril Mai Juin Juillet Août Septembre Octobre Novembre Décembre
V/Λ2002 > Janvier Février Mars Avril Mai Juin Juillet Août Septembre Octobre Novembre Décembre

Rapport pour Mars 2019
                   Monthly Climatological Summary for mars 2019

Name:    City: Meyenheim   State: Alsace, FR
Elevation: 210 m  Lat: N 47 54 42   Lon: E 007 21 20

                  Temperature (°C), Rain (mm), Wind Speed (km/h)

                                      Heat  Cool        Avg
    Mean                              Deg   Deg         Wind                 Dom
Day Temp  High   Time   Low    Time   Days  Days  Rain  Speed High   Time    Dir
----------------------------------------------------------------------------------
01   8.8  11.2   14:29   6.6   23:48   9.5   0.0   2.4   5.9  29.6   02:33   SSO
02   8.6  12.1   14:12   6.5   03:17   9.7   0.0   0.2   7.0  46.9   19:05   SSO
03  10.1  12.6   15:27   7.4   02:01   8.2   0.0   0.0   7.4  40.4   10:54     S
04   8.8  15.6   06:52   4.2   22:07   9.5   0.0   6.8  11.1  78.6   16:11   SSO
05   7.7  12.1   16:13   4.7   05:14  10.6   0.0   1.8   8.8  45.4   11:01   SSO
06   9.5  16.3   12:14   2.3   04:26   8.8   0.0   0.0   3.5  26.7   12:32   SSO
07   9.4  13.1   15:05   7.0   06:22   8.9   0.0   1.8   8.5  54.1   03:46   SSO
08   9.1  13.8   16:22   6.0   07:21   9.2   0.0   0.8   7.6  36.8   01:29   SSO
09   9.5  11.2   16:59   7.1   06:24   8.8   0.0   0.0  12.9  55.5   12:36   SSO
10  11.5  16.0   14:39   7.7   23:59   6.8   0.0   5.6  12.1  64.2   12:46    SO
11   5.1   8.5   13:46   1.0   23:43  13.2   0.0   2.0   6.2  51.2   05:39    SO
12   6.5  13.4   14:17  -0.1   07:04  11.8   0.0   0.6   6.2  47.6   23:40     S
13   6.6  10.4   12:40   4.3   05:50  11.7   0.0   1.8   9.2  49.0   11:32    SO
14   5.6   9.4   21:38   4.6   09:36  12.7   0.0   5.6   9.5  60.6   15:04     S
15   9.5  12.6   11:35   6.0   03:19   8.8   0.0   2.6   9.3  43.3   11:19   SSO
16  11.5  15.2   16:46   9.2   05:51   6.8   0.0   0.4  11.0  46.1   12:37   SSO
17   8.7  16.6   12:46   3.4   22:38   9.6   0.0   1.2   7.6  55.5   12:16   SSO
18   5.1  11.6   14:16   0.3   23:54  13.2   0.0   1.0   3.7  31.0   18:14    SO
19   4.8  13.1   14:29  -1.1   05:10  13.5   0.0   0.0   1.7  17.3   11:07     N
20   6.1  13.5   15:30  -1.8   06:55  12.2   0.0   0.0   5.3  30.3   17:55   NNO
21   9.0  16.9   16:00   2.1   06:44   9.3   0.0   0.0   6.3  27.4   11:07   NNO
22   8.7  20.3   15:53  -0.8   06:33   9.7   0.1   0.0   0.5   9.4   11:52     S
23  10.3  21.0   15:59   0.4   05:44   8.4   0.4   0.0   1.9  33.9   18:08   NNO
24  10.3  19.1   14:43   2.1   06:45   8.0   0.0   0.0   2.0  16.6   17:09     N
25   8.4  13.1   14:00   4.4   23:22   9.9   0.0   1.2   5.1  36.8   22:26    NO
26   6.7  12.1   15:51   3.8   01:55  11.6   0.0   0.0   3.8  27.4   09:19     N
27   7.2  13.8   15:21   1.5   06:53  11.1   0.0   0.0   4.8  28.1   17:31     N
28   9.4  16.9   15:43   2.7   05:05   8.9   0.0   0.0   7.8  36.8   03:44   NNO
29  10.8  20.5   14:39   3.4   07:14   7.6   0.2   0.0   2.4  37.5   00:17   NNO
30  11.6  24.1   16:01   2.2   04:32   7.7   1.0   0.0   1.4  13.7   13:11     S
31  12.0  21.8   15:30   1.9   07:42   6.6   0.6   0.0   3.2  25.2   17:14   NNO
----------------------------------------------------------------------------------
     8.6  24.1    30    -1.8    20   302.3   2.3  35.8   6.3  78.6     4      SO

Max >=  27.0  0
Max <=   0.0  0
Min <= -10.0  0
Min <= -18.0  0
Max Rain: 6.8 on day 4
Days of Rain: 16 (>= 0.2 mm)  6 (>= 2.0 mm)  0 (>= 20.0 mm)
Heat Base: 18.3  Cool Base: 18.3  Method: Integration


Mise à jour : 24/08/2019 02:55:32
powered by Cumulus v3.0.0 (3043)