METEO Meyenheim

 Latitude N 47° 54' 42"    Longitude E 07° 21' 22"    Altitude 210 m

Rapports de type NOAA
Selectionner un rapport Annuel ou mensuel
V/Λ2019 > Janvier Février Mars Avril Mai Juin Juillet Août Septembre Octobre Novembre Décembre
V/Λ2018 > Janvier Février Mars Avril Mai Juin Juillet Août Septembre Octobre Novembre Décembre
V/Λ2017 > Janvier Février Mars Avril Mai Juin Juillet Août Septembre Octobre Novembre Décembre
V/Λ2016 > Janvier Février Mars Avril Mai Juin Juillet Août Septembre Octobre Novembre Décembre
V/Λ2015 > Janvier Février Mars Avril Mai Juin Juillet Août Septembre Octobre Novembre Décembre
V/Λ2014 > Janvier Février Mars Avril Mai Juin Juillet Août Septembre Octobre Novembre Décembre
V/Λ2013 > Janvier Février Mars Avril Mai Juin Juillet Août Septembre Octobre Novembre Décembre
V/Λ2012 > Janvier Février Mars Avril Mai Juin Juillet Août Septembre Octobre Novembre Décembre
V/Λ2011 > Janvier Février Mars Avril Mai Juin Juillet Août Septembre Octobre Novembre Décembre
V/Λ2010 > Janvier Février Mars Avril Mai Juin Juillet Août Septembre Octobre Novembre Décembre
V/Λ2009 > Janvier Février Mars Avril Mai Juin Juillet Août Septembre Octobre Novembre Décembre
V/Λ2008 > Janvier Février Mars Avril Mai Juin Juillet Août Septembre Octobre Novembre Décembre
V/Λ2007 > Janvier Février Mars Avril Mai Juin Juillet Août Septembre Octobre Novembre Décembre
V/Λ2006 > Janvier Février Mars Avril Mai Juin Juillet Août Septembre Octobre Novembre Décembre
V/Λ2005 > Janvier Février Mars Avril Mai Juin Juillet Août Septembre Octobre Novembre Décembre
V/Λ2004 > Janvier Février Mars Avril Mai Juin Juillet Août Septembre Octobre Novembre Décembre
V/Λ2003 > Janvier Février Mars Avril Mai Juin Juillet Août Septembre Octobre Novembre Décembre
V/Λ2002 > Janvier Février Mars Avril Mai Juin Juillet Août Septembre Octobre Novembre Décembre

Rapport pour Avril 2019
                   Monthly Climatological Summary for avr. 2019

Name:    City: Meyenheim   State: Alsace, FR
Elevation: 210 m  Lat: N 47 54 42   Lon: E 007 21 20

                  Temperature (°C), Rain (mm), Wind Speed (km/h)

                                      Heat  Cool        Avg
    Mean                              Deg   Deg         Wind                 Dom
Day Temp  High   Time   Low    Time   Days  Days  Rain  Speed High   Time    Dir
----------------------------------------------------------------------------------
01  12.4  19.5   15:12   6.8   07:23   6.0   0.1   0.0   6.7  26.7   09:16   NNO
02  13.2  22.0   16:43   4.0   07:38   5.7   0.6   0.0   5.8  44.7   18:31   SSO
03   7.7  12.7   00:00   3.3   21:39  10.6   0.0  12.2   4.4  30.3   17:41     S
04   3.0   4.6   18:18   0.8   12:02  15.3   0.0  15.0   0.6   9.4   18:40     S
05   4.9  12.1   14:37   0.0   06:35  13.4   0.0   0.0   0.8  10.8   11:49    NE
06   6.9  15.8   17:49  -0.3   06:53  11.4   0.0   0.0   2.0  30.3   19:22   NNO
07   8.9  12.7   16:16   5.0   03:38   9.4   0.0   0.4   0.8  10.8   20:03     O
08  10.5  15.8   16:56   7.9   06:29   7.8   0.0   0.0   2.8  18.0   03:12    SO
09   9.5  15.1   17:27   6.8   04:46   8.8   0.0   4.2   1.6  18.0   17:25   NNO
10   8.4   9.7   09:40   6.8   00:15   9.9   0.0   7.6   3.8  38.9   20:28   NNO
11   8.9  14.0   17:02   4.9   07:28   9.4   0.0   0.2  10.3  54.1   09:06   NNO
12   7.2  13.3   16:01   2.5   07:10  11.1   0.0   0.0   8.3  34.6   23:38   NNO
13   5.1   9.5   12:48   3.5   06:12  13.2   0.0   0.0   6.9  41.8   16:16   NNO
14   4.5   6.8   12:33   2.5   06:28  13.8   0.0   0.6   5.0  33.9   10:28   NNO
15   8.5  18.5   16:55   1.6   06:59   9.8   0.0   0.0   3.8  33.9   07:44   NNO
16  10.1  18.7   13:05   3.4   04:27   8.2   0.0   5.6   3.0  36.0   11:36   SSO
17  13.3  20.7   16:43   9.0   06:47   5.2   0.2   0.2   2.0  31.7   18:48     N
18  14.0  23.5   16:53   5.7   06:36   5.3   1.0   0.0   2.7  19.5   14:17   NNO
19  15.2  25.9   16:21   6.2   06:53   4.9   1.8   0.0   1.5  14.4   18:00   NNO
20  16.2  26.2   15:32   6.5   06:33   4.2   2.1   0.0   4.2  28.8   18:50   NNO
21  16.0  23.8   18:18   9.7   07:00   3.4   1.1   0.0   2.3  14.4   08:00   NNO
22  15.7  26.5   17:03   5.6   07:02   4.6   2.0   0.0   2.8  22.4   16:45   NNO
23  17.0  25.6   17:23  10.3   06:46   2.6   1.3   0.0   1.8  18.0   11:27   NNO
24  13.3  25.7   14:59   6.3   23:44   6.0   1.0   7.8   3.7  72.1   17:30   OSO
25  12.8  23.2   15:32   5.1   06:37   6.2   0.7   0.2   2.1  21.6   18:15   ONO
26  10.0  15.6   18:24   7.3   07:00   8.3   0.0   7.2   4.0  33.9   02:30     S
27   9.7  13.3   14:27   6.4   22:54   8.6   0.0   1.0   7.3  43.3   13:06   SSO
28   7.8  14.5   13:44   4.6   23:56  10.4   0.0   1.6   4.6  27.4   05:19   SSO
29   9.1  16.9   14:51   2.5   03:13   9.2   0.0   0.2   2.5  31.0   16:23   NNO
30  10.8  17.5   17:04   6.5   23:52   7.5   0.0   0.0   1.9  15.9   11:02     N
----------------------------------------------------------------------------------
    10.4  26.5    22    -0.3     6   250.2  11.9  64.0   3.7  72.1    24      NO

Max >=  27.0  0
Max <=   0.0  0
Min <= -10.0  0
Min <= -18.0  0
Max Rain: 15.0 on day 4
Days of Rain: 15 (>= 0.2 mm)  7 (>= 2.0 mm)  0 (>= 20.0 mm)
Heat Base: 18.3  Cool Base: 18.3  Method: Integration


Mise à jour : 18/10/2019 07:04:06
powered by Cumulus v3.0.0 (3043)