METEO Meyenheim

 Latitude N 47° 54' 42"    Longitude E 07° 21' 22"    Altitude 210 m

Rapports de type NOAA
Selectionner un rapport Annuel ou mensuel
V/Λ2019 > Janvier Février Mars Avril Mai Juin Juillet Août Septembre Octobre Novembre Décembre
V/Λ2018 > Janvier Février Mars Avril Mai Juin Juillet Août Septembre Octobre Novembre Décembre
V/Λ2017 > Janvier Février Mars Avril Mai Juin Juillet Août Septembre Octobre Novembre Décembre
V/Λ2016 > Janvier Février Mars Avril Mai Juin Juillet Août Septembre Octobre Novembre Décembre
V/Λ2015 > Janvier Février Mars Avril Mai Juin Juillet Août Septembre Octobre Novembre Décembre
V/Λ2014 > Janvier Février Mars Avril Mai Juin Juillet Août Septembre Octobre Novembre Décembre
V/Λ2013 > Janvier Février Mars Avril Mai Juin Juillet Août Septembre Octobre Novembre Décembre
V/Λ2012 > Janvier Février Mars Avril Mai Juin Juillet Août Septembre Octobre Novembre Décembre
V/Λ2011 > Janvier Février Mars Avril Mai Juin Juillet Août Septembre Octobre Novembre Décembre
V/Λ2010 > Janvier Février Mars Avril Mai Juin Juillet Août Septembre Octobre Novembre Décembre
V/Λ2009 > Janvier Février Mars Avril Mai Juin Juillet Août Septembre Octobre Novembre Décembre
V/Λ2008 > Janvier Février Mars Avril Mai Juin Juillet Août Septembre Octobre Novembre Décembre
V/Λ2007 > Janvier Février Mars Avril Mai Juin Juillet Août Septembre Octobre Novembre Décembre
V/Λ2006 > Janvier Février Mars Avril Mai Juin Juillet Août Septembre Octobre Novembre Décembre
V/Λ2005 > Janvier Février Mars Avril Mai Juin Juillet Août Septembre Octobre Novembre Décembre
V/Λ2004 > Janvier Février Mars Avril Mai Juin Juillet Août Septembre Octobre Novembre Décembre
V/Λ2003 > Janvier Février Mars Avril Mai Juin Juillet Août Septembre Octobre Novembre Décembre
V/Λ2002 > Janvier Février Mars Avril Mai Juin Juillet Août Septembre Octobre Novembre Décembre

Rapport pour Mai 2019
                   Monthly Climatological Summary for mai 2019

Name:    City: Meyenheim   State: Alsace, FR
Elevation: 210 m  Lat: N 47 54 42   Lon: E 007 21 20

                  Temperature (°C), Rain (mm), Wind Speed (km/h)

                                      Heat  Cool        Avg
    Mean                              Deg   Deg         Wind                 Dom
Day Temp  High   Time   Low    Time   Days  Days  Rain  Speed High   Time    Dir
----------------------------------------------------------------------------------
01  12.0  22.7   17:56   2.5   06:20   7.1   0.7   0.0   1.0  20.9   13:35   NNO
02  11.9  20.5   12:34   5.7   05:51   6.5   0.1   0.0   3.9  47.6   14:02    SO
03  10.8  17.2   16:41   7.8   23:57   7.5   0.0   6.6   0.7  18.0   19:20    SO
04   5.6  11.3   12:41   2.6   15:19  12.7   0.0   7.2   4.1  38.9   13:30    NO
05   6.0  12.0   17:18   2.5   23:46  12.2   0.0   0.0   4.4  31.0   10:56     N
06   7.1  15.2   16:05   0.3   04:59  11.2   0.0   0.0   1.1  13.7   12:23    NO
07  10.3  18.2   16:47   1.8   06:12   8.0   0.0   0.0   1.1  18.0   16:07   SSE
08  10.3  12.9   17:03   8.5   02:05   8.0   0.0   7.4   3.9  37.5   19:48     S
09  11.2  17.3   17:59   7.0   05:26   7.1   0.0   3.2   7.1  45.4   12:08   SSO
10  13.7  20.7   15:54   9.3   07:32   4.7   0.1   0.6   4.5  25.2   14:50   SSO
11  13.3  19.5   13:26   7.4   23:54   5.1   0.0   1.6   9.4  64.2   13:48    SO
12  10.4  16.1   16:25   5.5   06:11   7.9   0.0   0.2   5.8  40.4   17:10     N
13  11.2  18.1   16:27   5.4   02:28   7.1   0.0   0.0   8.1  42.5   10:45     N
14  11.6  18.3   15:08   5.8   05:20   6.7   0.0   0.0   7.9  34.6   17:39     N
15  10.9  17.9   16:28   4.8   05:09   7.4   0.0   0.0   6.6  39.7   12:42     N
16  11.1  18.2   15:08   6.0   06:03   7.2   0.0   0.0   3.7  37.5   04:18   NNO
17  12.5  20.6   17:08   4.8   06:05   5.9   0.1   0.0   2.2  31.7   16:32   SSO
18  15.2  22.2   17:22  10.6   06:00   3.5   0.5   0.0   2.1  31.7   14:54   NNO
19  15.2  21.8   17:40  11.7   06:44   3.3   0.2   0.0   1.1  14.4   16:32    NO
20  15.2  21.6   16:07  12.2   04:57   3.3   0.2   4.6   1.9  25.2   16:46     O
21  12.7  14.5   10:27  11.1   06:39   5.6   0.0   5.6   2.2  26.7   06:07   SSO
22  14.5  23.6   17:27   7.3   06:26   4.6   0.8   0.0   1.2  14.4   19:08    NE
23  15.3  25.3   17:37   6.3   05:52   4.6   1.6   0.0   1.8  17.3   11:36     N
24  17.2  26.2   15:28   9.9   06:07   2.9   1.8   0.0   1.4  18.0   19:36   NNO
25  15.8  22.7   12:04  10.2   06:34   3.2   0.7   1.0   1.9  26.0   15:28   ONO
26  16.3  24.8   15:29   8.4   06:10   3.5   1.5   0.0   1.1  14.4   14:57     O
27  15.6  22.2   16:06   9.3   05:50   3.2   0.6   0.0   1.0  14.4   12:09   SSO
28  13.9  19.5   16:33   9.3   23:56   4.4   0.0   6.0   1.9  28.8   21:13   OSO
29  13.4  20.7   16:25   7.8   04:47   5.1   0.3   0.6   2.0  23.8   18:32     N
30  15.7  24.2   15:00   6.8   06:07   3.8   1.2   0.0   1.7  15.1   09:40   SSO
31  19.4  27.1   17:38  11.5   06:41   1.7   2.8   0.0   1.2  13.7   18:00     N
----------------------------------------------------------------------------------
    12.8  27.1    31     0.3     6   185.0  13.2  44.6   3.2  64.2    11     ONO

Max >=  27.0  1
Max <=   0.0  0
Min <= -10.0  0
Min <= -18.0  0
Max Rain: 7.4 on day 8
Days of Rain: 12 (>= 0.2 mm)  7 (>= 2.0 mm)  0 (>= 20.0 mm)
Heat Base: 18.3  Cool Base: 18.3  Method: Integration


Mise à jour : 17/09/2019 06:12:52
powered by Cumulus v3.0.0 (3043)