METEO Meyenheim

 Latitude N 47° 54' 42"    Longitude E 07° 21' 22"    Altitude 210 m

Rapports de type NOAA
Selectionner un rapport Annuel ou mensuel
V/Λ2019 > Janvier Février Mars Avril Mai Juin Juillet Août Septembre Octobre Novembre Décembre
V/Λ2018 > Janvier Février Mars Avril Mai Juin Juillet Août Septembre Octobre Novembre Décembre
V/Λ2017 > Janvier Février Mars Avril Mai Juin Juillet Août Septembre Octobre Novembre Décembre
V/Λ2016 > Janvier Février Mars Avril Mai Juin Juillet Août Septembre Octobre Novembre Décembre
V/Λ2015 > Janvier Février Mars Avril Mai Juin Juillet Août Septembre Octobre Novembre Décembre
V/Λ2014 > Janvier Février Mars Avril Mai Juin Juillet Août Septembre Octobre Novembre Décembre
V/Λ2013 > Janvier Février Mars Avril Mai Juin Juillet Août Septembre Octobre Novembre Décembre
V/Λ2012 > Janvier Février Mars Avril Mai Juin Juillet Août Septembre Octobre Novembre Décembre
V/Λ2011 > Janvier Février Mars Avril Mai Juin Juillet Août Septembre Octobre Novembre Décembre
V/Λ2010 > Janvier Février Mars Avril Mai Juin Juillet Août Septembre Octobre Novembre Décembre
V/Λ2009 > Janvier Février Mars Avril Mai Juin Juillet Août Septembre Octobre Novembre Décembre
V/Λ2008 > Janvier Février Mars Avril Mai Juin Juillet Août Septembre Octobre Novembre Décembre
V/Λ2007 > Janvier Février Mars Avril Mai Juin Juillet Août Septembre Octobre Novembre Décembre
V/Λ2006 > Janvier Février Mars Avril Mai Juin Juillet Août Septembre Octobre Novembre Décembre
V/Λ2005 > Janvier Février Mars Avril Mai Juin Juillet Août Septembre Octobre Novembre Décembre
V/Λ2004 > Janvier Février Mars Avril Mai Juin Juillet Août Septembre Octobre Novembre Décembre
V/Λ2003 > Janvier Février Mars Avril Mai Juin Juillet Août Septembre Octobre Novembre Décembre
V/Λ2002 > Janvier Février Mars Avril Mai Juin Juillet Août Septembre Octobre Novembre Décembre

Rapport pour Juin 2019
                   Monthly Climatological Summary for juin 2019

Name:    City: Meyenheim   State: Alsace, FR
Elevation: 210 m  Lat: N 47 54 42   Lon: E 007 21 20

                  Temperature (°C), Rain (mm), Wind Speed (km/h)

                                      Heat  Cool        Avg
    Mean                              Deg   Deg         Wind                 Dom
Day Temp  High   Time   Low    Time   Days  Days  Rain  Speed High   Time    Dir
----------------------------------------------------------------------------------
01  20.6  30.0   15:46  11.1   06:10   2.0   4.3   0.0   1.1  14.4   11:15     N
02  22.5  31.8   16:52  12.6   05:51   1.3   5.6   0.0   2.2  23.1   17:43     S
03  22.0  30.0   13:23  15.1   05:26   0.6   4.3   0.0   3.7  36.8   12:23   SSO
04  23.2  33.3   16:27  13.4   05:51   1.0   6.0   0.0   1.7  20.2   15:34   SSE
05  25.0  31.8   15:39  18.5   06:33   0.0   6.7   0.6   4.4  49.0   23:56    SO
06  13.5  19.3   00:26   9.8   23:56   4.8   0.0   1.0   3.6  52.6   03:13     S
07  16.0  29.0   15:18   7.7   05:57   4.4   2.1   1.0   2.9  50.5   19:44    SO
08  17.5  25.1   16:30  12.4   06:42   2.3   1.6   0.2   6.7  41.8   10:50   SSO
09  15.5  20.3   16:31   9.1   05:56   3.1   0.4   3.4   2.0  15.9   15:48   SSO
10  14.9  17.4   12:55  13.6   22:11   3.4   0.0  19.2   1.8  14.4   05:24   SSO
11  14.3  17.6   18:43  11.7   04:48   4.0   0.0   4.4   1.2  20.2   09:33    NO
12  16.2  22.7   17:12  11.7   09:53   2.9   0.8   0.8   3.5  26.7   15:06   SSO
13  18.4  26.6   17:41  10.9   05:54   2.3   2.4   0.0   3.2  26.0   08:32   SSO
14  16.8  22.9   16:15  10.7   04:35   2.3   0.8   0.4   2.0  18.7   23:11   NNO
15  19.3  26.1   14:11  15.3   22:57   1.0   2.0   9.6   4.0  29.6   10:44     S
16  18.0  25.6   17:04  14.5   05:50   1.7   1.4   7.2   1.3  13.7   11:14    NO
17  20.2  29.0   16:54  12.2   05:45   1.6   3.6   0.0   3.5  23.8   10:31   NNO
18  22.1  31.4   18:38  13.1   05:39   1.2   5.0   0.0   1.6  21.6   14:48     S
19  23.4  32.0   16:57  15.0   06:30   0.3   5.5   0.0   4.3  38.9   11:06   SSO
20  20.8  27.4   17:27  16.1   06:55   0.3   2.8   0.4   4.2  25.2   12:28   SSO
21  20.5  27.0   18:01  14.5   06:40   0.9   3.1   0.0   3.2  20.2   16:27     N
22  18.2  22.7   14:12  14.2   05:39   1.2   1.1   6.6   4.1  22.4   09:40   NNO
23  20.7  28.6   17:05  14.0   05:51   1.0   3.4   0.0   2.4  18.7   16:10   NNO
24  23.6  33.3   16:44  14.9   05:54   0.7   6.0   0.0   1.0  13.7   15:24   NNE
25  26.1  37.0   16:27  17.0   05:05   0.1   8.0   0.0   1.4  13.0   10:49     S
26  27.0  36.8   17:43  19.3   06:04   0.0   8.7   0.0   1.0  10.8   18:44     N
27  27.1  34.5   16:22  20.3   04:47   0.0   8.8   0.0   4.9  24.5   15:31   NNO
28  25.1  32.9   15:45  18.0   06:54   0.0   6.8   0.0   5.5  23.8   07:57     N
29  25.2  34.8   17:09  16.4   05:17   0.2   7.1   0.0   2.5  18.0   13:01     N
30  27.6  38.5   16:25  16.5   06:16   0.1   9.4   0.0   3.4  26.0   16:16   SSO
----------------------------------------------------------------------------------
    20.7  38.5    30     7.7     7    44.7 117.7  54.8   2.9  52.6     6      SO

Max >=  27.0 19
Max <=   0.0  0
Min <= -10.0  0
Min <= -18.0  0
Max Rain: 19.2 on day 10
Days of Rain: 13 (>= 0.2 mm)  6 (>= 2.0 mm)  0 (>= 20.0 mm)
Heat Base: 18.3  Cool Base: 18.3  Method: Integration


Mise à jour : 18/10/2019 05:32:06
powered by Cumulus v3.0.0 (3043)