METEO Meyenheim

 Latitude N 47° 54' 42"    Longitude E 07° 21' 22"    Altitude 210 m

Rapports de type NOAA
Selectionner un rapport Annuel ou mensuel
V/Λ2019 > Janvier Février Mars Avril Mai Juin Juillet Août Septembre Octobre Novembre Décembre
V/Λ2018 > Janvier Février Mars Avril Mai Juin Juillet Août Septembre Octobre Novembre Décembre
V/Λ2017 > Janvier Février Mars Avril Mai Juin Juillet Août Septembre Octobre Novembre Décembre
V/Λ2016 > Janvier Février Mars Avril Mai Juin Juillet Août Septembre Octobre Novembre Décembre
V/Λ2015 > Janvier Février Mars Avril Mai Juin Juillet Août Septembre Octobre Novembre Décembre
V/Λ2014 > Janvier Février Mars Avril Mai Juin Juillet Août Septembre Octobre Novembre Décembre
V/Λ2013 > Janvier Février Mars Avril Mai Juin Juillet Août Septembre Octobre Novembre Décembre
V/Λ2012 > Janvier Février Mars Avril Mai Juin Juillet Août Septembre Octobre Novembre Décembre
V/Λ2011 > Janvier Février Mars Avril Mai Juin Juillet Août Septembre Octobre Novembre Décembre
V/Λ2010 > Janvier Février Mars Avril Mai Juin Juillet Août Septembre Octobre Novembre Décembre
V/Λ2009 > Janvier Février Mars Avril Mai Juin Juillet Août Septembre Octobre Novembre Décembre
V/Λ2008 > Janvier Février Mars Avril Mai Juin Juillet Août Septembre Octobre Novembre Décembre
V/Λ2007 > Janvier Février Mars Avril Mai Juin Juillet Août Septembre Octobre Novembre Décembre
V/Λ2006 > Janvier Février Mars Avril Mai Juin Juillet Août Septembre Octobre Novembre Décembre
V/Λ2005 > Janvier Février Mars Avril Mai Juin Juillet Août Septembre Octobre Novembre Décembre
V/Λ2004 > Janvier Février Mars Avril Mai Juin Juillet Août Septembre Octobre Novembre Décembre
V/Λ2003 > Janvier Février Mars Avril Mai Juin Juillet Août Septembre Octobre Novembre Décembre
V/Λ2002 > Janvier Février Mars Avril Mai Juin Juillet Août Septembre Octobre Novembre Décembre

Rapport pour Juillet 2019
                   Monthly Climatological Summary for juil. 2019

Name:    City: Meyenheim   State: Alsace, FR
Elevation: 210 m  Lat: N 47 54 42   Lon: E 007 21 20

                  Temperature (°C), Rain (mm), Wind Speed (km/h)

                                      Heat  Cool        Avg
    Mean                              Deg   Deg         Wind                 Dom
Day Temp  High   Time   Low    Time   Days  Days  Rain  Speed High   Time    Dir
----------------------------------------------------------------------------------
01  26.5  35.0   13:18  22.5   23:56   0.0   8.2   0.0   3.2  27.4   13:52   NNO
02  23.3  29.8   15:40  18.5   03:51   0.0   5.0   0.0   5.9  26.7   08:32   NNO
03  22.5  29.6   15:39  16.9   06:13   0.1   4.3   0.0   7.9  26.0   18:17   NNO
04  22.7  30.8   16:30  16.0   06:41   0.3   4.6   0.0   5.8  30.3   00:03   NNO
05  23.5  34.0   16:13  13.2   06:25   1.1   6.3   0.0   1.3  18.7   16:35    NE
06  22.1  32.1   14:06  14.3   05:59   0.9   4.7   0.2   3.1  48.3   15:03   SSO
07  22.5  29.1   14:20  17.7   07:08   0.0   4.3   0.2   4.9  38.9   05:01     O
08  17.6  22.5   18:46  14.0   23:22   1.2   0.5   0.0   3.8  22.4   14:43     N
09  18.2  25.1   17:23  12.5   05:52   2.0   1.9   0.0   8.3  34.6   19:34   NNO
10  18.9  27.3   16:34  11.2   05:36   2.0   2.6   0.0   4.4  21.6   11:47   NNO
11  17.4  22.6   18:09  11.6   05:07   1.9   1.0   0.0   1.1  13.7   20:53   SSE
12  21.2  29.3   15:29  15.1   06:45   0.9   3.8   3.8   3.9  31.0   15:49     O
13  18.6  26.3   16:25  12.1   06:20   1.8   2.0   1.8   1.5  16.6   14:08   NNO
14  16.6  24.9   15:00  11.2   06:43   2.8   1.1   1.6   5.5  42.5   14:19   NNO
15  18.3  25.9   16:50  13.6   06:35   1.9   1.9   0.0   7.7  38.9   13:44   NNO
16  19.8  29.7   15:48  11.6   05:59   1.9   3.4   0.0   2.6  18.0   01:46     N
17  21.2  31.3   15:30  12.3   06:26   1.5   4.4   0.0   1.7  15.1   19:38   NNE
18  21.6  30.7   17:31  12.5   06:49   1.4   4.7   0.0   1.6  25.2   14:38     S
19  23.0  32.0   16:27  15.1   05:55   0.5   5.3   0.0   2.8  23.8   15:03   SSO
20  23.6  33.5   14:42  14.5   06:13   0.8   6.0   0.0   4.3  40.4   15:11   SSO
21  23.9  33.5   16:51  17.9   06:29   0.0   5.7   4.0   2.4  24.5   14:18   SSO
22  23.7  33.0   15:16  16.0   05:25   0.4   5.8   0.0   1.7  16.6   14:56     N
23  25.4  37.2   16:15  15.0   06:37   0.6   7.7   0.0   1.5  15.9   00:14     N
24  27.8  39.2   16:34  17.0   06:28   0.1   9.6   0.0   1.7  13.0   19:37    NE
25  28.1  39.7   16:08  17.9   05:47   0.0   9.8   0.0   1.6  15.9   14:43   NNO
26  27.0  37.5   15:21  19.1   22:53   0.0   8.7  14.8   2.5  52.6   21:45   SSO
27  21.6  30.4   15:55  18.1   23:18   0.0   3.3  17.6   4.5  28.1   14:19   SSO
28  18.1  19.1   14:59  16.5   23:59   0.3   0.1  15.6   1.8  23.8   21:22   SSO
29  20.4  28.4   16:27  13.6   06:03   1.3   3.4   0.0   1.8  19.5   13:58     N
30  21.9  30.9   14:57  16.2   02:52   0.4   4.0   0.0   3.5  24.5   16:05   SSO
31  20.4  27.2   16:55  15.6   23:57   0.5   2.6   0.0   3.0  20.9   11:54   SSO
----------------------------------------------------------------------------------
    21.9  39.7    25    11.2    10    26.6 136.7  59.6   3.5  52.6    26      NO

Max >=  27.0 24
Max <=   0.0  0
Min <= -10.0  0
Min <= -18.0  0
Max Rain: 17.6 on day 27
Days of Rain: 9 (>= 0.2 mm)  5 (>= 2.0 mm)  0 (>= 20.0 mm)
Heat Base: 18.3  Cool Base: 18.3  Method: Integration


Mise à jour : 14/12/2019 18:55:29
powered by Cumulus v3.0.0 (3043)